{"id":24729,"date":"2026-09-02T09:35:02","date_gmt":"2026-09-02T13:35:02","guid":{"rendered":"https:\/\/visitavina.munivina.cl\/?post_type=mec-events&#038;p=24729"},"modified":"2026-09-02T09:35:02","modified_gmt":"2026-09-02T13:35:02","slug":"taller-las-nubes-de-diego-543-575-985-647-493-376-132-786-845-885-295","status":"publish","type":"mec-events","link":"https:\/\/visitavina.munivina.cl\/br\/actividad\/taller-las-nubes-de-diego-543-575-985-647-493-376-132-786-845-885-295\/","title":{"rendered":"Ceremonia Premios de Excelencia Tur\u00edstica 2026"},"content":{"rendered":"<p><span data-sheets-root=\"1\">La Municipalidad de Vi\u00f1a del Mar realiza la ceremonia de los Premios de Excelencia Tur\u00edstica 2026, instancia que reconoce y destaca el aporte de personas, iniciativas y actores vinculados al desarrollo tur\u00edstico de la comuna.<\/span><\/p>\n<p><span data-sheets-root=\"1\">Inscripci\u00f3n y m\u00e1s informaci\u00f3n en Instagram | <a class=\"in-cell-link\" href=\"https:\/\/www.instagram.com\/teatro.munivina\" target=\"_blank\" rel=\"noopener nofollow\">@teatro.munivina<\/a><\/span><\/p>","protected":false},"excerpt":{"rendered":"<p>La Municipalidad de Vi\u00f1a del Mar realiza la ceremonia de los Premios de Excelencia Tur\u00edstica 2026, instancia que reconoce y destaca el aporte de personas, iniciativas y actores vinculados al desarrollo tur\u00edstico de la comuna. Inscripci\u00f3n y m\u00e1s informaci\u00f3n en Instagram | @teatro.munivina<\/p>","protected":false},"author":20,"featured_media":0,"comment_status":"closed","ping_status":"closed","template":"","tags":[],"mec_category":[],"class_list":["post-24729","mec-events","type-mec-events","status-publish","hentry"],"acf":[],"_links":{"self":[{"href":"https:\/\/visitavina.munivina.cl\/br\/wp-json\/wp\/v2\/mec-events\/24729","targetHints":{"allow":["GET"]}}],"collection":[{"href":"https:\/\/visitavina.munivina.cl\/br\/wp-json\/wp\/v2\/mec-events"}],"about":[{"href":"https:\/\/visitavina.munivina.cl\/br\/wp-json\/wp\/v2\/types\/mec-events"}],"author":[{"embeddable":true,"href":"https:\/\/visitavina.munivina.cl\/br\/wp-json\/wp\/v2\/users\/20"}],"replies":[{"embeddable":true,"href":"https:\/\/visitavina.munivina.cl\/br\/wp-json\/wp\/v2\/comments?post=24729"}],"wp:attachment":[{"href":"https:\/\/visitavina.munivina.cl\/br\/wp-json\/wp\/v2\/media?parent=24729"}],"wp:term":[{"taxonomy":"post_tag","embeddable":true,"href":"https:\/\/visitavina.munivina.cl\/br\/wp-json\/wp\/v2\/tags?post=24729"},{"taxonomy":"mec_category","embeddable":true,"href":"https:\/\/visitavina.munivina.cl\/br\/wp-json\/wp\/v2\/mec_category?post=24729"}],"curies":[{"name":"wp","href":"https:\/\/api.w.org\/{rel}","templated":true}]}}

Ceremonia Premios de Excelencia Turística 2026

<p><span data-sheets-root="1">La Municipalidad de Viña del Mar realiza la ceremonia de los Premios de Excelencia Turística 2026, instancia que reconoce y destaca el aporte de personas, iniciativas y actores vinculados al desarrollo turístico de la comuna.</span></p>
<p><span data-sheets-root="1">Inscripción y más información en Instagram | <a class="in-cell-link" href="https://www.instagram.com/teatro.munivina" target="_blank" rel="noopener nofollow">@teatro.munivina</a></span></p>

<p>La Municipalidad de Viña del Mar realiza la ceremonia de los Premios de Excelencia Turística 2026, instancia que reconoce y destaca el aporte de personas, iniciativas y actores vinculados al desarrollo turístico de la comuna. Inscripción y más información en Instagram | @teatro.munivina</p>
