{"id":24731,"date":"2026-09-02T10:04:22","date_gmt":"2026-09-02T14:04:22","guid":{"rendered":"https:\/\/visitavina.munivina.cl\/?post_type=mec-events&#038;p=24731"},"modified":"2026-09-02T10:04:22","modified_gmt":"2026-09-02T14:04:22","slug":"musica-pedro-aznar","status":"publish","type":"mec-events","link":"https:\/\/visitavina.munivina.cl\/br\/actividad\/musica-pedro-aznar\/","title":{"rendered":"M\u00fasica \/\/ Pedro Aznar"},"content":{"rendered":"<p><span data-sheets-root=\"1\">El m\u00fasico argentino propone un formato cercano y despojado, pensado para simular la intimidad de una reuni\u00f3n entre amigos. El repertorio incluye canciones inolvidables de artistas como Charly Garc\u00eda, Luis Alberto Spinetta, The Beatles, Sting y Queen, adem\u00e1s de composiciones propias.<\/span><\/p>\n<p><span data-sheets-root=\"1\">M\u00e1s informaci\u00f3n en Instagram | <a class=\"in-cell-link\" href=\"https:\/\/www.instagram.com\/teatro.munivina\" target=\"_blank\" rel=\"noopener nofollow\">@teatro.munivina<\/a><\/span><\/p>\n<p><span data-sheets-root=\"1\">Venta de entradas | <a class=\"in-cell-link\" href=\"https:\/\/www.passline.com\/eventos-plano\/pedro-aznar-una-noche-entre-amigosteatro-municipal-de-vina-del-mar\" target=\"_blank\" rel=\"noopener nofollow\">PASSLINE<\/a><\/span><\/p>","protected":false},"excerpt":{"rendered":"<p>El m\u00fasico argentino propone un formato cercano y despojado, pensado para simular la intimidad de una reuni\u00f3n entre amigos. El repertorio incluye canciones inolvidables de artistas como Charly Garc\u00eda, Luis Alberto Spinetta, The Beatles, Sting y Queen, adem\u00e1s de composiciones propias. M\u00e1s informaci\u00f3n en Instagram | @teatro.munivina Venta de entradas | PASSLINE<\/p>","protected":false},"author":20,"featured_media":0,"comment_status":"closed","ping_status":"closed","template":"","tags":[],"mec_category":[],"class_list":["post-24731","mec-events","type-mec-events","status-publish","hentry"],"acf":[],"_links":{"self":[{"href":"https:\/\/visitavina.munivina.cl\/br\/wp-json\/wp\/v2\/mec-events\/24731","targetHints":{"allow":["GET"]}}],"collection":[{"href":"https:\/\/visitavina.munivina.cl\/br\/wp-json\/wp\/v2\/mec-events"}],"about":[{"href":"https:\/\/visitavina.munivina.cl\/br\/wp-json\/wp\/v2\/types\/mec-events"}],"author":[{"embeddable":true,"href":"https:\/\/visitavina.munivina.cl\/br\/wp-json\/wp\/v2\/users\/20"}],"replies":[{"embeddable":true,"href":"https:\/\/visitavina.munivina.cl\/br\/wp-json\/wp\/v2\/comments?post=24731"}],"wp:attachment":[{"href":"https:\/\/visitavina.munivina.cl\/br\/wp-json\/wp\/v2\/media?parent=24731"}],"wp:term":[{"taxonomy":"post_tag","embeddable":true,"href":"https:\/\/visitavina.munivina.cl\/br\/wp-json\/wp\/v2\/tags?post=24731"},{"taxonomy":"mec_category","embeddable":true,"href":"https:\/\/visitavina.munivina.cl\/br\/wp-json\/wp\/v2\/mec_category?post=24731"}],"curies":[{"name":"wp","href":"https:\/\/api.w.org\/{rel}","templated":true}]}}

Música // Pedro Aznar

<p><span data-sheets-root="1">El músico argentino propone un formato cercano y despojado, pensado para simular la intimidad de una reunión entre amigos. El repertorio incluye canciones inolvidables de artistas como Charly García, Luis Alberto Spinetta, The Beatles, Sting y Queen, además de composiciones propias.</span></p>
<p><span data-sheets-root="1">Más información en Instagram | <a class="in-cell-link" href="https://www.instagram.com/teatro.munivina" target="_blank" rel="noopener nofollow">@teatro.munivina</a></span></p>
<p><span data-sheets-root="1">Venta de entradas | <a class="in-cell-link" href="https://www.passline.com/eventos-plano/pedro-aznar-una-noche-entre-amigosteatro-municipal-de-vina-del-mar" target="_blank" rel="noopener nofollow">PASSLINE</a></span></p>

<p>El músico argentino propone un formato cercano y despojado, pensado para simular la intimidad de una reunión entre amigos. El repertorio incluye canciones inolvidables de artistas como Charly García, Luis Alberto Spinetta, The Beatles, Sting y Queen, además de composiciones propias. Más información en Instagram | @teatro.munivina Venta de entradas | PASSLINE</p>
