{"id":24732,"date":"2026-09-02T10:15:38","date_gmt":"2026-09-02T14:15:38","guid":{"rendered":"https:\/\/visitavina.munivina.cl\/?post_type=mec-events&#038;p=24732"},"modified":"2026-09-02T10:15:38","modified_gmt":"2026-09-02T14:15:38","slug":"humor-alison-mandel-y-chiqui-aguayo-primerizas-el-show","status":"publish","type":"mec-events","link":"https:\/\/visitavina.munivina.cl\/br\/actividad\/humor-alison-mandel-y-chiqui-aguayo-primerizas-el-show\/","title":{"rendered":"Humor \/\/ Alison Mandel y Chiqui Aguayo, \u201cPrimerizas el show\u201d"},"content":{"rendered":"<p><span data-sheets-root=\"1\">Chiqui Aguayo y Alison Mandel presentan: \u201cPrimerizas el show\u201d una mezcla perfecta entre stand-up y catarsis colectiva. Con una qu\u00edmica natural y cercana, convierten la maternidad, la vida en pareja y el caos de la adultez en un show hilarante, honesto y tremendamente identificable. M\u00e1s que un espect\u00e1culo para mam\u00e1s, es una celebraci\u00f3n del desorden cotidiano y de la amistad, contada con humor chileno, r\u00e1pido, irreverente y muy real.<\/span><\/p>\n<p><span data-sheets-root=\"1\">Venta de entradas | <a class=\"in-cell-link\" href=\"https:\/\/ticketplus.cl\/events\/primerizas-en-enjoy-vina\" target=\"_blank\" rel=\"noopener nofollow\">TICKETPLUS<\/a><\/span><\/p>","protected":false},"excerpt":{"rendered":"<p>Chiqui Aguayo y Alison Mandel presentan: \u201cPrimerizas el show\u201d una mezcla perfecta entre stand-up y catarsis colectiva. Con una qu\u00edmica natural y cercana, convierten la maternidad, la vida en pareja y el caos de la adultez en un show hilarante, honesto y tremendamente identificable. M\u00e1s que un espect\u00e1culo para mam\u00e1s, es una celebraci\u00f3n del desorden [&hellip;]<\/p>\n","protected":false},"author":20,"featured_media":0,"comment_status":"closed","ping_status":"closed","template":"","tags":[],"mec_category":[],"class_list":["post-24732","mec-events","type-mec-events","status-publish","hentry"],"acf":[],"_links":{"self":[{"href":"https:\/\/visitavina.munivina.cl\/br\/wp-json\/wp\/v2\/mec-events\/24732","targetHints":{"allow":["GET"]}}],"collection":[{"href":"https:\/\/visitavina.munivina.cl\/br\/wp-json\/wp\/v2\/mec-events"}],"about":[{"href":"https:\/\/visitavina.munivina.cl\/br\/wp-json\/wp\/v2\/types\/mec-events"}],"author":[{"embeddable":true,"href":"https:\/\/visitavina.munivina.cl\/br\/wp-json\/wp\/v2\/users\/20"}],"replies":[{"embeddable":true,"href":"https:\/\/visitavina.munivina.cl\/br\/wp-json\/wp\/v2\/comments?post=24732"}],"wp:attachment":[{"href":"https:\/\/visitavina.munivina.cl\/br\/wp-json\/wp\/v2\/media?parent=24732"}],"wp:term":[{"taxonomy":"post_tag","embeddable":true,"href":"https:\/\/visitavina.munivina.cl\/br\/wp-json\/wp\/v2\/tags?post=24732"},{"taxonomy":"mec_category","embeddable":true,"href":"https:\/\/visitavina.munivina.cl\/br\/wp-json\/wp\/v2\/mec_category?post=24732"}],"curies":[{"name":"wp","href":"https:\/\/api.w.org\/{rel}","templated":true}]}}

<p><span data-sheets-root="1">Chiqui Aguayo y Alison Mandel presentan: “Primerizas el show” una mezcla perfecta entre stand-up y catarsis colectiva. Con una química natural y cercana, convierten la maternidad, la vida en pareja y el caos de la adultez en un show hilarante, honesto y tremendamente identificable. Más que un espectáculo para mamás, es una celebración del desorden cotidiano y de la amistad, contada con humor chileno, rápido, irreverente y muy real.</span></p>
<p><span data-sheets-root="1">Venta de entradas | <a class="in-cell-link" href="https://ticketplus.cl/events/primerizas-en-enjoy-vina" target="_blank" rel="noopener nofollow">TICKETPLUS</a></span></p>

<p>Chiqui Aguayo y Alison Mandel presentan: “Primerizas el show” una mezcla perfecta entre stand-up y catarsis colectiva. Con una química natural y cercana, convierten la maternidad, la vida en pareja y el caos de la adultez en un show hilarante, honesto y tremendamente identificable. Más que un espectáculo para mamás, es una celebración del desorden [&hellip;]</p>
