{"id":1513,"date":"2022-07-06T15:33:33","date_gmt":"2022-07-06T19:33:33","guid":{"rendered":"https:\/\/visitavina.munivina.cl\/events\/quinta-low-exposicion-de-autos-bicicletas-y-motos-customizadas-3\/"},"modified":"2022-07-06T15:33:33","modified_gmt":"2022-07-06T19:33:33","slug":"quinta-low-exposicion-de-autos-bicicletas-y-motos-customizadas-3","status":"publish","type":"mec-events","link":"https:\/\/visitavina.munivina.cl\/en\/actividad\/quinta-low-exposicion-de-autos-bicicletas-y-motos-customizadas-3\/","title":{"rendered":"&#8220;Quinta Low&#8221; Exposici\u00f3n de Autos, Bicicletas y Motos Customizadas"},"content":{"rendered":"<p style=\"text-align: center;\">Intervenciones Art\u00edsticas de Verano<\/p>\n<p><strong>&#8220;Quinta Low&#8221; Exposici\u00f3n de Autos, Bicicletas y Motos Customizadas<\/strong><\/p>\n<p>Atractiva muestra de car\u00e1cter familiar que exhibe variados modelos y actividades afines a la cultura de restauraci\u00f3n y modificaci\u00f3n de los veh\u00edculos.<\/p>\n<p>&nbsp;<\/p>","protected":false},"excerpt":{"rendered":"<p>Intervenciones Art\u00edsticas de Verano &#8220;Quinta Low&#8221; Exposici\u00f3n de Autos, Bicicletas y Motos Customizadas Atractiva muestra de car\u00e1cter familiar que exhibe variados modelos y actividades afines a la cultura de restauraci\u00f3n y modificaci\u00f3n de los veh\u00edculos. &nbsp;<\/p>","protected":false},"author":2,"featured_media":0,"comment_status":"open","ping_status":"closed","template":"","tags":[],"mec_category":[],"class_list":["post-1513","mec-events","type-mec-events","status-publish","hentry"],"acf":[],"_links":{"self":[{"href":"https:\/\/visitavina.munivina.cl\/en\/wp-json\/wp\/v2\/mec-events\/1513","targetHints":{"allow":["GET"]}}],"collection":[{"href":"https:\/\/visitavina.munivina.cl\/en\/wp-json\/wp\/v2\/mec-events"}],"about":[{"href":"https:\/\/visitavina.munivina.cl\/en\/wp-json\/wp\/v2\/types\/mec-events"}],"author":[{"embeddable":true,"href":"https:\/\/visitavina.munivina.cl\/en\/wp-json\/wp\/v2\/users\/2"}],"replies":[{"embeddable":true,"href":"https:\/\/visitavina.munivina.cl\/en\/wp-json\/wp\/v2\/comments?post=1513"}],"wp:attachment":[{"href":"https:\/\/visitavina.munivina.cl\/en\/wp-json\/wp\/v2\/media?parent=1513"}],"wp:term":[{"taxonomy":"post_tag","embeddable":true,"href":"https:\/\/visitavina.munivina.cl\/en\/wp-json\/wp\/v2\/tags?post=1513"},{"taxonomy":"mec_category","embeddable":true,"href":"https:\/\/visitavina.munivina.cl\/en\/wp-json\/wp\/v2\/mec_category?post=1513"}],"curies":[{"name":"wp","href":"https:\/\/api.w.org\/{rel}","templated":true}]}}

&#8220;Quinta Low&#8221; Exposición de Autos, Bicicletas y Motos Customizadas

<p style="text-align: center;">Intervenciones Artísticas de Verano</p>
<p><strong>&#8220;Quinta Low&#8221; Exposición de Autos, Bicicletas y Motos Customizadas</strong></p>
<p>Atractiva muestra de carácter familiar que exhibe variados modelos y actividades afines a la cultura de restauración y modificación de los vehículos.</p>
<p>&nbsp;</p>

<p>Intervenciones Artísticas de Verano &#8220;Quinta Low&#8221; Exposición de Autos, Bicicletas y Motos Customizadas Atractiva muestra de carácter familiar que exhibe variados modelos y actividades afines a la cultura de restauración y modificación de los vehículos. &nbsp;</p>
