{"id":22334,"date":"2025-10-02T13:30:14","date_gmt":"2025-10-02T16:30:14","guid":{"rendered":"https:\/\/visitavina.munivina.cl\/?post_type=mec-events&#038;p=22334"},"modified":"2025-10-02T13:30:14","modified_gmt":"2025-10-02T16:30:14","slug":"taller-el-arbol-de-la-vida-para-personas-mayores","status":"publish","type":"mec-events","link":"https:\/\/visitavina.munivina.cl\/en\/actividad\/taller-el-arbol-de-la-vida-para-personas-mayores\/","title":{"rendered":"Taller el \u00e1rbol de la vida para personas mayores"},"content":{"rendered":"<p style=\"text-align: justify;\">Invitaci\u00f3n para personas mayores de Vi\u00f1a del Mar a un taller para honrar y celebrar el camino recorrido.<br \/>\nEn este encuentro de arte y reflexi\u00f3n, se usar\u00e1 la poderosa met\u00e1fora de un \u00e1rbol para explorar nuestra propia historia. A trav\u00e9s del dibujo, la pintura o la escritura, se dar\u00e1 forma a:<br \/>\n<strong>Nuestras Ra\u00edces,<\/strong> Los or\u00edgenes, valores y personas que nos han nutrido.<br \/>\n<strong>Nuestro Tronco<\/strong>, Las fortalezas, habilidades y logros que nos sostienen.<br \/>\n<strong>Nuestras Ramas<\/strong>, Los anhelos, sue\u00f1os y deseos que se extienden hacia el futuro.<br \/>\nUn espacio de arteterapia no directiva, donde cada persona puede crear con total libertad, ya sea en un momento de introspecci\u00f3n individual o compartiendo en grupo. No se necesita experiencia.<\/p>\n<p>Actividad gratuita,\u00a0 inscripci\u00f3n en el formulario en la bio de Instagram <a href=\"https:\/\/www.instagram.com\/museopalaciorioja\/\" target=\"_blank\" rel=\"noopener nofollow\">Rioja Palace<\/a><\/p>","protected":false},"excerpt":{"rendered":"<p>Invitaci\u00f3n para personas mayores de Vi\u00f1a del Mar a un taller para honrar y celebrar el camino recorrido. En este encuentro de arte y reflexi\u00f3n, se usar\u00e1 la poderosa met\u00e1fora de un \u00e1rbol para explorar nuestra propia historia. A trav\u00e9s del dibujo, la pintura o la escritura, se dar\u00e1 forma a: Nuestras Ra\u00edces, Los or\u00edgenes, [&hellip;]<\/p>\n","protected":false},"author":2,"featured_media":0,"comment_status":"closed","ping_status":"closed","template":"","tags":[],"mec_category":[],"class_list":["post-22334","mec-events","type-mec-events","status-publish","hentry"],"acf":[],"_links":{"self":[{"href":"https:\/\/visitavina.munivina.cl\/en\/wp-json\/wp\/v2\/mec-events\/22334","targetHints":{"allow":["GET"]}}],"collection":[{"href":"https:\/\/visitavina.munivina.cl\/en\/wp-json\/wp\/v2\/mec-events"}],"about":[{"href":"https:\/\/visitavina.munivina.cl\/en\/wp-json\/wp\/v2\/types\/mec-events"}],"author":[{"embeddable":true,"href":"https:\/\/visitavina.munivina.cl\/en\/wp-json\/wp\/v2\/users\/2"}],"replies":[{"embeddable":true,"href":"https:\/\/visitavina.munivina.cl\/en\/wp-json\/wp\/v2\/comments?post=22334"}],"wp:attachment":[{"href":"https:\/\/visitavina.munivina.cl\/en\/wp-json\/wp\/v2\/media?parent=22334"}],"wp:term":[{"taxonomy":"post_tag","embeddable":true,"href":"https:\/\/visitavina.munivina.cl\/en\/wp-json\/wp\/v2\/tags?post=22334"},{"taxonomy":"mec_category","embeddable":true,"href":"https:\/\/visitavina.munivina.cl\/en\/wp-json\/wp\/v2\/mec_category?post=22334"}],"curies":[{"name":"wp","href":"https:\/\/api.w.org\/{rel}","templated":true}]}}

Taller el árbol de la vida para personas mayores

<p style="text-align: justify;">Invitación para personas mayores de Viña del Mar a un taller para honrar y celebrar el camino recorrido.<br />
En este encuentro de arte y reflexión, se usará la poderosa metáfora de un árbol para explorar nuestra propia historia. A través del dibujo, la pintura o la escritura, se dará forma a:<br />
<strong>Nuestras Raíces,</strong> Los orígenes, valores y personas que nos han nutrido.<br />
<strong>Nuestro Tronco</strong>, Las fortalezas, habilidades y logros que nos sostienen.<br />
<strong>Nuestras Ramas</strong>, Los anhelos, sueños y deseos que se extienden hacia el futuro.<br />
Un espacio de arteterapia no directiva, donde cada persona puede crear con total libertad, ya sea en un momento de introspección individual o compartiendo en grupo. No se necesita experiencia.</p>
<p>Actividad gratuita,  inscripción en el formulario en la bio de Instagram <a href="https://www.instagram.com/museopalaciorioja/" target="_blank" rel="noopener nofollow">Rioja Palace</a></p>

<p>Invitación para personas mayores de Viña del Mar a un taller para honrar y celebrar el camino recorrido. En este encuentro de arte y reflexión, se usará la poderosa metáfora de un árbol para explorar nuestra propia historia. A través del dibujo, la pintura o la escritura, se dará forma a: Nuestras Raíces, Los orígenes, [&hellip;]</p>
