{"id":22343,"date":"2025-10-02T15:39:48","date_gmt":"2025-10-02T18:39:48","guid":{"rendered":"https:\/\/visitavina.munivina.cl\/?post_type=mec-events&#038;p=22343"},"modified":"2025-10-02T15:39:48","modified_gmt":"2025-10-02T18:39:48","slug":"taller-floreciendo-bajo-el-ceibo-2","status":"publish","type":"mec-events","link":"https:\/\/visitavina.munivina.cl\/en\/actividad\/taller-floreciendo-bajo-el-ceibo-2\/","title":{"rendered":"Taller | Floreciendo bajo el ceibo"},"content":{"rendered":"<p style=\"text-align: justify;\">Invitaci\u00f3n a una pausa creativa en el coraz\u00f3n de Vi\u00f1a del Mar, un momento para conectar con tu lado m\u00e1s intuitivo y expresivo.<br \/>\nEste no es un taller de t\u00e9cnica, es una invitaci\u00f3n a crear con total libertad. Bajo el marco del arteterapia no directiva, se abre un espacio seguro, protegido e inclusivo donde no hay juicios ni expectativas, solo la oportunidad de jugar con los materiales y dejar que tu creatividad fluya.<\/p>\n<p>Actividad gratuita con inscripci\u00f3n en <a href=\"https:\/\/www.instagram.com\/museopalaciorioja\/\" target=\"_blank\" rel=\"noopener nofollow\">Palacio Rioja.<\/a><\/p>","protected":false},"excerpt":{"rendered":"<p>Invitaci\u00f3n a una pausa creativa en el coraz\u00f3n de Vi\u00f1a del Mar, un momento para conectar con tu lado m\u00e1s intuitivo y expresivo. Este no es un taller de t\u00e9cnica, es una invitaci\u00f3n a crear con total libertad. Bajo el marco del arteterapia no directiva, se abre un espacio seguro, protegido e inclusivo donde no [&hellip;]<\/p>\n","protected":false},"author":2,"featured_media":0,"comment_status":"closed","ping_status":"closed","template":"","tags":[],"mec_category":[],"class_list":["post-22343","mec-events","type-mec-events","status-publish","hentry"],"acf":[],"_links":{"self":[{"href":"https:\/\/visitavina.munivina.cl\/en\/wp-json\/wp\/v2\/mec-events\/22343","targetHints":{"allow":["GET"]}}],"collection":[{"href":"https:\/\/visitavina.munivina.cl\/en\/wp-json\/wp\/v2\/mec-events"}],"about":[{"href":"https:\/\/visitavina.munivina.cl\/en\/wp-json\/wp\/v2\/types\/mec-events"}],"author":[{"embeddable":true,"href":"https:\/\/visitavina.munivina.cl\/en\/wp-json\/wp\/v2\/users\/2"}],"replies":[{"embeddable":true,"href":"https:\/\/visitavina.munivina.cl\/en\/wp-json\/wp\/v2\/comments?post=22343"}],"wp:attachment":[{"href":"https:\/\/visitavina.munivina.cl\/en\/wp-json\/wp\/v2\/media?parent=22343"}],"wp:term":[{"taxonomy":"post_tag","embeddable":true,"href":"https:\/\/visitavina.munivina.cl\/en\/wp-json\/wp\/v2\/tags?post=22343"},{"taxonomy":"mec_category","embeddable":true,"href":"https:\/\/visitavina.munivina.cl\/en\/wp-json\/wp\/v2\/mec_category?post=22343"}],"curies":[{"name":"wp","href":"https:\/\/api.w.org\/{rel}","templated":true}]}}

<p style="text-align: justify;">Invitación a una pausa creativa en el corazón de Viña del Mar, un momento para conectar con tu lado más intuitivo y expresivo.<br />
Este no es un taller de técnica, es una invitación a crear con total libertad. Bajo el marco del arteterapia no directiva, se abre un espacio seguro, protegido e inclusivo donde no hay juicios ni expectativas, solo la oportunidad de jugar con los materiales y dejar que tu creatividad fluya.</p>
<p>Actividad gratuita con inscripción en <a href="https://www.instagram.com/museopalaciorioja/" target="_blank" rel="noopener nofollow">Palacio Rioja.</a></p>

<p>Invitación a una pausa creativa en el corazón de Viña del Mar, un momento para conectar con tu lado más intuitivo y expresivo. Este no es un taller de técnica, es una invitación a crear con total libertad. Bajo el marco del arteterapia no directiva, se abre un espacio seguro, protegido e inclusivo donde no [&hellip;]</p>
