{"id":22451,"date":"2025-10-17T12:31:52","date_gmt":"2025-10-17T15:31:52","guid":{"rendered":"https:\/\/visitavina.munivina.cl\/?post_type=mec-events&#038;p=22451"},"modified":"2025-10-17T12:31:52","modified_gmt":"2025-10-17T15:31:52","slug":"dialogos-con-la-muerte","status":"publish","type":"mec-events","link":"https:\/\/visitavina.munivina.cl\/en\/actividad\/dialogos-con-la-muerte\/","title":{"rendered":"Di\u00e1logos con la Muerte"},"content":{"rendered":"<p><span data-sheets-root=\"1\">En esta nueva edici\u00f3n,<strong> Enzo Arias Villarroel<\/strong> invita a un encuentro reflexivo y vivencial que combina constelaciones familiares, filosof\u00eda, m\u00fasica y humor para abordar uno de los temas m\u00e1s universales y profundos de la experiencia humana: la muerte.<br \/>\nM\u00e1s que una charla, esta propuesta ofrece una experiencia activa e integral, donde cada asistente participa de un proceso de observaci\u00f3n, comprensi\u00f3n y transformaci\u00f3n en torno a la finitud, la p\u00e9rdida y el misterio de existir.<br \/>\nUna experiencia que integra lo filos\u00f3fico, terap\u00e9utico y art\u00edstico, creando un espacio sensible y humano para reflexionar, sentir y resignificar.<\/span><\/p>\n<p><span data-sheets-root=\"1\">Entradas en venta en <a class=\"in-cell-link\" href=\"https:\/\/www.passline.com\/eventos\/dialogos-con-la-muerte\" target=\"_blank\" rel=\"noopener nofollow\">PASSLINE<\/a><\/span><\/p>","protected":false},"excerpt":{"rendered":"<p>En esta nueva edici\u00f3n, Enzo Arias Villarroel invita a un encuentro reflexivo y vivencial que combina constelaciones familiares, filosof\u00eda, m\u00fasica y humor para abordar uno de los temas m\u00e1s universales y profundos de la experiencia humana: la muerte. M\u00e1s que una charla, esta propuesta ofrece una experiencia activa e integral, donde cada asistente participa de [&hellip;]<\/p>\n","protected":false},"author":10,"featured_media":0,"comment_status":"closed","ping_status":"closed","template":"","tags":[],"mec_category":[],"class_list":["post-22451","mec-events","type-mec-events","status-publish","hentry"],"acf":[],"_links":{"self":[{"href":"https:\/\/visitavina.munivina.cl\/en\/wp-json\/wp\/v2\/mec-events\/22451","targetHints":{"allow":["GET"]}}],"collection":[{"href":"https:\/\/visitavina.munivina.cl\/en\/wp-json\/wp\/v2\/mec-events"}],"about":[{"href":"https:\/\/visitavina.munivina.cl\/en\/wp-json\/wp\/v2\/types\/mec-events"}],"author":[{"embeddable":true,"href":"https:\/\/visitavina.munivina.cl\/en\/wp-json\/wp\/v2\/users\/10"}],"replies":[{"embeddable":true,"href":"https:\/\/visitavina.munivina.cl\/en\/wp-json\/wp\/v2\/comments?post=22451"}],"wp:attachment":[{"href":"https:\/\/visitavina.munivina.cl\/en\/wp-json\/wp\/v2\/media?parent=22451"}],"wp:term":[{"taxonomy":"post_tag","embeddable":true,"href":"https:\/\/visitavina.munivina.cl\/en\/wp-json\/wp\/v2\/tags?post=22451"},{"taxonomy":"mec_category","embeddable":true,"href":"https:\/\/visitavina.munivina.cl\/en\/wp-json\/wp\/v2\/mec_category?post=22451"}],"curies":[{"name":"wp","href":"https:\/\/api.w.org\/{rel}","templated":true}]}}

Diálogos con la Muerte

<p><span data-sheets-root="1">En esta nueva edición,<strong> Enzo Arias Villarroel</strong> invita a un encuentro reflexivo y vivencial que combina constelaciones familiares, filosofía, música y humor para abordar uno de los temas más universales y profundos de la experiencia humana: la muerte.<br />
Más que una charla, esta propuesta ofrece una experiencia activa e integral, donde cada asistente participa de un proceso de observación, comprensión y transformación en torno a la finitud, la pérdida y el misterio de existir.<br />
Una experiencia que integra lo filosófico, terapéutico y artístico, creando un espacio sensible y humano para reflexionar, sentir y resignificar.</span></p>
<p><span data-sheets-root="1">Entradas en venta en <a class="in-cell-link" href="https://www.passline.com/eventos/dialogos-con-la-muerte" target="_blank" rel="noopener nofollow">PASSLINE</a></span></p>

<p>En esta nueva edición, Enzo Arias Villarroel invita a un encuentro reflexivo y vivencial que combina constelaciones familiares, filosofía, música y humor para abordar uno de los temas más universales y profundos de la experiencia humana: la muerte. Más que una charla, esta propuesta ofrece una experiencia activa e integral, donde cada asistente participa de [&hellip;]</p>
