{"id":22526,"date":"2025-11-03T09:41:45","date_gmt":"2025-11-03T12:41:45","guid":{"rendered":"https:\/\/visitavina.munivina.cl\/?post_type=mec-events&#038;p=22526"},"modified":"2025-11-03T09:41:45","modified_gmt":"2025-11-03T12:41:45","slug":"ciclo-de-cine-formacion-de-publicos-ficvina-2025","status":"publish","type":"mec-events","link":"https:\/\/visitavina.munivina.cl\/en\/actividad\/ciclo-de-cine-formacion-de-publicos-ficvina-2025\/","title":{"rendered":"Ciclo de cine | Formaci\u00f3n de p\u00fablicos FICVI\u00d1A 2025"},"content":{"rendered":"<p><span data-sheets-root=\"1\"><strong>Haydee y el pez volador<\/strong><br \/>\nPachi Bustos, Chile 2019.<br \/>\nHaydee lleva 40 a\u00f1os luchando por la justicia para las v\u00edctimas de violaciones de Derechos Humanos, pero hoy enfrenta una batalla m\u00e1s \u00edntima: el fin de un largo juicio que condene a sus torturadores, los asesinos del hijo que llevaba en su vientre.<\/span><\/p>\n<p><span data-sheets-root=\"1\">Actividad gratuita. m\u00e1s informaci\u00f3n en Instagram @museopalaciorioja<\/span><\/p>\n<p>&nbsp;<\/p>","protected":false},"excerpt":{"rendered":"<p>Haydee y el pez volador Pachi Bustos, Chile 2019. Haydee lleva 40 a\u00f1os luchando por la justicia para las v\u00edctimas de violaciones de Derechos Humanos, pero hoy enfrenta una batalla m\u00e1s \u00edntima: el fin de un largo juicio que condene a sus torturadores, los asesinos del hijo que llevaba en su vientre. Actividad gratuita. m\u00e1s [&hellip;]<\/p>\n","protected":false},"author":10,"featured_media":0,"comment_status":"closed","ping_status":"closed","template":"","tags":[],"mec_category":[],"class_list":["post-22526","mec-events","type-mec-events","status-publish","hentry"],"acf":[],"_links":{"self":[{"href":"https:\/\/visitavina.munivina.cl\/en\/wp-json\/wp\/v2\/mec-events\/22526","targetHints":{"allow":["GET"]}}],"collection":[{"href":"https:\/\/visitavina.munivina.cl\/en\/wp-json\/wp\/v2\/mec-events"}],"about":[{"href":"https:\/\/visitavina.munivina.cl\/en\/wp-json\/wp\/v2\/types\/mec-events"}],"author":[{"embeddable":true,"href":"https:\/\/visitavina.munivina.cl\/en\/wp-json\/wp\/v2\/users\/10"}],"replies":[{"embeddable":true,"href":"https:\/\/visitavina.munivina.cl\/en\/wp-json\/wp\/v2\/comments?post=22526"}],"wp:attachment":[{"href":"https:\/\/visitavina.munivina.cl\/en\/wp-json\/wp\/v2\/media?parent=22526"}],"wp:term":[{"taxonomy":"post_tag","embeddable":true,"href":"https:\/\/visitavina.munivina.cl\/en\/wp-json\/wp\/v2\/tags?post=22526"},{"taxonomy":"mec_category","embeddable":true,"href":"https:\/\/visitavina.munivina.cl\/en\/wp-json\/wp\/v2\/mec_category?post=22526"}],"curies":[{"name":"wp","href":"https:\/\/api.w.org\/{rel}","templated":true}]}}

Ciclo de cine | Formación de públicos FICVIÑA 2025

<p><span data-sheets-root="1"><strong>Haydee y el pez volador</strong><br />
Pachi Bustos, Chile 2019.<br />
Haydee lleva 40 años luchando por la justicia para las víctimas de violaciones de Derechos Humanos, pero hoy enfrenta una batalla más íntima: el fin de un largo juicio que condene a sus torturadores, los asesinos del hijo que llevaba en su vientre.</span></p>
<p><span data-sheets-root="1">Actividad gratuita. más información en Instagram @museopalaciorioja</span></p>
<p>&nbsp;</p>

<p>Haydee y el pez volador Pachi Bustos, Chile 2019. Haydee lleva 40 años luchando por la justicia para las víctimas de violaciones de Derechos Humanos, pero hoy enfrenta una batalla más íntima: el fin de un largo juicio que condene a sus torturadores, los asesinos del hijo que llevaba en su vientre. Actividad gratuita. más [&hellip;]</p>
