{"id":22528,"date":"2025-11-03T10:01:27","date_gmt":"2025-11-03T13:01:27","guid":{"rendered":"https:\/\/visitavina.munivina.cl\/?post_type=mec-events&#038;p=22528"},"modified":"2025-11-03T10:01:27","modified_gmt":"2025-11-03T13:01:27","slug":"conversatorio-desarrollo-del-patrimonio-vinamarino-a-40-anos-de-la-primera-declaratoria-1985-2025","status":"publish","type":"mec-events","link":"https:\/\/visitavina.munivina.cl\/en\/actividad\/conversatorio-desarrollo-del-patrimonio-vinamarino-a-40-anos-de-la-primera-declaratoria-1985-2025\/","title":{"rendered":"Conversatorio | Desarrollo del patrimonio vi\u00f1amarino A 40 a\u00f1os de la primera declaratoria 1985-2025"},"content":{"rendered":"<p><strong>\u00a0Relatora Carolina Miranda San Mart\u00edn<\/strong><br \/>\n<span data-sheets-root=\"1\">Conversatorio | Desarrollo del patrimonio vi\u00f1amarino A 40 a\u00f1os de la primera declaratoria 1985-2025<\/span><\/p>\n<p>Sala Aldo Francia. <span data-sheets-root=\"1\">Actividad gratuita. m\u00e1s informaci\u00f3n en Instagram @museopalaciorioja<\/span><\/p>","protected":false},"excerpt":{"rendered":"<p>\u00a0Relatora Carolina Miranda San Mart\u00edn Conversatorio | Desarrollo del patrimonio vi\u00f1amarino A 40 a\u00f1os de la primera declaratoria 1985-2025 Sala Aldo Francia. Actividad gratuita. m\u00e1s informaci\u00f3n en Instagram @museopalaciorioja<\/p>","protected":false},"author":10,"featured_media":0,"comment_status":"closed","ping_status":"closed","template":"","tags":[],"mec_category":[],"class_list":["post-22528","mec-events","type-mec-events","status-publish","hentry"],"acf":[],"_links":{"self":[{"href":"https:\/\/visitavina.munivina.cl\/en\/wp-json\/wp\/v2\/mec-events\/22528","targetHints":{"allow":["GET"]}}],"collection":[{"href":"https:\/\/visitavina.munivina.cl\/en\/wp-json\/wp\/v2\/mec-events"}],"about":[{"href":"https:\/\/visitavina.munivina.cl\/en\/wp-json\/wp\/v2\/types\/mec-events"}],"author":[{"embeddable":true,"href":"https:\/\/visitavina.munivina.cl\/en\/wp-json\/wp\/v2\/users\/10"}],"replies":[{"embeddable":true,"href":"https:\/\/visitavina.munivina.cl\/en\/wp-json\/wp\/v2\/comments?post=22528"}],"wp:attachment":[{"href":"https:\/\/visitavina.munivina.cl\/en\/wp-json\/wp\/v2\/media?parent=22528"}],"wp:term":[{"taxonomy":"post_tag","embeddable":true,"href":"https:\/\/visitavina.munivina.cl\/en\/wp-json\/wp\/v2\/tags?post=22528"},{"taxonomy":"mec_category","embeddable":true,"href":"https:\/\/visitavina.munivina.cl\/en\/wp-json\/wp\/v2\/mec_category?post=22528"}],"curies":[{"name":"wp","href":"https:\/\/api.w.org\/{rel}","templated":true}]}}

Conversatorio | Desarrollo del patrimonio viñamarino A 40 años de la primera declaratoria 1985-2025

<p><strong> Relatora Carolina Miranda San Martín</strong><br />
<span data-sheets-root="1">Conversatorio | Desarrollo del patrimonio viñamarino A 40 años de la primera declaratoria 1985-2025</span></p>
<p>Sala Aldo Francia. <span data-sheets-root="1">Actividad gratuita. más información en Instagram @museopalaciorioja</span></p>

<p> Relatora Carolina Miranda San Martín Conversatorio | Desarrollo del patrimonio viñamarino A 40 años de la primera declaratoria 1985-2025 Sala Aldo Francia. Actividad gratuita. más información en Instagram @museopalaciorioja</p>
