{"id":22530,"date":"2025-11-03T10:21:08","date_gmt":"2025-11-03T13:21:08","guid":{"rendered":"https:\/\/visitavina.munivina.cl\/?post_type=mec-events&#038;p=22530"},"modified":"2025-11-03T10:21:08","modified_gmt":"2025-11-03T13:21:08","slug":"concierto-jardin-secreto","status":"publish","type":"mec-events","link":"https:\/\/visitavina.munivina.cl\/en\/actividad\/concierto-jardin-secreto\/","title":{"rendered":"Concierto | Jard\u00edn Secreto"},"content":{"rendered":"<p><span data-sheets-root=\"1\"><strong>Cello Ensamble Regi\u00f3n de Valpara\u00edso<\/strong><br \/>\nDirecci\u00f3n: Camila leal y Ricardo Pizarro<br \/>\nSolista invitada: M\u00f3nica Alvarez<\/span><\/p>\n<p><span data-sheets-root=\"1\">Entrada liberada, sin inscripci\u00f3n previa<\/span><\/p>","protected":false},"excerpt":{"rendered":"<p>Cello Ensamble Regi\u00f3n de Valpara\u00edso Direcci\u00f3n: Camila leal y Ricardo Pizarro Solista invitada: M\u00f3nica Alvarez Entrada liberada, sin inscripci\u00f3n previa<\/p>","protected":false},"author":10,"featured_media":0,"comment_status":"closed","ping_status":"closed","template":"","tags":[],"mec_category":[],"class_list":["post-22530","mec-events","type-mec-events","status-publish","hentry"],"acf":[],"_links":{"self":[{"href":"https:\/\/visitavina.munivina.cl\/en\/wp-json\/wp\/v2\/mec-events\/22530","targetHints":{"allow":["GET"]}}],"collection":[{"href":"https:\/\/visitavina.munivina.cl\/en\/wp-json\/wp\/v2\/mec-events"}],"about":[{"href":"https:\/\/visitavina.munivina.cl\/en\/wp-json\/wp\/v2\/types\/mec-events"}],"author":[{"embeddable":true,"href":"https:\/\/visitavina.munivina.cl\/en\/wp-json\/wp\/v2\/users\/10"}],"replies":[{"embeddable":true,"href":"https:\/\/visitavina.munivina.cl\/en\/wp-json\/wp\/v2\/comments?post=22530"}],"wp:attachment":[{"href":"https:\/\/visitavina.munivina.cl\/en\/wp-json\/wp\/v2\/media?parent=22530"}],"wp:term":[{"taxonomy":"post_tag","embeddable":true,"href":"https:\/\/visitavina.munivina.cl\/en\/wp-json\/wp\/v2\/tags?post=22530"},{"taxonomy":"mec_category","embeddable":true,"href":"https:\/\/visitavina.munivina.cl\/en\/wp-json\/wp\/v2\/mec_category?post=22530"}],"curies":[{"name":"wp","href":"https:\/\/api.w.org\/{rel}","templated":true}]}}

Concierto | Jardín Secreto

<p><span data-sheets-root="1"><strong>Cello Ensamble Región de Valparaíso</strong><br />
Dirección: Camila leal y Ricardo Pizarro<br />
Solista invitada: Mónica Alvarez</span></p>
<p><span data-sheets-root="1">Entrada liberada, sin inscripción previa</span></p>

<p>Cello Ensamble Región de Valparaíso Dirección: Camila leal y Ricardo Pizarro Solista invitada: Mónica Alvarez Entrada liberada, sin inscripción previa</p>
