{"id":22544,"date":"2025-11-03T16:36:37","date_gmt":"2025-11-03T19:36:37","guid":{"rendered":"https:\/\/visitavina.munivina.cl\/?post_type=mec-events&#038;p=22544"},"modified":"2025-11-03T16:36:37","modified_gmt":"2025-11-03T19:36:37","slug":"taller-teorico-practico-de-insumos-para-el-arte-la-acuarela","status":"publish","type":"mec-events","link":"https:\/\/visitavina.munivina.cl\/en\/actividad\/taller-teorico-practico-de-insumos-para-el-arte-la-acuarela\/","title":{"rendered":"Taller te\u00f3rico | pr\u00e1ctico de insumos para el arte: La acuarela"},"content":{"rendered":"<p>Con el artista Jos\u00e9 Riquelme<br \/>\nTaller te\u00f3rico | pr\u00e1ctico de insumos para el arte: La acuarela.<\/p>\n<p><span data-sheets-root=\"1\">Inscripci\u00f3n en formulario disponible en la bio de Instagram @museopalaciorioja<\/span><\/p>","protected":false},"excerpt":{"rendered":"<p>Con el artista Jos\u00e9 Riquelme Taller te\u00f3rico | pr\u00e1ctico de insumos para el arte: La acuarela. Inscripci\u00f3n en formulario disponible en la bio de Instagram @museopalaciorioja<\/p>","protected":false},"author":10,"featured_media":0,"comment_status":"closed","ping_status":"closed","template":"","tags":[],"mec_category":[],"class_list":["post-22544","mec-events","type-mec-events","status-publish","hentry"],"acf":[],"_links":{"self":[{"href":"https:\/\/visitavina.munivina.cl\/en\/wp-json\/wp\/v2\/mec-events\/22544","targetHints":{"allow":["GET"]}}],"collection":[{"href":"https:\/\/visitavina.munivina.cl\/en\/wp-json\/wp\/v2\/mec-events"}],"about":[{"href":"https:\/\/visitavina.munivina.cl\/en\/wp-json\/wp\/v2\/types\/mec-events"}],"author":[{"embeddable":true,"href":"https:\/\/visitavina.munivina.cl\/en\/wp-json\/wp\/v2\/users\/10"}],"replies":[{"embeddable":true,"href":"https:\/\/visitavina.munivina.cl\/en\/wp-json\/wp\/v2\/comments?post=22544"}],"wp:attachment":[{"href":"https:\/\/visitavina.munivina.cl\/en\/wp-json\/wp\/v2\/media?parent=22544"}],"wp:term":[{"taxonomy":"post_tag","embeddable":true,"href":"https:\/\/visitavina.munivina.cl\/en\/wp-json\/wp\/v2\/tags?post=22544"},{"taxonomy":"mec_category","embeddable":true,"href":"https:\/\/visitavina.munivina.cl\/en\/wp-json\/wp\/v2\/mec_category?post=22544"}],"curies":[{"name":"wp","href":"https:\/\/api.w.org\/{rel}","templated":true}]}}

Taller teórico | práctico de insumos para el arte: La acuarela

<p>Con el artista José Riquelme<br />
Taller teórico | práctico de insumos para el arte: La acuarela.</p>
<p><span data-sheets-root="1">Inscripción en formulario disponible en la bio de Instagram @museopalaciorioja</span></p>

<p>Con el artista José Riquelme Taller teórico | práctico de insumos para el arte: La acuarela. Inscripción en formulario disponible en la bio de Instagram @museopalaciorioja</p>
