{"id":22601,"date":"2025-11-10T13:50:50","date_gmt":"2025-11-10T16:50:50","guid":{"rendered":"https:\/\/visitavina.munivina.cl\/?post_type=mec-events&#038;p=22601"},"modified":"2025-11-10T13:50:50","modified_gmt":"2025-11-10T16:50:50","slug":"viernes-de-cultura-cientifica-arqueoastronomia-bioantropologia-y-arqueologia-3","status":"publish","type":"mec-events","link":"https:\/\/visitavina.munivina.cl\/en\/actividad\/viernes-de-cultura-cientifica-arqueoastronomia-bioantropologia-y-arqueologia-3\/","title":{"rendered":"Viernes de Cultura Cient\u00edfica | Arqueoastronom\u00eda, Bioantropolog\u00eda y Arqueolog\u00eda"},"content":{"rendered":"<p><span data-sheets-root=\"1\">En el mes de aniversario del museo, se celebra casi 9 d\u00e9cadas de aporte al conocimiento en la Regi\u00f3n de Valpara\u00edso: 88 a\u00f1os conectando a las personas con la riqueza de nuestro patrimonio.<br \/>\nRelatores:<br \/>\nMar\u00eda Jos\u00e9 Barboza, Licenciada en Antropolog\u00eda F\u00edsica.<br \/>\nAryel Pacheco, Antrop\u00f3logo F\u00edsico, Mag\u00edster en Bioarqueolog\u00eda y Antropolog\u00eda Forense, candidato a doctor en Arqueolog\u00eda.<br \/>\n<strong>Las cenizas: revisando el pasado arcaico de la regi\u00f3n de Valpara\u00edso<\/strong><\/span><\/p>\n<p><span data-sheets-root=\"1\">Actividad gratuita. Cupos limitados por orden de llegada<\/span><\/p>","protected":false},"excerpt":{"rendered":"<p>En el mes de aniversario del museo, se celebra casi 9 d\u00e9cadas de aporte al conocimiento en la Regi\u00f3n de Valpara\u00edso: 88 a\u00f1os conectando a las personas con la riqueza de nuestro patrimonio. Relatores: Mar\u00eda Jos\u00e9 Barboza, Licenciada en Antropolog\u00eda F\u00edsica. Aryel Pacheco, Antrop\u00f3logo F\u00edsico, Mag\u00edster en Bioarqueolog\u00eda y Antropolog\u00eda Forense, candidato a doctor en [&hellip;]<\/p>\n","protected":false},"author":10,"featured_media":0,"comment_status":"closed","ping_status":"closed","template":"","tags":[],"mec_category":[],"class_list":["post-22601","mec-events","type-mec-events","status-publish","hentry"],"acf":[],"_links":{"self":[{"href":"https:\/\/visitavina.munivina.cl\/en\/wp-json\/wp\/v2\/mec-events\/22601","targetHints":{"allow":["GET"]}}],"collection":[{"href":"https:\/\/visitavina.munivina.cl\/en\/wp-json\/wp\/v2\/mec-events"}],"about":[{"href":"https:\/\/visitavina.munivina.cl\/en\/wp-json\/wp\/v2\/types\/mec-events"}],"author":[{"embeddable":true,"href":"https:\/\/visitavina.munivina.cl\/en\/wp-json\/wp\/v2\/users\/10"}],"replies":[{"embeddable":true,"href":"https:\/\/visitavina.munivina.cl\/en\/wp-json\/wp\/v2\/comments?post=22601"}],"wp:attachment":[{"href":"https:\/\/visitavina.munivina.cl\/en\/wp-json\/wp\/v2\/media?parent=22601"}],"wp:term":[{"taxonomy":"post_tag","embeddable":true,"href":"https:\/\/visitavina.munivina.cl\/en\/wp-json\/wp\/v2\/tags?post=22601"},{"taxonomy":"mec_category","embeddable":true,"href":"https:\/\/visitavina.munivina.cl\/en\/wp-json\/wp\/v2\/mec_category?post=22601"}],"curies":[{"name":"wp","href":"https:\/\/api.w.org\/{rel}","templated":true}]}}

Viernes de Cultura Científica | Arqueoastronomía, Bioantropología y Arqueología

<p><span data-sheets-root="1">En el mes de aniversario del museo, se celebra casi 9 décadas de aporte al conocimiento en la Región de Valparaíso: 88 años conectando a las personas con la riqueza de nuestro patrimonio.<br />
Relatores:<br />
María José Barboza, Licenciada en Antropología Física.<br />
Aryel Pacheco, Antropólogo Físico, Magíster en Bioarqueología y Antropología Forense, candidato a doctor en Arqueología.<br />
<strong>Las cenizas: revisando el pasado arcaico de la región de Valparaíso</strong></span></p>
<p><span data-sheets-root="1">Actividad gratuita. Cupos limitados por orden de llegada</span></p>

<p>En el mes de aniversario del museo, se celebra casi 9 décadas de aporte al conocimiento en la Región de Valparaíso: 88 años conectando a las personas con la riqueza de nuestro patrimonio. Relatores: María José Barboza, Licenciada en Antropología Física. Aryel Pacheco, Antropólogo Físico, Magíster en Bioarqueología y Antropología Forense, candidato a doctor en [&hellip;]</p>
