{"id":22652,"date":"2025-11-24T11:30:39","date_gmt":"2025-11-24T14:30:39","guid":{"rendered":"https:\/\/visitavina.munivina.cl\/?post_type=mec-events&#038;p=22652"},"modified":"2025-11-24T11:30:39","modified_gmt":"2025-11-24T14:30:39","slug":"inauguracion-exposicion-temporal-imagen-primigenia-2025-la-belleza-del-ser-humano","status":"publish","type":"mec-events","link":"https:\/\/visitavina.munivina.cl\/en\/actividad\/inauguracion-exposicion-temporal-imagen-primigenia-2025-la-belleza-del-ser-humano\/","title":{"rendered":"Inauguraci\u00f3n Exposici\u00f3n temporal  | Imagen primigenia 2025, la belleza del ser humano"},"content":{"rendered":"<p>El s\u00e1bado 9 de agosto se realiz\u00f3 en Vi\u00f1a del Mar el proceso de selecci\u00f3n y premiaci\u00f3n de obras de estudiantes que participaron en el XXXV Encuentro Interescolar de Artes Visuales Imagen Primigenia 2025 organizado por Liceo Jos\u00e9 Cortes Brown. Este concurso, coordinado por el acad\u00e9mico de la Facultad de Arte UPLA, V\u00edctor Maturana Leighton y la artista visual Mariela Toledo Gonz\u00e1lez, dirimi\u00f3 entre las propuestas art\u00edsticas provenientes de 26 establecimientos educacionales de ense\u00f1anza b\u00e1sica y media de todo Chile que compitieron respondiendo al tema \u201cLa belleza de ser humano\u201d.<\/p>\n<p><span data-sheets-root=\"1\">Free admission on a first-come, first-served basis<\/span><\/p>","protected":false},"excerpt":{"rendered":"<p>El s\u00e1bado 9 de agosto se realiz\u00f3 en Vi\u00f1a del Mar el proceso de selecci\u00f3n y premiaci\u00f3n de obras de estudiantes que participaron en el XXXV Encuentro Interescolar de Artes Visuales Imagen Primigenia 2025 organizado por Liceo Jos\u00e9 Cortes Brown. Este concurso, coordinado por el acad\u00e9mico de la Facultad de Arte UPLA, V\u00edctor Maturana Leighton [&hellip;]<\/p>\n","protected":false},"author":10,"featured_media":0,"comment_status":"closed","ping_status":"closed","template":"","tags":[],"mec_category":[],"class_list":["post-22652","mec-events","type-mec-events","status-publish","hentry"],"acf":[],"_links":{"self":[{"href":"https:\/\/visitavina.munivina.cl\/en\/wp-json\/wp\/v2\/mec-events\/22652","targetHints":{"allow":["GET"]}}],"collection":[{"href":"https:\/\/visitavina.munivina.cl\/en\/wp-json\/wp\/v2\/mec-events"}],"about":[{"href":"https:\/\/visitavina.munivina.cl\/en\/wp-json\/wp\/v2\/types\/mec-events"}],"author":[{"embeddable":true,"href":"https:\/\/visitavina.munivina.cl\/en\/wp-json\/wp\/v2\/users\/10"}],"replies":[{"embeddable":true,"href":"https:\/\/visitavina.munivina.cl\/en\/wp-json\/wp\/v2\/comments?post=22652"}],"wp:attachment":[{"href":"https:\/\/visitavina.munivina.cl\/en\/wp-json\/wp\/v2\/media?parent=22652"}],"wp:term":[{"taxonomy":"post_tag","embeddable":true,"href":"https:\/\/visitavina.munivina.cl\/en\/wp-json\/wp\/v2\/tags?post=22652"},{"taxonomy":"mec_category","embeddable":true,"href":"https:\/\/visitavina.munivina.cl\/en\/wp-json\/wp\/v2\/mec_category?post=22652"}],"curies":[{"name":"wp","href":"https:\/\/api.w.org\/{rel}","templated":true}]}}

Inauguración Exposición temporal  | Imagen primigenia 2025, la belleza del ser humano

<p>El sábado 9 de agosto se realizó en Viña del Mar el proceso de selección y premiación de obras de estudiantes que participaron en el XXXV Encuentro Interescolar de Artes Visuales Imagen Primigenia 2025 organizado por Liceo José Cortes Brown. Este concurso, coordinado por el académico de la Facultad de Arte UPLA, Víctor Maturana Leighton y la artista visual Mariela Toledo González, dirimió entre las propuestas artísticas provenientes de 26 establecimientos educacionales de enseñanza básica y media de todo Chile que compitieron respondiendo al tema “La belleza de ser humano”.</p>
<p><span data-sheets-root="1">Free admission on a first-come, first-served basis</span></p>

<p>El sábado 9 de agosto se realizó en Viña del Mar el proceso de selección y premiación de obras de estudiantes que participaron en el XXXV Encuentro Interescolar de Artes Visuales Imagen Primigenia 2025 organizado por Liceo José Cortes Brown. Este concurso, coordinado por el académico de la Facultad de Arte UPLA, Víctor Maturana Leighton [&hellip;]</p>
