{"id":22674,"date":"2025-11-28T08:53:20","date_gmt":"2025-11-28T11:53:20","guid":{"rendered":"https:\/\/visitavina.munivina.cl\/?post_type=mec-events&#038;p=22674"},"modified":"2025-11-28T08:53:20","modified_gmt":"2025-11-28T11:53:20","slug":"navidad-caravana-navidena-coca-cola","status":"publish","type":"mec-events","link":"https:\/\/visitavina.munivina.cl\/en\/actividad\/navidad-caravana-navidena-coca-cola\/","title":{"rendered":"Navidad | Caravana Navide\u00f1a Coca-Cola"},"content":{"rendered":"<p><span data-sheets-root=\"1\">En este a\u00f1o el espect\u00e1culo familiar contar\u00e1 con la presencia de 6 camiones decorados e iluminados con el tradicional color rojo. Sobre estos veh\u00edculos, el Viejito Pascuero, sus ayudantes, duendes y otros personajes, volver\u00e1n a protagonizar este desfile que recorrer\u00e1 las principales arterias maipucinas invitando a vivir el esp\u00edritu navide\u00f1o.<\/span><\/p>\n<p><span data-sheets-root=\"1\">M\u00e1s informaci\u00f3n en Instagram <a class=\"in-cell-link\" href=\"https:\/\/www.instagram.com\/visitavina\/\" target=\"_blank\" rel=\"noopener nofollow\">@visitavina<\/a><\/span><\/p>","protected":false},"excerpt":{"rendered":"<p>En este a\u00f1o el espect\u00e1culo familiar contar\u00e1 con la presencia de 6 camiones decorados e iluminados con el tradicional color rojo. Sobre estos veh\u00edculos, el Viejito Pascuero, sus ayudantes, duendes y otros personajes, volver\u00e1n a protagonizar este desfile que recorrer\u00e1 las principales arterias maipucinas invitando a vivir el esp\u00edritu navide\u00f1o. M\u00e1s informaci\u00f3n en Instagram @visitavina<\/p>","protected":false},"author":10,"featured_media":0,"comment_status":"closed","ping_status":"closed","template":"","tags":[],"mec_category":[],"class_list":["post-22674","mec-events","type-mec-events","status-publish","hentry"],"acf":[],"_links":{"self":[{"href":"https:\/\/visitavina.munivina.cl\/en\/wp-json\/wp\/v2\/mec-events\/22674","targetHints":{"allow":["GET"]}}],"collection":[{"href":"https:\/\/visitavina.munivina.cl\/en\/wp-json\/wp\/v2\/mec-events"}],"about":[{"href":"https:\/\/visitavina.munivina.cl\/en\/wp-json\/wp\/v2\/types\/mec-events"}],"author":[{"embeddable":true,"href":"https:\/\/visitavina.munivina.cl\/en\/wp-json\/wp\/v2\/users\/10"}],"replies":[{"embeddable":true,"href":"https:\/\/visitavina.munivina.cl\/en\/wp-json\/wp\/v2\/comments?post=22674"}],"wp:attachment":[{"href":"https:\/\/visitavina.munivina.cl\/en\/wp-json\/wp\/v2\/media?parent=22674"}],"wp:term":[{"taxonomy":"post_tag","embeddable":true,"href":"https:\/\/visitavina.munivina.cl\/en\/wp-json\/wp\/v2\/tags?post=22674"},{"taxonomy":"mec_category","embeddable":true,"href":"https:\/\/visitavina.munivina.cl\/en\/wp-json\/wp\/v2\/mec_category?post=22674"}],"curies":[{"name":"wp","href":"https:\/\/api.w.org\/{rel}","templated":true}]}}

Navidad | Caravana Navideña Coca-Cola

<p><span data-sheets-root="1">En este año el espectáculo familiar contará con la presencia de 6 camiones decorados e iluminados con el tradicional color rojo. Sobre estos vehículos, el Viejito Pascuero, sus ayudantes, duendes y otros personajes, volverán a protagonizar este desfile que recorrerá las principales arterias maipucinas invitando a vivir el espíritu navideño.</span></p>
<p><span data-sheets-root="1">Más información en Instagram <a class="in-cell-link" href="https://www.instagram.com/visitavina/" target="_blank" rel="noopener nofollow">@visitavina</a></span></p>

<p>En este año el espectáculo familiar contará con la presencia de 6 camiones decorados e iluminados con el tradicional color rojo. Sobre estos vehículos, el Viejito Pascuero, sus ayudantes, duendes y otros personajes, volverán a protagonizar este desfile que recorrerá las principales arterias maipucinas invitando a vivir el espíritu navideño. Más información en Instagram @visitavina</p>
