{"id":22744,"date":"2025-12-09T12:26:57","date_gmt":"2025-12-09T15:26:57","guid":{"rendered":"https:\/\/visitavina.munivina.cl\/?post_type=mec-events&#038;p=22744"},"modified":"2025-12-09T12:26:57","modified_gmt":"2025-12-09T15:26:57","slug":"concierto-axel-intimo","status":"publish","type":"mec-events","link":"https:\/\/visitavina.munivina.cl\/en\/actividad\/concierto-axel-intimo\/","title":{"rendered":"Concierto | Axel, Intimo"},"content":{"rendered":"<p><span data-sheets-root=\"1\">Axel regresa a Chile en febrero de 2026 con una gira que lo llevar\u00e1 por cuatro ciudades del pa\u00eds. El artista presentar\u00e1 un recorrido por sus canciones m\u00e1s reconocidas y parte de su reciente trabajo musical.<br \/>\nEl concierto re\u00fane \u00e9xitos como Amo, Celebra la vida, Te voy a amar y Tu amor por siempre, adem\u00e1s de canciones de su \u00e1lbum Vuelve, entre ellas El Motivo, Vuelve y Abismo.<br \/>\nEstos shows forman parte del 25 Tour con el que Axel celebra 25 a\u00f1os de trayectoria y abre un nuevo ciclo creativo en su m\u00fasica.<\/span><\/p>\n<p><span data-sheets-root=\"1\">Ticket sales at <a class=\"in-cell-link\" href=\"https:\/\/goldenpass.cl\/axel-en-vina-del-mar\/\" target=\"_blank\" rel=\"noopener nofollow\">GOLDENPASS<\/a><\/span><\/p>","protected":false},"excerpt":{"rendered":"<p>Axel regresa a Chile en febrero de 2026 con una gira que lo llevar\u00e1 por cuatro ciudades del pa\u00eds. El artista presentar\u00e1 un recorrido por sus canciones m\u00e1s reconocidas y parte de su reciente trabajo musical. El concierto re\u00fane \u00e9xitos como Amo, Celebra la vida, Te voy a amar y Tu amor por siempre, adem\u00e1s [&hellip;]<\/p>\n","protected":false},"author":10,"featured_media":0,"comment_status":"closed","ping_status":"closed","template":"","tags":[],"mec_category":[],"class_list":["post-22744","mec-events","type-mec-events","status-publish","hentry"],"acf":[],"_links":{"self":[{"href":"https:\/\/visitavina.munivina.cl\/en\/wp-json\/wp\/v2\/mec-events\/22744","targetHints":{"allow":["GET"]}}],"collection":[{"href":"https:\/\/visitavina.munivina.cl\/en\/wp-json\/wp\/v2\/mec-events"}],"about":[{"href":"https:\/\/visitavina.munivina.cl\/en\/wp-json\/wp\/v2\/types\/mec-events"}],"author":[{"embeddable":true,"href":"https:\/\/visitavina.munivina.cl\/en\/wp-json\/wp\/v2\/users\/10"}],"replies":[{"embeddable":true,"href":"https:\/\/visitavina.munivina.cl\/en\/wp-json\/wp\/v2\/comments?post=22744"}],"wp:attachment":[{"href":"https:\/\/visitavina.munivina.cl\/en\/wp-json\/wp\/v2\/media?parent=22744"}],"wp:term":[{"taxonomy":"post_tag","embeddable":true,"href":"https:\/\/visitavina.munivina.cl\/en\/wp-json\/wp\/v2\/tags?post=22744"},{"taxonomy":"mec_category","embeddable":true,"href":"https:\/\/visitavina.munivina.cl\/en\/wp-json\/wp\/v2\/mec_category?post=22744"}],"curies":[{"name":"wp","href":"https:\/\/api.w.org\/{rel}","templated":true}]}}

<p><span data-sheets-root="1">Axel regresa a Chile en febrero de 2026 con una gira que lo llevará por cuatro ciudades del país. El artista presentará un recorrido por sus canciones más reconocidas y parte de su reciente trabajo musical.<br />
El concierto reúne éxitos como Amo, Celebra la vida, Te voy a amar y Tu amor por siempre, además de canciones de su álbum Vuelve, entre ellas El Motivo, Vuelve y Abismo.<br />
Estos shows forman parte del 25 Tour con el que Axel celebra 25 años de trayectoria y abre un nuevo ciclo creativo en su música.</span></p>
<p><span data-sheets-root="1">Ticket sales at <a class="in-cell-link" href="https://goldenpass.cl/axel-en-vina-del-mar/" target="_blank" rel="noopener nofollow">GOLDENPASS</a></span></p>

<p>Axel regresa a Chile en febrero de 2026 con una gira que lo llevará por cuatro ciudades del país. El artista presentará un recorrido por sus canciones más reconocidas y parte de su reciente trabajo musical. El concierto reúne éxitos como Amo, Celebra la vida, Te voy a amar y Tu amor por siempre, además [&hellip;]</p>
