{"id":22783,"date":"2025-12-16T10:23:55","date_gmt":"2025-12-16T13:23:55","guid":{"rendered":"https:\/\/visitavina.munivina.cl\/?post_type=mec-events&#038;p=22783"},"modified":"2025-12-16T10:24:35","modified_gmt":"2025-12-16T13:24:35","slug":"teatro-divorciados-2-0","status":"publish","type":"mec-events","link":"https:\/\/visitavina.munivina.cl\/en\/actividad\/teatro-divorciados-2-0\/","title":{"rendered":"Teatro | Divorciados 2.0"},"content":{"rendered":"<p>Con Fernando Larra\u00edn, Andres Velasco, Carlos D\u00edas y Rodrigo Mu\u00f1oz<br \/>\nEs momento de saber que fue de los divorciados de la teleserie Seperados del 2012.<br \/>\nTranscurridos los a\u00f1os vamos a conocer y re\u00edr con la vida presente, de los DIVORCIADOS 2.0 ahora enfrentados a la compleja situaci\u00f3n judicial por incumplimiento a sus deberes de EX que lo obligar\u00e1 a un acto de gran creatividad y exigencia que sorprender\u00e1 a los espectadores.<\/p>\n<p>Venta de entradas | <a href=\"https:\/\/www.puntoticket.com\/evento\/divorciados-2-enjoy-vina-del-mar-ene-2026\" rel=\"nofollow noopener\" target=\"_blank\"><span style=\"color: #3366ff;\"><strong>PUNTOTICKET<\/strong><\/span><\/a><\/p>","protected":false},"excerpt":{"rendered":"<p>Con Fernando Larra\u00edn, Andres Velasco, Carlos D\u00edas y Rodrigo Mu\u00f1oz Es momento de saber que fue de los divorciados de la teleserie Seperados del 2012. Transcurridos los a\u00f1os vamos a conocer y re\u00edr con la vida presente, de los DIVORCIADOS 2.0 ahora enfrentados a la compleja situaci\u00f3n judicial por incumplimiento a sus deberes de EX [&hellip;]<\/p>\n","protected":false},"author":2,"featured_media":0,"comment_status":"closed","ping_status":"closed","template":"","tags":[],"mec_category":[],"class_list":["post-22783","mec-events","type-mec-events","status-publish","hentry"],"acf":[],"_links":{"self":[{"href":"https:\/\/visitavina.munivina.cl\/en\/wp-json\/wp\/v2\/mec-events\/22783","targetHints":{"allow":["GET"]}}],"collection":[{"href":"https:\/\/visitavina.munivina.cl\/en\/wp-json\/wp\/v2\/mec-events"}],"about":[{"href":"https:\/\/visitavina.munivina.cl\/en\/wp-json\/wp\/v2\/types\/mec-events"}],"author":[{"embeddable":true,"href":"https:\/\/visitavina.munivina.cl\/en\/wp-json\/wp\/v2\/users\/2"}],"replies":[{"embeddable":true,"href":"https:\/\/visitavina.munivina.cl\/en\/wp-json\/wp\/v2\/comments?post=22783"}],"wp:attachment":[{"href":"https:\/\/visitavina.munivina.cl\/en\/wp-json\/wp\/v2\/media?parent=22783"}],"wp:term":[{"taxonomy":"post_tag","embeddable":true,"href":"https:\/\/visitavina.munivina.cl\/en\/wp-json\/wp\/v2\/tags?post=22783"},{"taxonomy":"mec_category","embeddable":true,"href":"https:\/\/visitavina.munivina.cl\/en\/wp-json\/wp\/v2\/mec_category?post=22783"}],"curies":[{"name":"wp","href":"https:\/\/api.w.org\/{rel}","templated":true}]}}

<p>Con Fernando Larraín, Andres Velasco, Carlos Días y Rodrigo Muñoz<br />
Es momento de saber que fue de los divorciados de la teleserie Seperados del 2012.<br />
Transcurridos los años vamos a conocer y reír con la vida presente, de los DIVORCIADOS 2.0 ahora enfrentados a la compleja situación judicial por incumplimiento a sus deberes de EX que lo obligará a un acto de gran creatividad y exigencia que sorprenderá a los espectadores.</p>
<p>Venta de entradas | <a href="https://www.puntoticket.com/evento/divorciados-2-enjoy-vina-del-mar-ene-2026" rel="nofollow noopener" target="_blank"><span style="color: #3366ff;"><strong>PUNTOTICKET</strong></span></a></p>

<p>Con Fernando Larraín, Andres Velasco, Carlos Días y Rodrigo Muñoz Es momento de saber que fue de los divorciados de la teleserie Seperados del 2012. Transcurridos los años vamos a conocer y reír con la vida presente, de los DIVORCIADOS 2.0 ahora enfrentados a la compleja situación judicial por incumplimiento a sus deberes de EX [&hellip;]</p>
