{"id":22817,"date":"2026-01-02T10:51:49","date_gmt":"2026-01-02T13:51:49","guid":{"rendered":"https:\/\/visitavina.munivina.cl\/?post_type=mec-events&#038;p=22817"},"modified":"2026-01-02T10:52:15","modified_gmt":"2026-01-02T13:52:15","slug":"musica-urbana-katteyes","status":"publish","type":"mec-events","link":"https:\/\/visitavina.munivina.cl\/en\/actividad\/musica-urbana-katteyes\/","title":{"rendered":"M\u00fasica urbana | Katteyes"},"content":{"rendered":"<p>Fernanda Valentina Villalobos Cort\u00e9s, conocida en el mundo art\u00edstico como Katteyes, es una de las figuras m\u00e1s influyentes y din\u00e1micas de la escena musical y digital de Am\u00e9rica Latina.<br \/>\nCantautora y celebridad de internet ha protagonizado un ascenso mete\u00f3rico, transform\u00e1ndose de un \u00edcono de las redes sociales bajo el seud\u00f3nimo Iamferv a una potencia en la m\u00fasica urbana. Con una presencia digital abrumadora que supera los 45 millones de seguidores en TikTok y 13 millones en Instagram, Katteyes ha sabido capitalizar su fama para construir una s\u00f3lida carrera en g\u00e9neros como el reguet\u00f3n, el trap latino y la m\u00fasica urbana.<\/p>\n<p>Venta de entradas | <a href=\"https:\/\/goldenpass.cl\/katteyes-en-vina-del-mar\/\" rel=\"nofollow noopener\" target=\"_blank\"><strong><span style=\"color: #3366ff;\">GOLDENPASS<\/span><\/strong><\/a><\/p>","protected":false},"excerpt":{"rendered":"<p>Fernanda Valentina Villalobos Cort\u00e9s, conocida en el mundo art\u00edstico como Katteyes, es una de las figuras m\u00e1s influyentes y din\u00e1micas de la escena musical y digital de Am\u00e9rica Latina. Cantautora y celebridad de internet ha protagonizado un ascenso mete\u00f3rico, transform\u00e1ndose de un \u00edcono de las redes sociales bajo el seud\u00f3nimo Iamferv a una potencia en [&hellip;]<\/p>\n","protected":false},"author":2,"featured_media":0,"comment_status":"closed","ping_status":"closed","template":"","tags":[],"mec_category":[],"class_list":["post-22817","mec-events","type-mec-events","status-publish","hentry"],"acf":[],"_links":{"self":[{"href":"https:\/\/visitavina.munivina.cl\/en\/wp-json\/wp\/v2\/mec-events\/22817","targetHints":{"allow":["GET"]}}],"collection":[{"href":"https:\/\/visitavina.munivina.cl\/en\/wp-json\/wp\/v2\/mec-events"}],"about":[{"href":"https:\/\/visitavina.munivina.cl\/en\/wp-json\/wp\/v2\/types\/mec-events"}],"author":[{"embeddable":true,"href":"https:\/\/visitavina.munivina.cl\/en\/wp-json\/wp\/v2\/users\/2"}],"replies":[{"embeddable":true,"href":"https:\/\/visitavina.munivina.cl\/en\/wp-json\/wp\/v2\/comments?post=22817"}],"wp:attachment":[{"href":"https:\/\/visitavina.munivina.cl\/en\/wp-json\/wp\/v2\/media?parent=22817"}],"wp:term":[{"taxonomy":"post_tag","embeddable":true,"href":"https:\/\/visitavina.munivina.cl\/en\/wp-json\/wp\/v2\/tags?post=22817"},{"taxonomy":"mec_category","embeddable":true,"href":"https:\/\/visitavina.munivina.cl\/en\/wp-json\/wp\/v2\/mec_category?post=22817"}],"curies":[{"name":"wp","href":"https:\/\/api.w.org\/{rel}","templated":true}]}}

Música urbana | Katteyes

<p>Fernanda Valentina Villalobos Cortés, conocida en el mundo artístico como Katteyes, es una de las figuras más influyentes y dinámicas de la escena musical y digital de América Latina.<br />
Cantautora y celebridad de internet ha protagonizado un ascenso meteórico, transformándose de un ícono de las redes sociales bajo el seudónimo Iamferv a una potencia en la música urbana. Con una presencia digital abrumadora que supera los 45 millones de seguidores en TikTok y 13 millones en Instagram, Katteyes ha sabido capitalizar su fama para construir una sólida carrera en géneros como el reguetón, el trap latino y la música urbana.</p>
<p>Venta de entradas | <a href="https://goldenpass.cl/katteyes-en-vina-del-mar/" rel="nofollow noopener" target="_blank"><strong><span style="color: #3366ff;">GOLDENPASS</span></strong></a></p>

<p>Fernanda Valentina Villalobos Cortés, conocida en el mundo artístico como Katteyes, es una de las figuras más influyentes y dinámicas de la escena musical y digital de América Latina. Cantautora y celebridad de internet ha protagonizado un ascenso meteórico, transformándose de un ícono de las redes sociales bajo el seudónimo Iamferv a una potencia en [&hellip;]</p>
