{"id":22871,"date":"2026-01-05T09:36:33","date_gmt":"2026-01-05T12:36:33","guid":{"rendered":"https:\/\/visitavina.munivina.cl\/?post_type=mec-events&#038;p=22871"},"modified":"2026-01-05T09:36:33","modified_gmt":"2026-01-05T12:36:33","slug":"musica-cuarteto-de-nos-2","status":"publish","type":"mec-events","link":"https:\/\/visitavina.munivina.cl\/en\/actividad\/musica-cuarteto-de-nos-2\/","title":{"rendered":"M\u00fasica | Cuarteto de nos"},"content":{"rendered":"<p>Embajadores del rock uruguayo al punto de ser percibidos como uno de los conjuntos m\u00e1s influyentes de la regi\u00f3n, El Cuarteto de Nos llega a Vi\u00f1a del Mar como parte de su Tour Puertas, gira que porta el nombre de su vig\u00e9simo \u00e1lbum.<\/p>\n<p><span data-sheets-root=\"1\">Ticket sales at <strong><span style=\"color: #3366ff;\"><a class=\"in-cell-link\" style=\"color: #3366ff;\" href=\"https:\/\/www.puntoticket.com\/cuarteto-de-nos-teatro-municipal-de-vina-del-mar-ene-2026\" target=\"_blank\" rel=\"noopener nofollow\">PUNTOTICKET<\/a><\/span><\/strong><\/span><\/p>","protected":false},"excerpt":{"rendered":"<p>Embajadores del rock uruguayo al punto de ser percibidos como uno de los conjuntos m\u00e1s influyentes de la regi\u00f3n, El Cuarteto de Nos llega a Vi\u00f1a del Mar como parte de su Tour Puertas, gira que porta el nombre de su vig\u00e9simo \u00e1lbum. Venta de entradas en PUNTOTICKET<\/p>","protected":false},"author":2,"featured_media":0,"comment_status":"closed","ping_status":"closed","template":"","tags":[],"mec_category":[],"class_list":["post-22871","mec-events","type-mec-events","status-publish","hentry"],"acf":[],"_links":{"self":[{"href":"https:\/\/visitavina.munivina.cl\/en\/wp-json\/wp\/v2\/mec-events\/22871","targetHints":{"allow":["GET"]}}],"collection":[{"href":"https:\/\/visitavina.munivina.cl\/en\/wp-json\/wp\/v2\/mec-events"}],"about":[{"href":"https:\/\/visitavina.munivina.cl\/en\/wp-json\/wp\/v2\/types\/mec-events"}],"author":[{"embeddable":true,"href":"https:\/\/visitavina.munivina.cl\/en\/wp-json\/wp\/v2\/users\/2"}],"replies":[{"embeddable":true,"href":"https:\/\/visitavina.munivina.cl\/en\/wp-json\/wp\/v2\/comments?post=22871"}],"wp:attachment":[{"href":"https:\/\/visitavina.munivina.cl\/en\/wp-json\/wp\/v2\/media?parent=22871"}],"wp:term":[{"taxonomy":"post_tag","embeddable":true,"href":"https:\/\/visitavina.munivina.cl\/en\/wp-json\/wp\/v2\/tags?post=22871"},{"taxonomy":"mec_category","embeddable":true,"href":"https:\/\/visitavina.munivina.cl\/en\/wp-json\/wp\/v2\/mec_category?post=22871"}],"curies":[{"name":"wp","href":"https:\/\/api.w.org\/{rel}","templated":true}]}}

Música | Cuarteto de nos

<p>Embajadores del rock uruguayo al punto de ser percibidos como uno de los conjuntos más influyentes de la región, El Cuarteto de Nos llega a Viña del Mar como parte de su Tour Puertas, gira que porta el nombre de su vigésimo álbum.</p>
<p><span data-sheets-root="1">Ticket sales at <strong><span style="color: #3366ff;"><a class="in-cell-link" style="color: #3366ff;" href="https://www.puntoticket.com/cuarteto-de-nos-teatro-municipal-de-vina-del-mar-ene-2026" target="_blank" rel="noopener nofollow">PUNTOTICKET</a></span></strong></span></p>

<p>Embajadores del rock uruguayo al punto de ser percibidos como uno de los conjuntos más influyentes de la región, El Cuarteto de Nos llega a Viña del Mar como parte de su Tour Puertas, gira que porta el nombre de su vigésimo álbum. Venta de entradas en PUNTOTICKET</p>
