{"id":22896,"date":"2026-01-06T09:02:57","date_gmt":"2026-01-06T12:02:57","guid":{"rendered":"https:\/\/visitavina.munivina.cl\/?post_type=mec-events&#038;p=22896"},"modified":"2026-01-06T09:02:57","modified_gmt":"2026-01-06T12:02:57","slug":"viernes-de-cultura-cientifica-origenes-de-la-astronomia-en-chile-juan-mouat-excentrico-relojero-y-astronomo-escoces","status":"publish","type":"mec-events","link":"https:\/\/visitavina.munivina.cl\/en\/actividad\/viernes-de-cultura-cientifica-origenes-de-la-astronomia-en-chile-juan-mouat-excentrico-relojero-y-astronomo-escoces\/","title":{"rendered":"Viernes de cultura cient\u00edfica\u00a0| Or\u00edgenes de la astronom\u00eda en Chile: Juan Mouat, exc\u00e9ntrico relojero y astr\u00f3nomo escoc\u00e9s"},"content":{"rendered":"<p>Descubrir datos sobre la observaci\u00f3n de estrellas beb\u00e9s desde nuestro pa\u00eds y la historia de un escoc\u00e9s, precursor de la Astronom\u00eda en Chile, con dos doctores que investigan en el instituto porte\u00f1o. Finalizaremos el mes dedicado a la astronom\u00eda conociendo la experiencia de una fundaci\u00f3n, liderada por una astr\u00f3noma y comunicadora cient\u00edfica, que se dedica a ense\u00f1ar y dar a conocer la astronom\u00eda y el universo a ni\u00f1as y ni\u00f1os de todo Chile con un foco STEM+<\/p>\n<p>Relator: Dr. Eduardo Ibar.<br \/>\nDoctor en Astronom\u00eda, Acad\u00e9mico del IFA-UV.<\/p>\n<p>Todos nuestros VCC cuentan con Int\u00e9rprete en Lengua de Se\u00f1as Chilena.<\/p>\n<p>Cupos limitados por orden de llegada hasta completar capacidad de la sala<\/p>","protected":false},"excerpt":{"rendered":"<p>Descubrir datos sobre la observaci\u00f3n de estrellas beb\u00e9s desde nuestro pa\u00eds y la historia de un escoc\u00e9s, precursor de la Astronom\u00eda en Chile, con dos doctores que investigan en el instituto porte\u00f1o. Finalizaremos el mes dedicado a la astronom\u00eda conociendo la experiencia de una fundaci\u00f3n, liderada por una astr\u00f3noma y comunicadora cient\u00edfica, que se dedica [&hellip;]<\/p>\n","protected":false},"author":2,"featured_media":0,"comment_status":"closed","ping_status":"closed","template":"","tags":[],"mec_category":[],"class_list":["post-22896","mec-events","type-mec-events","status-publish","hentry"],"acf":[],"_links":{"self":[{"href":"https:\/\/visitavina.munivina.cl\/en\/wp-json\/wp\/v2\/mec-events\/22896","targetHints":{"allow":["GET"]}}],"collection":[{"href":"https:\/\/visitavina.munivina.cl\/en\/wp-json\/wp\/v2\/mec-events"}],"about":[{"href":"https:\/\/visitavina.munivina.cl\/en\/wp-json\/wp\/v2\/types\/mec-events"}],"author":[{"embeddable":true,"href":"https:\/\/visitavina.munivina.cl\/en\/wp-json\/wp\/v2\/users\/2"}],"replies":[{"embeddable":true,"href":"https:\/\/visitavina.munivina.cl\/en\/wp-json\/wp\/v2\/comments?post=22896"}],"wp:attachment":[{"href":"https:\/\/visitavina.munivina.cl\/en\/wp-json\/wp\/v2\/media?parent=22896"}],"wp:term":[{"taxonomy":"post_tag","embeddable":true,"href":"https:\/\/visitavina.munivina.cl\/en\/wp-json\/wp\/v2\/tags?post=22896"},{"taxonomy":"mec_category","embeddable":true,"href":"https:\/\/visitavina.munivina.cl\/en\/wp-json\/wp\/v2\/mec_category?post=22896"}],"curies":[{"name":"wp","href":"https:\/\/api.w.org\/{rel}","templated":true}]}}

Viernes de cultura científica | Orígenes de la astronomía en Chile: Juan Mouat, excéntrico relojero y astrónomo escocés

<p>Descubrir datos sobre la observación de estrellas bebés desde nuestro país y la historia de un escocés, precursor de la Astronomía en Chile, con dos doctores que investigan en el instituto porteño. Finalizaremos el mes dedicado a la astronomía conociendo la experiencia de una fundación, liderada por una astrónoma y comunicadora científica, que se dedica a enseñar y dar a conocer la astronomía y el universo a niñas y niños de todo Chile con un foco STEM+</p>
<p>Relator: Dr. Eduardo Ibar.<br />
Doctor en Astronomía, Académico del IFA-UV.</p>
<p>Todos nuestros VCC cuentan con Intérprete en Lengua de Señas Chilena.</p>
<p>Cupos limitados por orden de llegada hasta completar capacidad de la sala</p>

<p>Descubrir datos sobre la observación de estrellas bebés desde nuestro país y la historia de un escocés, precursor de la Astronomía en Chile, con dos doctores que investigan en el instituto porteño. Finalizaremos el mes dedicado a la astronomía conociendo la experiencia de una fundación, liderada por una astrónoma y comunicadora científica, que se dedica [&hellip;]</p>
