{"id":22897,"date":"2026-01-06T09:03:59","date_gmt":"2026-01-06T12:03:59","guid":{"rendered":"https:\/\/visitavina.munivina.cl\/?post_type=mec-events&#038;p=22897"},"modified":"2026-01-06T09:03:59","modified_gmt":"2026-01-06T12:03:59","slug":"viernes-de-cultura-cientifica-ciencia-observacional-de-estrellas-bebes-desde-chile","status":"publish","type":"mec-events","link":"https:\/\/visitavina.munivina.cl\/en\/actividad\/viernes-de-cultura-cientifica-ciencia-observacional-de-estrellas-bebes-desde-chile\/","title":{"rendered":"Viernes de cultura cient\u00edfica\u00a0| Ciencia observacional de estrellas beb\u00e9s desde Chile"},"content":{"rendered":"<p>Descubrir datos sobre la observaci\u00f3n de estrellas beb\u00e9s desde nuestro pa\u00eds y la historia de un escoc\u00e9s, precursor de la Astronom\u00eda en Chile, con dos doctores que investigan en el instituto porte\u00f1o. Finalizaremos el mes dedicado a la astronom\u00eda conociendo la experiencia de una fundaci\u00f3n, liderada por una astr\u00f3noma y comunicadora cient\u00edfica, que se dedica a ense\u00f1ar y dar a conocer la astronom\u00eda y el universo a ni\u00f1as y ni\u00f1os de todo Chile con un foco STEM+<\/p>\n<p>Relator: Dr. Zhen Guo.<br \/>\nAstr\u00f3nomo observacional, Doctor en Astrof\u00edsica e investigador en el IFA-UV.<\/p>\n<p>Todos nuestros VCC cuentan con Int\u00e9rprete en Lengua de Se\u00f1as Chilena.<\/p>\n<p>Cupos limitados por orden de llegada hasta completar capacidad de la sala<\/p>","protected":false},"excerpt":{"rendered":"<p>Descubrir datos sobre la observaci\u00f3n de estrellas beb\u00e9s desde nuestro pa\u00eds y la historia de un escoc\u00e9s, precursor de la Astronom\u00eda en Chile, con dos doctores que investigan en el instituto porte\u00f1o. Finalizaremos el mes dedicado a la astronom\u00eda conociendo la experiencia de una fundaci\u00f3n, liderada por una astr\u00f3noma y comunicadora cient\u00edfica, que se dedica [&hellip;]<\/p>\n","protected":false},"author":2,"featured_media":0,"comment_status":"closed","ping_status":"closed","template":"","tags":[],"mec_category":[],"class_list":["post-22897","mec-events","type-mec-events","status-publish","hentry"],"acf":[],"_links":{"self":[{"href":"https:\/\/visitavina.munivina.cl\/en\/wp-json\/wp\/v2\/mec-events\/22897","targetHints":{"allow":["GET"]}}],"collection":[{"href":"https:\/\/visitavina.munivina.cl\/en\/wp-json\/wp\/v2\/mec-events"}],"about":[{"href":"https:\/\/visitavina.munivina.cl\/en\/wp-json\/wp\/v2\/types\/mec-events"}],"author":[{"embeddable":true,"href":"https:\/\/visitavina.munivina.cl\/en\/wp-json\/wp\/v2\/users\/2"}],"replies":[{"embeddable":true,"href":"https:\/\/visitavina.munivina.cl\/en\/wp-json\/wp\/v2\/comments?post=22897"}],"wp:attachment":[{"href":"https:\/\/visitavina.munivina.cl\/en\/wp-json\/wp\/v2\/media?parent=22897"}],"wp:term":[{"taxonomy":"post_tag","embeddable":true,"href":"https:\/\/visitavina.munivina.cl\/en\/wp-json\/wp\/v2\/tags?post=22897"},{"taxonomy":"mec_category","embeddable":true,"href":"https:\/\/visitavina.munivina.cl\/en\/wp-json\/wp\/v2\/mec_category?post=22897"}],"curies":[{"name":"wp","href":"https:\/\/api.w.org\/{rel}","templated":true}]}}

Viernes de cultura científica | Ciencia observacional de estrellas bebés desde Chile

<p>Descubrir datos sobre la observación de estrellas bebés desde nuestro país y la historia de un escocés, precursor de la Astronomía en Chile, con dos doctores que investigan en el instituto porteño. Finalizaremos el mes dedicado a la astronomía conociendo la experiencia de una fundación, liderada por una astrónoma y comunicadora científica, que se dedica a enseñar y dar a conocer la astronomía y el universo a niñas y niños de todo Chile con un foco STEM+</p>
<p>Relator: Dr. Zhen Guo.<br />
Astrónomo observacional, Doctor en Astrofísica e investigador en el IFA-UV.</p>
<p>Todos nuestros VCC cuentan con Intérprete en Lengua de Señas Chilena.</p>
<p>Cupos limitados por orden de llegada hasta completar capacidad de la sala</p>

<p>Descubrir datos sobre la observación de estrellas bebés desde nuestro país y la historia de un escocés, precursor de la Astronomía en Chile, con dos doctores que investigan en el instituto porteño. Finalizaremos el mes dedicado a la astronomía conociendo la experiencia de una fundación, liderada por una astrónoma y comunicadora científica, que se dedica [&hellip;]</p>
