{"id":22935,"date":"2026-01-15T08:55:05","date_gmt":"2026-01-15T11:55:05","guid":{"rendered":"https:\/\/visitavina.munivina.cl\/?post_type=mec-events&#038;p=22935"},"modified":"2026-01-16T10:58:38","modified_gmt":"2026-01-16T13:58:38","slug":"taller-polillas-y-mariposas-en-accion","status":"publish","type":"mec-events","link":"https:\/\/visitavina.munivina.cl\/en\/actividad\/taller-polillas-y-mariposas-en-accion\/","title":{"rendered":"Taller | Polillas y mariposas en acci\u00f3n"},"content":{"rendered":"<p><span style=\"color: #000000;\" data-sheets-root=\"1\">Crea tu propio abanico con material reciclado en el taller de pintura y plegado de papel: \u201cPolillas y mariposas en acci\u00f3n\u201d<\/span><\/p>\n<p><span style=\"color: #000000;\">\u00a1Te invitamos a formar parte de este taller, ideal para disfrutar en familia durante estas vacaciones de verano!<\/span><\/p>\n<p><span style=\"color: #000000;\">Tallerista: Laura Harfagar.<\/span><\/p>\n<p><span style=\"color: #000000;\">Dirigido a: Ni\u00f1as y ni\u00f1os de 5 a 12 a\u00f1os. (Acompa\u00f1ado\/a por un adulto a cargo, quien no paga). El museo dispondr\u00e1 de todo lo necesario. <\/span><\/p>\n<p><span style=\"color: #000000;\">Durante la actividad, las y los participantes conocer\u00e1n las principales caracter\u00edsticas de polillas y mariposas a partir de la observaci\u00f3n de im\u00e1genes, explorando sus formas, colores y el rol que cumplen en sus ecosistemas. Luego, cada persona elegir\u00e1 un insecto para pintarlo sobre papel utilizando una plantilla hecha con afiches reciclados. La jornada finaliza con el plisado del papel para crear un abanico con la imagen seleccionada.<\/span><\/p>\n<p><span data-sheets-root=\"1\"><span style=\"color: #000000;\">Inscripci\u00f3n y m\u00e1s informaci\u00f3n en Instagram<\/span> <a class=\"in-cell-link\" href=\"https:\/\/www.instagram.com\/museofonck\/\" target=\"_blank\" rel=\"noopener nofollow\"><strong><span style=\"color: #3366ff;\">@museofonck<\/span><\/strong><\/a><\/span><\/p>","protected":false},"excerpt":{"rendered":"<p>Crea tu propio abanico con material reciclado en el taller de pintura y plegado de papel: \u201cPolillas y mariposas en acci\u00f3n\u201d \u00a1Te invitamos a formar parte de este taller, ideal para disfrutar en familia durante estas vacaciones de verano! Tallerista: Laura Harfagar. Dirigido a: Ni\u00f1as y ni\u00f1os de 5 a 12 a\u00f1os. (Acompa\u00f1ado\/a por un [&hellip;]<\/p>\n","protected":false},"author":2,"featured_media":0,"comment_status":"closed","ping_status":"closed","template":"","tags":[],"mec_category":[],"class_list":["post-22935","mec-events","type-mec-events","status-publish","hentry"],"acf":[],"_links":{"self":[{"href":"https:\/\/visitavina.munivina.cl\/en\/wp-json\/wp\/v2\/mec-events\/22935","targetHints":{"allow":["GET"]}}],"collection":[{"href":"https:\/\/visitavina.munivina.cl\/en\/wp-json\/wp\/v2\/mec-events"}],"about":[{"href":"https:\/\/visitavina.munivina.cl\/en\/wp-json\/wp\/v2\/types\/mec-events"}],"author":[{"embeddable":true,"href":"https:\/\/visitavina.munivina.cl\/en\/wp-json\/wp\/v2\/users\/2"}],"replies":[{"embeddable":true,"href":"https:\/\/visitavina.munivina.cl\/en\/wp-json\/wp\/v2\/comments?post=22935"}],"wp:attachment":[{"href":"https:\/\/visitavina.munivina.cl\/en\/wp-json\/wp\/v2\/media?parent=22935"}],"wp:term":[{"taxonomy":"post_tag","embeddable":true,"href":"https:\/\/visitavina.munivina.cl\/en\/wp-json\/wp\/v2\/tags?post=22935"},{"taxonomy":"mec_category","embeddable":true,"href":"https:\/\/visitavina.munivina.cl\/en\/wp-json\/wp\/v2\/mec_category?post=22935"}],"curies":[{"name":"wp","href":"https:\/\/api.w.org\/{rel}","templated":true}]}}

Taller | Polillas y mariposas en acción

<p><span style="color: #000000;" data-sheets-root="1">Crea tu propio abanico con material reciclado en el taller de pintura y plegado de papel: “Polillas y mariposas en acción”</span></p>
<p><span style="color: #000000;">¡Te invitamos a formar parte de este taller, ideal para disfrutar en familia durante estas vacaciones de verano!</span></p>
<p><span style="color: #000000;">Tallerista: Laura Harfagar.</span></p>
<p><span style="color: #000000;">Dirigido a: Niñas y niños de 5 a 12 años. (Acompañado/a por un adulto a cargo, quien no paga). El museo dispondrá de todo lo necesario. </span></p>
<p><span style="color: #000000;">Durante la actividad, las y los participantes conocerán las principales características de polillas y mariposas a partir de la observación de imágenes, explorando sus formas, colores y el rol que cumplen en sus ecosistemas. Luego, cada persona elegirá un insecto para pintarlo sobre papel utilizando una plantilla hecha con afiches reciclados. La jornada finaliza con el plisado del papel para crear un abanico con la imagen seleccionada.</span></p>
<p><span data-sheets-root="1"><span style="color: #000000;">Inscripción y más información en Instagram</span> <a class="in-cell-link" href="https://www.instagram.com/museofonck/" target="_blank" rel="noopener nofollow"><strong><span style="color: #3366ff;">@museofonck</span></strong></a></span></p>

<p>Crea tu propio abanico con material reciclado en el taller de pintura y plegado de papel: “Polillas y mariposas en acción” ¡Te invitamos a formar parte de este taller, ideal para disfrutar en familia durante estas vacaciones de verano! Tallerista: Laura Harfagar. Dirigido a: Niñas y niños de 5 a 12 años. (Acompañado/a por un [&hellip;]</p>
