{"id":22941,"date":"2026-01-16T11:58:52","date_gmt":"2026-01-16T14:58:52","guid":{"rendered":"https:\/\/visitavina.munivina.cl\/?post_type=mec-events&#038;p=22941"},"modified":"2026-01-16T11:58:52","modified_gmt":"2026-01-16T14:58:52","slug":"musica-dios-salve-a-la-reina","status":"publish","type":"mec-events","link":"https:\/\/visitavina.munivina.cl\/en\/actividad\/musica-dios-salve-a-la-reina\/","title":{"rendered":"M\u00fasica | Dios Salve a la Reina"},"content":{"rendered":"<p><span style=\"color: #000000;\" data-sheets-root=\"1\">Celebrando 40 a\u00f1os del \u00faltimo concierto de la Reina del Rock &amp; Roll \u2013 el mejor shows sobre Queen del mundo \u2013 God Save The Queen \/ Dios Salve a la Reina regresa a Vi\u00f1a del Mar, luego de un sold out increible, ahora con nuevo espect\u00e1culo, que lo har\u00e1 circular por todo el planeta\u2026<br \/>\nUna de las bandas m\u00e1s aclamadas, por su gran parecido de Pablo Padin, en la voz y una puesta en escena incre\u00edble, de todos sus m\u00fasicos, hacen de este evento uno de los imperdibles comenzando este a\u00f1o que los har\u00e1 girar por todo el mundo.<\/span><\/p>\n<p><span data-sheets-root=\"1\"><span style=\"color: #000000;\">M\u00e1s informaci\u00f3n en Instagram <\/span><a class=\"in-cell-link\" href=\"https:\/\/www.instagram.com\/teatro.munivina\/\" target=\"_blank\" rel=\"noopener nofollow\"><strong><span style=\"color: #3366ff;\">@teatro.munivina<\/span><\/strong><\/a><\/span><\/p>\n<p><span data-sheets-root=\"1\"><span style=\"color: #000000;\">Venta de entradas |<\/span> <a class=\"in-cell-link\" href=\"https:\/\/defticket.cl\/evento\/dios-salve-a-la-reina-en-vina-del-mar\/\" target=\"_blank\" rel=\"noopener nofollow\"><strong><span style=\"color: #3366ff;\">DEFTICKET<\/span><\/strong><\/a><\/span><\/p>","protected":false},"excerpt":{"rendered":"<p>Celebrando 40 a\u00f1os del \u00faltimo concierto de la Reina del Rock &amp; Roll \u2013 el mejor shows sobre Queen del mundo \u2013 God Save The Queen \/ Dios Salve a la Reina regresa a Vi\u00f1a del Mar, luego de un sold out increible, ahora con nuevo espect\u00e1culo, que lo har\u00e1 circular por todo el planeta\u2026 [&hellip;]<\/p>\n","protected":false},"author":2,"featured_media":0,"comment_status":"closed","ping_status":"closed","template":"","tags":[],"mec_category":[],"class_list":["post-22941","mec-events","type-mec-events","status-publish","hentry"],"acf":[],"_links":{"self":[{"href":"https:\/\/visitavina.munivina.cl\/en\/wp-json\/wp\/v2\/mec-events\/22941","targetHints":{"allow":["GET"]}}],"collection":[{"href":"https:\/\/visitavina.munivina.cl\/en\/wp-json\/wp\/v2\/mec-events"}],"about":[{"href":"https:\/\/visitavina.munivina.cl\/en\/wp-json\/wp\/v2\/types\/mec-events"}],"author":[{"embeddable":true,"href":"https:\/\/visitavina.munivina.cl\/en\/wp-json\/wp\/v2\/users\/2"}],"replies":[{"embeddable":true,"href":"https:\/\/visitavina.munivina.cl\/en\/wp-json\/wp\/v2\/comments?post=22941"}],"wp:attachment":[{"href":"https:\/\/visitavina.munivina.cl\/en\/wp-json\/wp\/v2\/media?parent=22941"}],"wp:term":[{"taxonomy":"post_tag","embeddable":true,"href":"https:\/\/visitavina.munivina.cl\/en\/wp-json\/wp\/v2\/tags?post=22941"},{"taxonomy":"mec_category","embeddable":true,"href":"https:\/\/visitavina.munivina.cl\/en\/wp-json\/wp\/v2\/mec_category?post=22941"}],"curies":[{"name":"wp","href":"https:\/\/api.w.org\/{rel}","templated":true}]}}

Música | Dios Salve a la Reina

<p><span style="color: #000000;" data-sheets-root="1">Celebrando 40 años del último concierto de la Reina del Rock &amp; Roll – el mejor shows sobre Queen del mundo – God Save The Queen / Dios Salve a la Reina regresa a Viña del Mar, luego de un sold out increible, ahora con nuevo espectáculo, que lo hará circular por todo el planeta…<br />
Una de las bandas más aclamadas, por su gran parecido de Pablo Padin, en la voz y una puesta en escena increíble, de todos sus músicos, hacen de este evento uno de los imperdibles comenzando este año que los hará girar por todo el mundo.</span></p>
<p><span data-sheets-root="1"><span style="color: #000000;">Más información en Instagram </span><a class="in-cell-link" href="https://www.instagram.com/teatro.munivina/" target="_blank" rel="noopener nofollow"><strong><span style="color: #3366ff;">@teatro.munivina</span></strong></a></span></p>
<p><span data-sheets-root="1"><span style="color: #000000;">Venta de entradas |</span> <a class="in-cell-link" href="https://defticket.cl/evento/dios-salve-a-la-reina-en-vina-del-mar/" target="_blank" rel="noopener nofollow"><strong><span style="color: #3366ff;">DEFTICKET</span></strong></a></span></p>

<p>Celebrando 40 años del último concierto de la Reina del Rock &amp; Roll – el mejor shows sobre Queen del mundo – God Save The Queen / Dios Salve a la Reina regresa a Viña del Mar, luego de un sold out increible, ahora con nuevo espectáculo, que lo hará circular por todo el planeta… [&hellip;]</p>
