{"id":22942,"date":"2026-01-19T09:13:41","date_gmt":"2026-01-19T12:13:41","guid":{"rendered":"https:\/\/visitavina.munivina.cl\/?post_type=mec-events&#038;p=22942"},"modified":"2026-01-19T09:14:05","modified_gmt":"2026-01-19T12:14:05","slug":"exposicion-grafica-aves-de-chile","status":"publish","type":"mec-events","link":"https:\/\/visitavina.munivina.cl\/en\/actividad\/exposicion-grafica-aves-de-chile\/","title":{"rendered":"Exposici\u00f3n gr\u00e1fica | Aves de Chile"},"content":{"rendered":"<p><span data-sheets-root=\"1\"><span style=\"color: #000000;\">Exposici\u00f3n gr\u00e1fica en el entorno sobre aves de Chile<\/span><br \/>\n<span style=\"color: #000000;\">Un panorama ideal para compartir en familia durante estas vacaciones de verano: \u00a1El Museo Fonck te invita a conocer una exposici\u00f3n gr\u00e1fica en el entorno dedicada a las Aves de Chile!<\/span><br \/>\n<span style=\"color: #000000;\">Podr\u00e1s conocer la importancia de las aves en la naturaleza, ya que contribuyen a la polinizaci\u00f3n, ayudan al control natural de insectos y reflejan la salud de los ecosistemas al reaccionar de forma sensible a los cambios del entorno. Es una invitaci\u00f3n a observar, valorar y reconectar con la biodiversidad que habita nuestro territorio.<\/span><br \/>\n<span style=\"color: #000000;\">A trav\u00e9s de esta exposici\u00f3n gr\u00e1fica en paneles, el museo invita a las familias a disfrutar de una experiencia cercana, entretenida y educativa.<\/span><br \/>\n<span style=\"color: #000000;\">Esta invitaci\u00f3n forma parte de \u201cMuseos en Verano\u201d, iniciativa impulsada por el Ministerio de las Culturas, las Artes y el Patrimonio, cuyo objetivo es acercar los museos a la comunidad y promover el acceso a la cultura durante la temporada estival.<\/span><\/span><\/p>\n<p><span style=\"color: #000000;\">Free activity<\/span><\/p>\n<p><span data-sheets-root=\"1\"><span style=\"color: #000000;\">M\u00e1s informaci\u00f3n en Instagram <\/span><a class=\"in-cell-link\" href=\"https:\/\/www.instagram.com\/museofonck\/\" target=\"_blank\" rel=\"noopener nofollow\"><strong><span style=\"color: #3366ff;\">@museofonck<\/span><\/strong><\/a><\/span><\/p>","protected":false},"excerpt":{"rendered":"<p>Exposici\u00f3n gr\u00e1fica en el entorno sobre aves de Chile Un panorama ideal para compartir en familia durante estas vacaciones de verano: \u00a1El Museo Fonck te invita a conocer una exposici\u00f3n gr\u00e1fica en el entorno dedicada a las Aves de Chile! Podr\u00e1s conocer la importancia de las aves en la naturaleza, ya que contribuyen a la [&hellip;]<\/p>\n","protected":false},"author":2,"featured_media":0,"comment_status":"closed","ping_status":"closed","template":"","tags":[],"mec_category":[],"class_list":["post-22942","mec-events","type-mec-events","status-publish","hentry"],"acf":[],"_links":{"self":[{"href":"https:\/\/visitavina.munivina.cl\/en\/wp-json\/wp\/v2\/mec-events\/22942","targetHints":{"allow":["GET"]}}],"collection":[{"href":"https:\/\/visitavina.munivina.cl\/en\/wp-json\/wp\/v2\/mec-events"}],"about":[{"href":"https:\/\/visitavina.munivina.cl\/en\/wp-json\/wp\/v2\/types\/mec-events"}],"author":[{"embeddable":true,"href":"https:\/\/visitavina.munivina.cl\/en\/wp-json\/wp\/v2\/users\/2"}],"replies":[{"embeddable":true,"href":"https:\/\/visitavina.munivina.cl\/en\/wp-json\/wp\/v2\/comments?post=22942"}],"wp:attachment":[{"href":"https:\/\/visitavina.munivina.cl\/en\/wp-json\/wp\/v2\/media?parent=22942"}],"wp:term":[{"taxonomy":"post_tag","embeddable":true,"href":"https:\/\/visitavina.munivina.cl\/en\/wp-json\/wp\/v2\/tags?post=22942"},{"taxonomy":"mec_category","embeddable":true,"href":"https:\/\/visitavina.munivina.cl\/en\/wp-json\/wp\/v2\/mec_category?post=22942"}],"curies":[{"name":"wp","href":"https:\/\/api.w.org\/{rel}","templated":true}]}}

Exposición gráfica | Aves de Chile

<p><span data-sheets-root="1"><span style="color: #000000;">Exposición gráfica en el entorno sobre aves de Chile</span><br />
<span style="color: #000000;">Un panorama ideal para compartir en familia durante estas vacaciones de verano: ¡El Museo Fonck te invita a conocer una exposición gráfica en el entorno dedicada a las Aves de Chile!</span><br />
<span style="color: #000000;">Podrás conocer la importancia de las aves en la naturaleza, ya que contribuyen a la polinización, ayudan al control natural de insectos y reflejan la salud de los ecosistemas al reaccionar de forma sensible a los cambios del entorno. Es una invitación a observar, valorar y reconectar con la biodiversidad que habita nuestro territorio.</span><br />
<span style="color: #000000;">A través de esta exposición gráfica en paneles, el museo invita a las familias a disfrutar de una experiencia cercana, entretenida y educativa.</span><br />
<span style="color: #000000;">Esta invitación forma parte de “Museos en Verano”, iniciativa impulsada por el Ministerio de las Culturas, las Artes y el Patrimonio, cuyo objetivo es acercar los museos a la comunidad y promover el acceso a la cultura durante la temporada estival.</span></span></p>
<p><span style="color: #000000;">Free activity</span></p>
<p><span data-sheets-root="1"><span style="color: #000000;">Más información en Instagram </span><a class="in-cell-link" href="https://www.instagram.com/museofonck/" target="_blank" rel="noopener nofollow"><strong><span style="color: #3366ff;">@museofonck</span></strong></a></span></p>

<p>Exposición gráfica en el entorno sobre aves de Chile Un panorama ideal para compartir en familia durante estas vacaciones de verano: ¡El Museo Fonck te invita a conocer una exposición gráfica en el entorno dedicada a las Aves de Chile! Podrás conocer la importancia de las aves en la naturaleza, ya que contribuyen a la [&hellip;]</p>
