{"id":22945,"date":"2026-01-19T16:15:21","date_gmt":"2026-01-19T19:15:21","guid":{"rendered":"https:\/\/visitavina.munivina.cl\/?post_type=mec-events&#038;p=22945"},"modified":"2026-01-19T16:15:21","modified_gmt":"2026-01-19T19:15:21","slug":"concierto-festival-y-academia-internacional-de-musica-portillo","status":"publish","type":"mec-events","link":"https:\/\/visitavina.munivina.cl\/en\/actividad\/concierto-festival-y-academia-internacional-de-musica-portillo\/","title":{"rendered":"Concierto | Festival y Academia Internacional de M\u00fasica Portillo"},"content":{"rendered":"<p><span style=\"color: #000000;\" data-sheets-root=\"1\">El Festival y Academia Internacional de M\u00fasica Portillo 2026 llega a su gran final con un concierto que celebra el encuentro entre la energ\u00eda contempor\u00e1nea y la grandeza de la tradici\u00f3n sinf\u00f3nica<\/p>\n<p>La Orquesta Festival Portillo despide esta edici\u00f3n con un programa electrizante, pensado para emocionar, sorprender y poner en valor la fuerza expresiva de la m\u00fasica orquestal, en una experiencia que invita al p\u00fablico a ser parte del cierre de una temporada marcada por la excelencia art\u00edstica y el esp\u00edritu formativo del festival.<\/p>\n<p>Un cierre imperdible para vibrar con la m\u00fasica cl\u00e1sica en vivo.<\/span><\/p>\n<p><span data-sheets-root=\"1\"><span style=\"color: #000000;\">Inscripci\u00f3n y m\u00e1s informaci\u00f3n en Instagram | <\/span><a class=\"in-cell-link\" href=\"https:\/\/www.instagram.com\/stories\/teatro.munivina\" target=\"_blank\" rel=\"noopener nofollow\"><strong>@teatro.munivina<\/strong><\/a><\/span><\/p>","protected":false},"excerpt":{"rendered":"<p>El Festival y Academia Internacional de M\u00fasica Portillo 2026 llega a su gran final con un concierto que celebra el encuentro entre la energ\u00eda contempor\u00e1nea y la grandeza de la tradici\u00f3n sinf\u00f3nica La Orquesta Festival Portillo despide esta edici\u00f3n con un programa electrizante, pensado para emocionar, sorprender y poner en valor la fuerza expresiva de [&hellip;]<\/p>\n","protected":false},"author":2,"featured_media":0,"comment_status":"closed","ping_status":"closed","template":"","tags":[],"mec_category":[],"class_list":["post-22945","mec-events","type-mec-events","status-publish","hentry"],"acf":[],"_links":{"self":[{"href":"https:\/\/visitavina.munivina.cl\/en\/wp-json\/wp\/v2\/mec-events\/22945","targetHints":{"allow":["GET"]}}],"collection":[{"href":"https:\/\/visitavina.munivina.cl\/en\/wp-json\/wp\/v2\/mec-events"}],"about":[{"href":"https:\/\/visitavina.munivina.cl\/en\/wp-json\/wp\/v2\/types\/mec-events"}],"author":[{"embeddable":true,"href":"https:\/\/visitavina.munivina.cl\/en\/wp-json\/wp\/v2\/users\/2"}],"replies":[{"embeddable":true,"href":"https:\/\/visitavina.munivina.cl\/en\/wp-json\/wp\/v2\/comments?post=22945"}],"wp:attachment":[{"href":"https:\/\/visitavina.munivina.cl\/en\/wp-json\/wp\/v2\/media?parent=22945"}],"wp:term":[{"taxonomy":"post_tag","embeddable":true,"href":"https:\/\/visitavina.munivina.cl\/en\/wp-json\/wp\/v2\/tags?post=22945"},{"taxonomy":"mec_category","embeddable":true,"href":"https:\/\/visitavina.munivina.cl\/en\/wp-json\/wp\/v2\/mec_category?post=22945"}],"curies":[{"name":"wp","href":"https:\/\/api.w.org\/{rel}","templated":true}]}}

Concierto | Festival y Academia Internacional de Música Portillo

<p><span style="color: #000000;" data-sheets-root="1">El Festival y Academia Internacional de Música Portillo 2026 llega a su gran final con un concierto que celebra el encuentro entre la energía contemporánea y la grandeza de la tradición sinfónica</p>
<p>La Orquesta Festival Portillo despide esta edición con un programa electrizante, pensado para emocionar, sorprender y poner en valor la fuerza expresiva de la música orquestal, en una experiencia que invita al público a ser parte del cierre de una temporada marcada por la excelencia artística y el espíritu formativo del festival.</p>
<p>Un cierre imperdible para vibrar con la música clásica en vivo.</span></p>
<p><span data-sheets-root="1"><span style="color: #000000;">Inscripción y más información en Instagram | </span><a class="in-cell-link" href="https://www.instagram.com/stories/teatro.munivina" target="_blank" rel="noopener nofollow"><strong>@teatro.munivina</strong></a></span></p>

<p>El Festival y Academia Internacional de Música Portillo 2026 llega a su gran final con un concierto que celebra el encuentro entre la energía contemporánea y la grandeza de la tradición sinfónica La Orquesta Festival Portillo despide esta edición con un programa electrizante, pensado para emocionar, sorprender y poner en valor la fuerza expresiva de [&hellip;]</p>
