{"id":22962,"date":"2026-01-21T09:04:23","date_gmt":"2026-01-21T12:04:23","guid":{"rendered":"https:\/\/visitavina.munivina.cl\/?post_type=mec-events&#038;p=22962"},"modified":"2026-01-21T09:04:23","modified_gmt":"2026-01-21T12:04:23","slug":"taller-de-pintura-aves-playeras","status":"publish","type":"mec-events","link":"https:\/\/visitavina.munivina.cl\/en\/actividad\/taller-de-pintura-aves-playeras\/","title":{"rendered":"Taller de pintura | Aves Playeras"},"content":{"rendered":"<p><span style=\"color: #000000;\">Tallerista: Marisol Latorre Guzm\u00e1n<\/span><br \/>\n<span style=\"color: #000000;\">Una invitaci\u00f3n a vivir una experiencia familiar que combina observaci\u00f3n y pintura, en un entorno de cuidado y valoraci\u00f3n del patrimonio natural.<\/span><br \/>\n<span style=\"color: #000000;\">Dirigido a: Ni\u00f1as y ni\u00f1os de 8 a 14 a\u00f1os. (Acompa\u00f1ado\/a por un adulto a cargo, quien no paga).<\/span><br \/>\n<span style=\"color: #000000;\">El taller iniciar\u00e1 con un recorrido por las vitrinas, enfoc\u00e1ndonos en las especies de aves playeras presentes en el museo. Posteriormente revisaremos im\u00e1genes para dirigir la atenci\u00f3n hacia la forma, colores y tama\u00f1os de los ejemplares y finalmente se llevar\u00e1 a cabo una actividad de dibujo en la que cada participante elegir\u00e1 un ave a gusto y procederemos a pintarla. Para ello, se entregar\u00e1n algunos tips sobre c\u00f3mo usar los l\u00e1pices de colores sobre papel.<\/span><\/p>\n<p><span style=\"color: #000000;\">El museo dispondr\u00e1 de todo lo necesario.<\/span><\/p>\n<p><span data-sheets-root=\"1\"><span style=\"color: #000000;\">Inscripci\u00f3n, valor y m\u00e1s informaci\u00f3n en Instagram | <\/span><a class=\"in-cell-link\" href=\"https:\/\/www.instagram.com\/stories\/museofonck\" target=\"_blank\" rel=\"noopener nofollow\"><strong><span style=\"color: #3366ff;\">@museofonck<\/span><\/strong><\/a><\/span><\/p>","protected":false},"excerpt":{"rendered":"<p>Tallerista: Marisol Latorre Guzm\u00e1n Una invitaci\u00f3n a vivir una experiencia familiar que combina observaci\u00f3n y pintura, en un entorno de cuidado y valoraci\u00f3n del patrimonio natural. Dirigido a: Ni\u00f1as y ni\u00f1os de 8 a 14 a\u00f1os. (Acompa\u00f1ado\/a por un adulto a cargo, quien no paga). El taller iniciar\u00e1 con un recorrido por las vitrinas, enfoc\u00e1ndonos [&hellip;]<\/p>\n","protected":false},"author":2,"featured_media":0,"comment_status":"closed","ping_status":"closed","template":"","tags":[],"mec_category":[],"class_list":["post-22962","mec-events","type-mec-events","status-publish","hentry"],"acf":[],"_links":{"self":[{"href":"https:\/\/visitavina.munivina.cl\/en\/wp-json\/wp\/v2\/mec-events\/22962","targetHints":{"allow":["GET"]}}],"collection":[{"href":"https:\/\/visitavina.munivina.cl\/en\/wp-json\/wp\/v2\/mec-events"}],"about":[{"href":"https:\/\/visitavina.munivina.cl\/en\/wp-json\/wp\/v2\/types\/mec-events"}],"author":[{"embeddable":true,"href":"https:\/\/visitavina.munivina.cl\/en\/wp-json\/wp\/v2\/users\/2"}],"replies":[{"embeddable":true,"href":"https:\/\/visitavina.munivina.cl\/en\/wp-json\/wp\/v2\/comments?post=22962"}],"wp:attachment":[{"href":"https:\/\/visitavina.munivina.cl\/en\/wp-json\/wp\/v2\/media?parent=22962"}],"wp:term":[{"taxonomy":"post_tag","embeddable":true,"href":"https:\/\/visitavina.munivina.cl\/en\/wp-json\/wp\/v2\/tags?post=22962"},{"taxonomy":"mec_category","embeddable":true,"href":"https:\/\/visitavina.munivina.cl\/en\/wp-json\/wp\/v2\/mec_category?post=22962"}],"curies":[{"name":"wp","href":"https:\/\/api.w.org\/{rel}","templated":true}]}}

<p><span style="color: #000000;">Tallerista: Marisol Latorre Guzmán</span><br />
<span style="color: #000000;">Una invitación a vivir una experiencia familiar que combina observación y pintura, en un entorno de cuidado y valoración del patrimonio natural.</span><br />
<span style="color: #000000;">Dirigido a: Niñas y niños de 8 a 14 años. (Acompañado/a por un adulto a cargo, quien no paga).</span><br />
<span style="color: #000000;">El taller iniciará con un recorrido por las vitrinas, enfocándonos en las especies de aves playeras presentes en el museo. Posteriormente revisaremos imágenes para dirigir la atención hacia la forma, colores y tamaños de los ejemplares y finalmente se llevará a cabo una actividad de dibujo en la que cada participante elegirá un ave a gusto y procederemos a pintarla. Para ello, se entregarán algunos tips sobre cómo usar los lápices de colores sobre papel.</span></p>
<p><span style="color: #000000;">El museo dispondrá de todo lo necesario.</span></p>
<p><span data-sheets-root="1"><span style="color: #000000;">Inscripción, valor y más información en Instagram | </span><a class="in-cell-link" href="https://www.instagram.com/stories/museofonck" target="_blank" rel="noopener nofollow"><strong><span style="color: #3366ff;">@museofonck</span></strong></a></span></p>

<p>Tallerista: Marisol Latorre Guzmán Una invitación a vivir una experiencia familiar que combina observación y pintura, en un entorno de cuidado y valoración del patrimonio natural. Dirigido a: Niñas y niños de 8 a 14 años. (Acompañado/a por un adulto a cargo, quien no paga). El taller iniciará con un recorrido por las vitrinas, enfocándonos [&hellip;]</p>
