{"id":22991,"date":"2026-01-26T11:00:38","date_gmt":"2026-01-26T14:00:38","guid":{"rendered":"https:\/\/visitavina.munivina.cl\/?post_type=mec-events&#038;p=22991"},"modified":"2026-01-26T11:00:38","modified_gmt":"2026-01-26T14:00:38","slug":"presentacion-de-libro-las-aventuras-de-baldomero-porfiria-y-los-popsike-en-el-planeta-ipziko","status":"publish","type":"mec-events","link":"https:\/\/visitavina.munivina.cl\/en\/actividad\/presentacion-de-libro-las-aventuras-de-baldomero-porfiria-y-los-popsike-en-el-planeta-ipziko\/","title":{"rendered":"Presentaci\u00f3n de libro | Las aventuras de Baldomero, Porfiria y los popsike en el planeta \u00cdpziko"},"content":{"rendered":"<p><span style=\"color: #000000;\" data-sheets-root=\"1\">Las aventuras de Baldomero, Porfiria y los popsike en el planeta \u00cdpziko, con Ignacia Imboden y Gabriela Verdugo<br \/>\nA trav\u00e9s de una presentaci\u00f3n atractiva y entretenida, las utoras Ignacia Imboden y Gabriela Verdugo acercan a ni\u00f1as, ni\u00f1os y j\u00f3venes a los conceptos de neurodivergencia y atenci\u00f3n divergente, promoviendo la empat\u00eda y la valoraci\u00f3n de la diversidad.<br \/>\nActividad para las infancias<br \/>\nIngreso por orden de llegada hasta completar el aforo del recinto.<\/span><\/p>\n<p><span data-sheets-root=\"1\"><span style=\"color: #000000;\">M\u00e1s informaci\u00f3n en Instagram | <\/span><a class=\"in-cell-link\" href=\"https:\/\/www.instagram.com\/stories\/museopalaciorioja\" target=\"_blank\" rel=\"noopener nofollow\"><strong><span style=\"color: #3366ff;\">@museopalaciorioja<\/span><\/strong><\/a><\/span><\/p>","protected":false},"excerpt":{"rendered":"<p>Las aventuras de Baldomero, Porfiria y los popsike en el planeta \u00cdpziko, con Ignacia Imboden y Gabriela Verdugo A trav\u00e9s de una presentaci\u00f3n atractiva y entretenida, las utoras Ignacia Imboden y Gabriela Verdugo acercan a ni\u00f1as, ni\u00f1os y j\u00f3venes a los conceptos de neurodivergencia y atenci\u00f3n divergente, promoviendo la empat\u00eda y la valoraci\u00f3n de la [&hellip;]<\/p>\n","protected":false},"author":2,"featured_media":0,"comment_status":"closed","ping_status":"closed","template":"","tags":[],"mec_category":[],"class_list":["post-22991","mec-events","type-mec-events","status-publish","hentry"],"acf":[],"_links":{"self":[{"href":"https:\/\/visitavina.munivina.cl\/en\/wp-json\/wp\/v2\/mec-events\/22991","targetHints":{"allow":["GET"]}}],"collection":[{"href":"https:\/\/visitavina.munivina.cl\/en\/wp-json\/wp\/v2\/mec-events"}],"about":[{"href":"https:\/\/visitavina.munivina.cl\/en\/wp-json\/wp\/v2\/types\/mec-events"}],"author":[{"embeddable":true,"href":"https:\/\/visitavina.munivina.cl\/en\/wp-json\/wp\/v2\/users\/2"}],"replies":[{"embeddable":true,"href":"https:\/\/visitavina.munivina.cl\/en\/wp-json\/wp\/v2\/comments?post=22991"}],"wp:attachment":[{"href":"https:\/\/visitavina.munivina.cl\/en\/wp-json\/wp\/v2\/media?parent=22991"}],"wp:term":[{"taxonomy":"post_tag","embeddable":true,"href":"https:\/\/visitavina.munivina.cl\/en\/wp-json\/wp\/v2\/tags?post=22991"},{"taxonomy":"mec_category","embeddable":true,"href":"https:\/\/visitavina.munivina.cl\/en\/wp-json\/wp\/v2\/mec_category?post=22991"}],"curies":[{"name":"wp","href":"https:\/\/api.w.org\/{rel}","templated":true}]}}

Presentación de libro | Las aventuras de Baldomero, Porfiria y los popsike en el planeta Ípziko

<p><span style="color: #000000;" data-sheets-root="1">Las aventuras de Baldomero, Porfiria y los popsike en el planeta Ípziko, con Ignacia Imboden y Gabriela Verdugo<br />
A través de una presentación atractiva y entretenida, las utoras Ignacia Imboden y Gabriela Verdugo acercan a niñas, niños y jóvenes a los conceptos de neurodivergencia y atención divergente, promoviendo la empatía y la valoración de la diversidad.<br />
Actividad para las infancias<br />
Ingreso por orden de llegada hasta completar el aforo del recinto.</span></p>
<p><span data-sheets-root="1"><span style="color: #000000;">Más información en Instagram | </span><a class="in-cell-link" href="https://www.instagram.com/stories/museopalaciorioja" target="_blank" rel="noopener nofollow"><strong><span style="color: #3366ff;">@museopalaciorioja</span></strong></a></span></p>

<p>Las aventuras de Baldomero, Porfiria y los popsike en el planeta Ípziko, con Ignacia Imboden y Gabriela Verdugo A través de una presentación atractiva y entretenida, las utoras Ignacia Imboden y Gabriela Verdugo acercan a niñas, niños y jóvenes a los conceptos de neurodivergencia y atención divergente, promoviendo la empatía y la valoración de la [&hellip;]</p>
