{"id":22997,"date":"2026-01-26T11:21:19","date_gmt":"2026-01-26T14:21:19","guid":{"rendered":"https:\/\/visitavina.munivina.cl\/?post_type=mec-events&#038;p=22997"},"modified":"2026-01-26T11:21:19","modified_gmt":"2026-01-26T14:21:19","slug":"actividad-ludico-educativa-museo-en-tus-manos","status":"publish","type":"mec-events","link":"https:\/\/visitavina.munivina.cl\/en\/actividad\/actividad-ludico-educativa-museo-en-tus-manos\/","title":{"rendered":"Actividad l\u00fadico-educativa | Museo en tus manos"},"content":{"rendered":"<p><span style=\"color: #000000;\" data-sheets-root=\"1\">Actividad l\u00fadico educativa que invita a diversos p\u00fablicos a descubrir el Palacio Rioja de forma participativa a trav\u00e9s de din\u00e1micas creativas exploramos las claves de la arquitectura, decoraci\u00f3n, historia y colecciones de este museo fomentando el aprendizaje significativo, activo y la valoraci\u00f3n del patrimonio y el v\u00ednculo con el museo.<br \/>\nIngreso por orden de llegada hasta completar el aforo del recinto.<br \/>\n<\/span><\/p>\n<p><span data-sheets-root=\"1\"><span style=\"color: #000000;\">M\u00e1s informaci\u00f3n en Instagram | <\/span><a class=\"in-cell-link\" href=\"https:\/\/www.instagram.com\/stories\/museopalaciorioja\" target=\"_blank\" rel=\"noopener nofollow\"><strong><span style=\"color: #3366ff;\">@museopalaciorioja<\/span><\/strong><\/a><\/span><\/p>","protected":false},"excerpt":{"rendered":"<p>Actividad l\u00fadico educativa que invita a diversos p\u00fablicos a descubrir el Palacio Rioja de forma participativa a trav\u00e9s de din\u00e1micas creativas exploramos las claves de la arquitectura, decoraci\u00f3n, historia y colecciones de este museo fomentando el aprendizaje significativo, activo y la valoraci\u00f3n del patrimonio y el v\u00ednculo con el museo. Ingreso por orden de llegada [&hellip;]<\/p>\n","protected":false},"author":2,"featured_media":0,"comment_status":"closed","ping_status":"closed","template":"","tags":[],"mec_category":[],"class_list":["post-22997","mec-events","type-mec-events","status-publish","hentry"],"acf":[],"_links":{"self":[{"href":"https:\/\/visitavina.munivina.cl\/en\/wp-json\/wp\/v2\/mec-events\/22997","targetHints":{"allow":["GET"]}}],"collection":[{"href":"https:\/\/visitavina.munivina.cl\/en\/wp-json\/wp\/v2\/mec-events"}],"about":[{"href":"https:\/\/visitavina.munivina.cl\/en\/wp-json\/wp\/v2\/types\/mec-events"}],"author":[{"embeddable":true,"href":"https:\/\/visitavina.munivina.cl\/en\/wp-json\/wp\/v2\/users\/2"}],"replies":[{"embeddable":true,"href":"https:\/\/visitavina.munivina.cl\/en\/wp-json\/wp\/v2\/comments?post=22997"}],"wp:attachment":[{"href":"https:\/\/visitavina.munivina.cl\/en\/wp-json\/wp\/v2\/media?parent=22997"}],"wp:term":[{"taxonomy":"post_tag","embeddable":true,"href":"https:\/\/visitavina.munivina.cl\/en\/wp-json\/wp\/v2\/tags?post=22997"},{"taxonomy":"mec_category","embeddable":true,"href":"https:\/\/visitavina.munivina.cl\/en\/wp-json\/wp\/v2\/mec_category?post=22997"}],"curies":[{"name":"wp","href":"https:\/\/api.w.org\/{rel}","templated":true}]}}

Actividad lúdico-educativa | Museo en tus manos

<p><span style="color: #000000;" data-sheets-root="1">Actividad lúdico educativa que invita a diversos públicos a descubrir el Palacio Rioja de forma participativa a través de dinámicas creativas exploramos las claves de la arquitectura, decoración, historia y colecciones de este museo fomentando el aprendizaje significativo, activo y la valoración del patrimonio y el vínculo con el museo.<br />
Ingreso por orden de llegada hasta completar el aforo del recinto.<br />
</span></p>
<p><span data-sheets-root="1"><span style="color: #000000;">Más información en Instagram | </span><a class="in-cell-link" href="https://www.instagram.com/stories/museopalaciorioja" target="_blank" rel="noopener nofollow"><strong><span style="color: #3366ff;">@museopalaciorioja</span></strong></a></span></p>

<p>Actividad lúdico educativa que invita a diversos públicos a descubrir el Palacio Rioja de forma participativa a través de dinámicas creativas exploramos las claves de la arquitectura, decoración, historia y colecciones de este museo fomentando el aprendizaje significativo, activo y la valoración del patrimonio y el vínculo con el museo. Ingreso por orden de llegada [&hellip;]</p>
