{"id":23000,"date":"2026-01-26T11:41:37","date_gmt":"2026-01-26T14:41:37","guid":{"rendered":"https:\/\/visitavina.munivina.cl\/?post_type=mec-events&#038;p=23000"},"modified":"2026-01-26T11:41:37","modified_gmt":"2026-01-26T14:41:37","slug":"taller-del-cassette-a-la-nube-memoria-archivo-y-tecnologia","status":"publish","type":"mec-events","link":"https:\/\/visitavina.munivina.cl\/en\/actividad\/taller-del-cassette-a-la-nube-memoria-archivo-y-tecnologia\/","title":{"rendered":"Taller | Del cassette a la nube: Memoria, archivo y tecnolog\u00eda"},"content":{"rendered":"<p><span style=\"color: #000000;\">Invitamos a j\u00f3venes y p\u00fablico en general, a conocer el valor e importancia del patrimonio digital, aportando una reflexi\u00f3n sobre los equipos, soportes y formatos pasados y actuales que contienen nuestra memoria, para vincularlo con la importancia de la preservaci\u00f3n y el rol de una instituci\u00f3n de archivo.<\/span><\/p>\n<p><span data-sheets-root=\"1\"><span style=\"color: #000000;\">Inscripci\u00f3n y m\u00e1s informaci\u00f3n en Instagram |<\/span> <a class=\"in-cell-link\" href=\"https:\/\/www.instagram.com\/stories\/museofonck\" target=\"_blank\" rel=\"noopener nofollow\"><strong><span style=\"color: #3366ff;\">@museofonck<\/span><\/strong><\/a><\/span><\/p>","protected":false},"excerpt":{"rendered":"<p>Invitamos a j\u00f3venes y p\u00fablico en general, a conocer el valor e importancia del patrimonio digital, aportando una reflexi\u00f3n sobre los equipos, soportes y formatos pasados y actuales que contienen nuestra memoria, para vincularlo con la importancia de la preservaci\u00f3n y el rol de una instituci\u00f3n de archivo. Inscripci\u00f3n y m\u00e1s informaci\u00f3n en Instagram | [&hellip;]<\/p>\n","protected":false},"author":2,"featured_media":0,"comment_status":"closed","ping_status":"closed","template":"","tags":[],"mec_category":[],"class_list":["post-23000","mec-events","type-mec-events","status-publish","hentry"],"acf":[],"_links":{"self":[{"href":"https:\/\/visitavina.munivina.cl\/en\/wp-json\/wp\/v2\/mec-events\/23000","targetHints":{"allow":["GET"]}}],"collection":[{"href":"https:\/\/visitavina.munivina.cl\/en\/wp-json\/wp\/v2\/mec-events"}],"about":[{"href":"https:\/\/visitavina.munivina.cl\/en\/wp-json\/wp\/v2\/types\/mec-events"}],"author":[{"embeddable":true,"href":"https:\/\/visitavina.munivina.cl\/en\/wp-json\/wp\/v2\/users\/2"}],"replies":[{"embeddable":true,"href":"https:\/\/visitavina.munivina.cl\/en\/wp-json\/wp\/v2\/comments?post=23000"}],"wp:attachment":[{"href":"https:\/\/visitavina.munivina.cl\/en\/wp-json\/wp\/v2\/media?parent=23000"}],"wp:term":[{"taxonomy":"post_tag","embeddable":true,"href":"https:\/\/visitavina.munivina.cl\/en\/wp-json\/wp\/v2\/tags?post=23000"},{"taxonomy":"mec_category","embeddable":true,"href":"https:\/\/visitavina.munivina.cl\/en\/wp-json\/wp\/v2\/mec_category?post=23000"}],"curies":[{"name":"wp","href":"https:\/\/api.w.org\/{rel}","templated":true}]}}

Taller | Del cassette a la nube: Memoria, archivo y tecnología

<p><span style="color: #000000;">Invitamos a jóvenes y público en general, a conocer el valor e importancia del patrimonio digital, aportando una reflexión sobre los equipos, soportes y formatos pasados y actuales que contienen nuestra memoria, para vincularlo con la importancia de la preservación y el rol de una institución de archivo.</span></p>
<p><span data-sheets-root="1"><span style="color: #000000;">Inscripción y más información en Instagram |</span> <a class="in-cell-link" href="https://www.instagram.com/stories/museofonck" target="_blank" rel="noopener nofollow"><strong><span style="color: #3366ff;">@museofonck</span></strong></a></span></p>

<p>Invitamos a jóvenes y público en general, a conocer el valor e importancia del patrimonio digital, aportando una reflexión sobre los equipos, soportes y formatos pasados y actuales que contienen nuestra memoria, para vincularlo con la importancia de la preservación y el rol de una institución de archivo. Inscripción y más información en Instagram | [&hellip;]</p>
