{"id":23094,"date":"2026-01-29T11:10:50","date_gmt":"2026-01-29T14:10:50","guid":{"rendered":"https:\/\/visitavina.munivina.cl\/?post_type=mec-events&#038;p=23094"},"modified":"2026-01-29T11:10:50","modified_gmt":"2026-01-29T14:10:50","slug":"clases-de-yoga-4","status":"publish","type":"mec-events","link":"https:\/\/visitavina.munivina.cl\/en\/actividad\/clases-de-yoga-4\/","title":{"rendered":"Clases de Yoga"},"content":{"rendered":"<p><span style=\"color: #000000;\" data-sheets-root=\"1\">con Mar\u00eda Jos\u00e9 Ojeda<br \/>\nClase de yoga suave + meditaci\u00f3n \/ consciencia corporal + v\u00ednculo cuerpo-espacio, arte y patrimonio.<br \/>\nRioja Palace Gardens<br \/>\nTraer materiales de yoga, agua y bloqueador solar.<\/span><\/p>\n<p><span data-sheets-root=\"1\"><span style=\"color: #000000;\">Inscripci\u00f3n y m\u00e1s informaci\u00f3n en Instagram | <\/span><a class=\"in-cell-link\" href=\"https:\/\/www.instagram.com\/museopalaciorioja\/\" target=\"_blank\" rel=\"noopener nofollow\"><strong><span style=\"color: #3366ff;\">@museopalaciorioja<\/span><\/strong><\/a><\/span><\/p>","protected":false},"excerpt":{"rendered":"<p>con Mar\u00eda Jos\u00e9 Ojeda Clase de yoga suave + meditaci\u00f3n \/ consciencia corporal + v\u00ednculo cuerpo-espacio, arte y patrimonio. Jardines Palacio Rioja Traer materiales de yoga, agua y bloqueador solar. Inscripci\u00f3n y m\u00e1s informaci\u00f3n en Instagram | @museopalaciorioja<\/p>","protected":false},"author":2,"featured_media":0,"comment_status":"closed","ping_status":"closed","template":"","tags":[],"mec_category":[],"class_list":["post-23094","mec-events","type-mec-events","status-publish","hentry"],"acf":[],"_links":{"self":[{"href":"https:\/\/visitavina.munivina.cl\/en\/wp-json\/wp\/v2\/mec-events\/23094","targetHints":{"allow":["GET"]}}],"collection":[{"href":"https:\/\/visitavina.munivina.cl\/en\/wp-json\/wp\/v2\/mec-events"}],"about":[{"href":"https:\/\/visitavina.munivina.cl\/en\/wp-json\/wp\/v2\/types\/mec-events"}],"author":[{"embeddable":true,"href":"https:\/\/visitavina.munivina.cl\/en\/wp-json\/wp\/v2\/users\/2"}],"replies":[{"embeddable":true,"href":"https:\/\/visitavina.munivina.cl\/en\/wp-json\/wp\/v2\/comments?post=23094"}],"wp:attachment":[{"href":"https:\/\/visitavina.munivina.cl\/en\/wp-json\/wp\/v2\/media?parent=23094"}],"wp:term":[{"taxonomy":"post_tag","embeddable":true,"href":"https:\/\/visitavina.munivina.cl\/en\/wp-json\/wp\/v2\/tags?post=23094"},{"taxonomy":"mec_category","embeddable":true,"href":"https:\/\/visitavina.munivina.cl\/en\/wp-json\/wp\/v2\/mec_category?post=23094"}],"curies":[{"name":"wp","href":"https:\/\/api.w.org\/{rel}","templated":true}]}}

<p><span style="color: #000000;" data-sheets-root="1">con María José Ojeda<br />
Clase de yoga suave + meditación / consciencia corporal + vínculo cuerpo-espacio, arte y patrimonio.<br />
Rioja Palace Gardens<br />
Traer materiales de yoga, agua y bloqueador solar.</span></p>
<p><span data-sheets-root="1"><span style="color: #000000;">Inscripción y más información en Instagram | </span><a class="in-cell-link" href="https://www.instagram.com/museopalaciorioja/" target="_blank" rel="noopener nofollow"><strong><span style="color: #3366ff;">@museopalaciorioja</span></strong></a></span></p>

<p>con María José Ojeda Clase de yoga suave + meditación / consciencia corporal + vínculo cuerpo-espacio, arte y patrimonio. Jardines Palacio Rioja Traer materiales de yoga, agua y bloqueador solar. Inscripción y más información en Instagram | @museopalaciorioja</p>
