{"id":23146,"date":"2026-02-03T10:36:06","date_gmt":"2026-02-03T13:36:06","guid":{"rendered":"https:\/\/visitavina.munivina.cl\/?post_type=mec-events&#038;p=23146"},"modified":"2026-02-03T10:36:06","modified_gmt":"2026-02-03T13:36:06","slug":"fiesta-bresh","status":"publish","type":"mec-events","link":"https:\/\/visitavina.munivina.cl\/en\/actividad\/fiesta-bresh\/","title":{"rendered":"Fiesta | Bresh"},"content":{"rendered":"<p><span style=\"color: #000000;\" data-sheets-root=\"1\">Llega Bresh este 2026 y se tomar\u00e1 el cierre del verano en Vi\u00f1a del Mar, la fiesta que conquista al mundo vuelve a la regi\u00f3n de Valpara\u00edso con toda su est\u00e9tica, ambiente, m\u00fasica y puesta en escena \u00fanica, que convoca a disfrutar de un evento cuyo estilo trascendi\u00f3 la fronteras<br \/>\nLa instancia promete una celebraci\u00f3n \u00fanica con m\u00fasica, color y muchos hits que sonar\u00e1n fuerte en la fiesta que es considerada una verdadera experiencia para los amantes del baile, la alegr\u00eda y la m\u00fasica en vivo que nunca dejan de sorprender.<\/span><\/p>\n<p><span data-sheets-root=\"1\"><span style=\"color: #000000;\">Venta de entradas | <\/span><a class=\"in-cell-link\" href=\"https:\/\/www.puntoticket.com\/bresh\" target=\"_blank\" rel=\"noopener nofollow\"><strong><span style=\"color: #3366ff;\">PUNTOTICKET<\/span><\/strong><\/a><\/span><\/p>","protected":false},"excerpt":{"rendered":"<p>Llega Bresh este 2026 y se tomar\u00e1 el cierre del verano en Vi\u00f1a del Mar, la fiesta que conquista al mundo vuelve a la regi\u00f3n de Valpara\u00edso con toda su est\u00e9tica, ambiente, m\u00fasica y puesta en escena \u00fanica, que convoca a disfrutar de un evento cuyo estilo trascendi\u00f3 la fronteras La instancia promete una celebraci\u00f3n [&hellip;]<\/p>\n","protected":false},"author":20,"featured_media":0,"comment_status":"closed","ping_status":"closed","template":"","tags":[],"mec_category":[],"class_list":["post-23146","mec-events","type-mec-events","status-publish","hentry"],"acf":[],"_links":{"self":[{"href":"https:\/\/visitavina.munivina.cl\/en\/wp-json\/wp\/v2\/mec-events\/23146","targetHints":{"allow":["GET"]}}],"collection":[{"href":"https:\/\/visitavina.munivina.cl\/en\/wp-json\/wp\/v2\/mec-events"}],"about":[{"href":"https:\/\/visitavina.munivina.cl\/en\/wp-json\/wp\/v2\/types\/mec-events"}],"author":[{"embeddable":true,"href":"https:\/\/visitavina.munivina.cl\/en\/wp-json\/wp\/v2\/users\/20"}],"replies":[{"embeddable":true,"href":"https:\/\/visitavina.munivina.cl\/en\/wp-json\/wp\/v2\/comments?post=23146"}],"wp:attachment":[{"href":"https:\/\/visitavina.munivina.cl\/en\/wp-json\/wp\/v2\/media?parent=23146"}],"wp:term":[{"taxonomy":"post_tag","embeddable":true,"href":"https:\/\/visitavina.munivina.cl\/en\/wp-json\/wp\/v2\/tags?post=23146"},{"taxonomy":"mec_category","embeddable":true,"href":"https:\/\/visitavina.munivina.cl\/en\/wp-json\/wp\/v2\/mec_category?post=23146"}],"curies":[{"name":"wp","href":"https:\/\/api.w.org\/{rel}","templated":true}]}}

<p><span style="color: #000000;" data-sheets-root="1">Llega Bresh este 2026 y se tomará el cierre del verano en Viña del Mar, la fiesta que conquista al mundo vuelve a la región de Valparaíso con toda su estética, ambiente, música y puesta en escena única, que convoca a disfrutar de un evento cuyo estilo trascendió la fronteras<br />
La instancia promete una celebración única con música, color y muchos hits que sonarán fuerte en la fiesta que es considerada una verdadera experiencia para los amantes del baile, la alegría y la música en vivo que nunca dejan de sorprender.</span></p>
<p><span data-sheets-root="1"><span style="color: #000000;">Venta de entradas | </span><a class="in-cell-link" href="https://www.puntoticket.com/bresh" target="_blank" rel="noopener nofollow"><strong><span style="color: #3366ff;">PUNTOTICKET</span></strong></a></span></p>

<p>Llega Bresh este 2026 y se tomará el cierre del verano en Viña del Mar, la fiesta que conquista al mundo vuelve a la región de Valparaíso con toda su estética, ambiente, música y puesta en escena única, que convoca a disfrutar de un evento cuyo estilo trascendió la fronteras La instancia promete una celebración [&hellip;]</p>
