{"id":23235,"date":"2026-03-02T17:20:44","date_gmt":"2026-03-02T20:20:44","guid":{"rendered":"https:\/\/visitavina.munivina.cl\/?post_type=mec-events&#038;p=23235"},"modified":"2026-03-02T17:20:44","modified_gmt":"2026-03-02T20:20:44","slug":"musica-vina-classic-presenta-a-sinaka","status":"publish","type":"mec-events","link":"https:\/\/visitavina.munivina.cl\/en\/actividad\/musica-vina-classic-presenta-a-sinaka\/","title":{"rendered":"M\u00fasica | Vi\u00f1a Classic &#8211; Presenta a Sinaka"},"content":{"rendered":"<p><span data-sheets-root=\"1\">Es imposible que no hayas escuchado el nombre de Sinaka o alguno de sus recientes \u00e9xitos como \u201cAl\u00f3\u201d con Katteyes.<br \/>\nEl 2025 fue, sin duda, el a\u00f1o de su lanzamiento al \u00e9xito masivo. Con hits como \u201cSenda Bellakona\u201d liderando los rankings, el joven de la Quinta Regi\u00f3n demuestra que tiene una visi\u00f3n musical clara.<br \/>\nPor otro lado, Sinaka ha logrado que medios internacionales pongan sus ojos en este ritmo urbano hecho en Chile. Incluso fue reconocido por el medio extranjero Pitchfork, evaluando su \u00faltimo \u00e1lbum con un 7,2, superando al \u00faltimo \u00e1lbum de Taylor Swift.<\/span><\/p>\n<p><span data-sheets-root=\"1\">Venta de entradas | <a class=\"in-cell-link\" href=\"https:\/\/www.puntoticket.com\/evento\/vina-classic-presenta-a-sinaka\" target=\"_blank\" rel=\"noopener nofollow\">PUNTOTICKET<\/a><\/span><\/p>","protected":false},"excerpt":{"rendered":"<p>Es imposible que no hayas escuchado el nombre de Sinaka o alguno de sus recientes \u00e9xitos como \u201cAl\u00f3\u201d con Katteyes. El 2025 fue, sin duda, el a\u00f1o de su lanzamiento al \u00e9xito masivo. Con hits como \u201cSenda Bellakona\u201d liderando los rankings, el joven de la Quinta Regi\u00f3n demuestra que tiene una visi\u00f3n musical clara. Por [&hellip;]<\/p>\n","protected":false},"author":10,"featured_media":0,"comment_status":"closed","ping_status":"closed","template":"","tags":[],"mec_category":[],"class_list":["post-23235","mec-events","type-mec-events","status-publish","hentry"],"acf":[],"_links":{"self":[{"href":"https:\/\/visitavina.munivina.cl\/en\/wp-json\/wp\/v2\/mec-events\/23235","targetHints":{"allow":["GET"]}}],"collection":[{"href":"https:\/\/visitavina.munivina.cl\/en\/wp-json\/wp\/v2\/mec-events"}],"about":[{"href":"https:\/\/visitavina.munivina.cl\/en\/wp-json\/wp\/v2\/types\/mec-events"}],"author":[{"embeddable":true,"href":"https:\/\/visitavina.munivina.cl\/en\/wp-json\/wp\/v2\/users\/10"}],"replies":[{"embeddable":true,"href":"https:\/\/visitavina.munivina.cl\/en\/wp-json\/wp\/v2\/comments?post=23235"}],"wp:attachment":[{"href":"https:\/\/visitavina.munivina.cl\/en\/wp-json\/wp\/v2\/media?parent=23235"}],"wp:term":[{"taxonomy":"post_tag","embeddable":true,"href":"https:\/\/visitavina.munivina.cl\/en\/wp-json\/wp\/v2\/tags?post=23235"},{"taxonomy":"mec_category","embeddable":true,"href":"https:\/\/visitavina.munivina.cl\/en\/wp-json\/wp\/v2\/mec_category?post=23235"}],"curies":[{"name":"wp","href":"https:\/\/api.w.org\/{rel}","templated":true}]}}

Música | Viña Classic &#8211; Presenta a Sinaka

<p><span data-sheets-root="1">Es imposible que no hayas escuchado el nombre de Sinaka o alguno de sus recientes éxitos como “Aló” con Katteyes.<br />
El 2025 fue, sin duda, el año de su lanzamiento al éxito masivo. Con hits como “Senda Bellakona” liderando los rankings, el joven de la Quinta Región demuestra que tiene una visión musical clara.<br />
Por otro lado, Sinaka ha logrado que medios internacionales pongan sus ojos en este ritmo urbano hecho en Chile. Incluso fue reconocido por el medio extranjero Pitchfork, evaluando su último álbum con un 7,2, superando al último álbum de Taylor Swift.</span></p>
<p><span data-sheets-root="1">Venta de entradas | <a class="in-cell-link" href="https://www.puntoticket.com/evento/vina-classic-presenta-a-sinaka" target="_blank" rel="noopener nofollow">PUNTOTICKET</a></span></p>

<p>Es imposible que no hayas escuchado el nombre de Sinaka o alguno de sus recientes éxitos como “Aló” con Katteyes. El 2025 fue, sin duda, el año de su lanzamiento al éxito masivo. Con hits como “Senda Bellakona” liderando los rankings, el joven de la Quinta Región demuestra que tiene una visión musical clara. Por [&hellip;]</p>
