{"id":23262,"date":"2026-03-03T15:50:22","date_gmt":"2026-03-03T18:50:22","guid":{"rendered":"https:\/\/visitavina.munivina.cl\/?post_type=mec-events&#038;p=23262"},"modified":"2026-03-03T15:50:22","modified_gmt":"2026-03-03T18:50:22","slug":"ciclo-de-cine-homenaje-a-diane-keaton-un-despertar-glorioso","status":"publish","type":"mec-events","link":"https:\/\/visitavina.munivina.cl\/en\/actividad\/ciclo-de-cine-homenaje-a-diane-keaton-un-despertar-glorioso\/","title":{"rendered":"Ciclo de cine Homenaje a Diane Keaton\u00a0| Un despertar glorioso"},"content":{"rendered":"<p><span data-sheets-root=\"1\">Dir. Roger Michell (2010)<br \/>\nCuando la joven Becky Fuller (Rachel McAdams), una en\u00e9rgica productora de TV, es despedida de su trabajo en Nueva Jersey, su vida profesional se hace tan sombr\u00eda como su vida sentimental. Su siguiente trabajo, en una gran cadena neoyorquina, consistir\u00e1 en sacar a flote un magazine matinal de segunda; para ello contrata a Mike Pomeroy (Harrison Ford), un famoso periodista de televisi\u00f3n ca\u00eddo en el olvido, para que presente el programa con Colleen Peck (Diane Keaton), una veterana cascarrabias.<br \/>\nIngreso por orden de llegada hasta completar el aforo del recinto.<\/span><\/p>\n<p><span data-sheets-root=\"1\">M\u00e1s informaci\u00f3n en Instagram | <a class=\"in-cell-link\" href=\"https:\/\/www.instagram.com\/stories\/museopalaciorioja\" target=\"_blank\" rel=\"noopener nofollow\">@museopalaciorioja<\/a><\/span><br \/>\nFree activity. Aldo Francia Hall<\/p>","protected":false},"excerpt":{"rendered":"<p>Dir. Roger Michell (2010) Cuando la joven Becky Fuller (Rachel McAdams), una en\u00e9rgica productora de TV, es despedida de su trabajo en Nueva Jersey, su vida profesional se hace tan sombr\u00eda como su vida sentimental. Su siguiente trabajo, en una gran cadena neoyorquina, consistir\u00e1 en sacar a flote un magazine matinal de segunda; para ello [&hellip;]<\/p>\n","protected":false},"author":10,"featured_media":0,"comment_status":"closed","ping_status":"closed","template":"","tags":[],"mec_category":[],"class_list":["post-23262","mec-events","type-mec-events","status-publish","hentry"],"acf":[],"_links":{"self":[{"href":"https:\/\/visitavina.munivina.cl\/en\/wp-json\/wp\/v2\/mec-events\/23262","targetHints":{"allow":["GET"]}}],"collection":[{"href":"https:\/\/visitavina.munivina.cl\/en\/wp-json\/wp\/v2\/mec-events"}],"about":[{"href":"https:\/\/visitavina.munivina.cl\/en\/wp-json\/wp\/v2\/types\/mec-events"}],"author":[{"embeddable":true,"href":"https:\/\/visitavina.munivina.cl\/en\/wp-json\/wp\/v2\/users\/10"}],"replies":[{"embeddable":true,"href":"https:\/\/visitavina.munivina.cl\/en\/wp-json\/wp\/v2\/comments?post=23262"}],"wp:attachment":[{"href":"https:\/\/visitavina.munivina.cl\/en\/wp-json\/wp\/v2\/media?parent=23262"}],"wp:term":[{"taxonomy":"post_tag","embeddable":true,"href":"https:\/\/visitavina.munivina.cl\/en\/wp-json\/wp\/v2\/tags?post=23262"},{"taxonomy":"mec_category","embeddable":true,"href":"https:\/\/visitavina.munivina.cl\/en\/wp-json\/wp\/v2\/mec_category?post=23262"}],"curies":[{"name":"wp","href":"https:\/\/api.w.org\/{rel}","templated":true}]}}

<p><span data-sheets-root="1">Dir. Roger Michell (2010)<br />
Cuando la joven Becky Fuller (Rachel McAdams), una enérgica productora de TV, es despedida de su trabajo en Nueva Jersey, su vida profesional se hace tan sombría como su vida sentimental. Su siguiente trabajo, en una gran cadena neoyorquina, consistirá en sacar a flote un magazine matinal de segunda; para ello contrata a Mike Pomeroy (Harrison Ford), un famoso periodista de televisión caído en el olvido, para que presente el programa con Colleen Peck (Diane Keaton), una veterana cascarrabias.<br />
Ingreso por orden de llegada hasta completar el aforo del recinto.</span></p>
<p><span data-sheets-root="1">Más información en Instagram | <a class="in-cell-link" href="https://www.instagram.com/stories/museopalaciorioja" target="_blank" rel="noopener nofollow">@museopalaciorioja</a></span><br />
Free activity. Aldo Francia Hall</p>

<p>Dir. Roger Michell (2010) Cuando la joven Becky Fuller (Rachel McAdams), una enérgica productora de TV, es despedida de su trabajo en Nueva Jersey, su vida profesional se hace tan sombría como su vida sentimental. Su siguiente trabajo, en una gran cadena neoyorquina, consistirá en sacar a flote un magazine matinal de segunda; para ello [&hellip;]</p>
