{"id":23686,"date":"2026-03-17T10:34:38","date_gmt":"2026-03-17T13:34:38","guid":{"rendered":"https:\/\/visitavina.munivina.cl\/?post_type=mec-events&#038;p=23686"},"modified":"2026-03-17T10:34:38","modified_gmt":"2026-03-17T13:34:38","slug":"reino-medieval-la-fiesta-de-la-fortuna","status":"publish","type":"mec-events","link":"https:\/\/visitavina.munivina.cl\/en\/actividad\/reino-medieval-la-fiesta-de-la-fortuna\/","title":{"rendered":"Reino Medieval | La Fiesta de la Fortuna"},"content":{"rendered":"<p><span data-sheets-root=\"1\">El Reino Medieval se viste de verde\u2026 y t\u00fa est\u00e1s invitado a un fin de semana inspirado en San Patricio, lleno de m\u00fasica, juegos y esp\u00edritu celta para toda la familia.<br \/>\nVen con tu mejor vestimenta verde, re\u00fane a tu grupo de aventureros y prep\u00e1rate para disfrutar de concursos, desaf\u00edos y muchas sorpresas en el Reino.<\/span><\/p>\n<p>Actividades en familia y m\u00e1s:<br \/>\nLa Corte Verde<br \/>\nParticipa en nuestro concurso de trajes medievales y pres\u00e9ntate ante la corte luciendo tu mejor atuendo verde.<br \/>\nLos Juegos de Charis<br \/>\nDesaf\u00edos y juegos inspirados en la fortuna irlandesa:<br \/>\nCacer\u00eda del Leprechaun<br \/>\nB\u00fasqueda de Tr\u00e9boles<br \/>\nDesaf\u00edo del Arco\u00edris<br \/>\nLa Olla de Oro<br \/>\nEl Guardi\u00e1n del Tesoro<br \/>\nEl Desaf\u00edo del Tabernero y m\u00e1s!<br \/>\nM\u00fasica y Danza Irlandesa en vivo<\/p>\n<p>Dancing Clover\u2019s Irish Dance Academy @dancingclovers<br \/>\nAbsinthe Folk Celta @absinthe.banda<br \/>\nThe Shamrock Mates \u2013 Rock Irland\u00e9s @theshamrockmates<\/p>\n<p>Ven con tu atuendo verde y celebra con nosotros un fin de semana lleno de m\u00fasica, juegos y magia medieval.<br \/>\nLa fortuna favorece a quienes se atreven a venir al Reino.<br \/>\nSolo se paga el ingreso al parque.<br \/>\n<span data-sheets-root=\"1\">M\u00e1s informaci\u00f3n en Instagram | <a class=\"in-cell-link\" href=\"https:\/\/www.instagram.com\/stories\/jardinbotanicovdm\" target=\"_blank\" rel=\"noopener nofollow\">@jardinbotanicovdm<\/a><\/span><\/p>","protected":false},"excerpt":{"rendered":"<p>El Reino Medieval se viste de verde\u2026 y t\u00fa est\u00e1s invitado a un fin de semana inspirado en San Patricio, lleno de m\u00fasica, juegos y esp\u00edritu celta para toda la familia. Ven con tu mejor vestimenta verde, re\u00fane a tu grupo de aventureros y prep\u00e1rate para disfrutar de concursos, desaf\u00edos y muchas sorpresas en el [&hellip;]<\/p>\n","protected":false},"author":10,"featured_media":0,"comment_status":"closed","ping_status":"closed","template":"","tags":[],"mec_category":[],"class_list":["post-23686","mec-events","type-mec-events","status-publish","hentry"],"acf":[],"_links":{"self":[{"href":"https:\/\/visitavina.munivina.cl\/en\/wp-json\/wp\/v2\/mec-events\/23686","targetHints":{"allow":["GET"]}}],"collection":[{"href":"https:\/\/visitavina.munivina.cl\/en\/wp-json\/wp\/v2\/mec-events"}],"about":[{"href":"https:\/\/visitavina.munivina.cl\/en\/wp-json\/wp\/v2\/types\/mec-events"}],"author":[{"embeddable":true,"href":"https:\/\/visitavina.munivina.cl\/en\/wp-json\/wp\/v2\/users\/10"}],"replies":[{"embeddable":true,"href":"https:\/\/visitavina.munivina.cl\/en\/wp-json\/wp\/v2\/comments?post=23686"}],"wp:attachment":[{"href":"https:\/\/visitavina.munivina.cl\/en\/wp-json\/wp\/v2\/media?parent=23686"}],"wp:term":[{"taxonomy":"post_tag","embeddable":true,"href":"https:\/\/visitavina.munivina.cl\/en\/wp-json\/wp\/v2\/tags?post=23686"},{"taxonomy":"mec_category","embeddable":true,"href":"https:\/\/visitavina.munivina.cl\/en\/wp-json\/wp\/v2\/mec_category?post=23686"}],"curies":[{"name":"wp","href":"https:\/\/api.w.org\/{rel}","templated":true}]}}

<p><span data-sheets-root="1">El Reino Medieval se viste de verde… y tú estás invitado a un fin de semana inspirado en San Patricio, lleno de música, juegos y espíritu celta para toda la familia.<br />
Ven con tu mejor vestimenta verde, reúne a tu grupo de aventureros y prepárate para disfrutar de concursos, desafíos y muchas sorpresas en el Reino.</span></p>
<p>Actividades en familia y más:<br />
La Corte Verde<br />
Participa en nuestro concurso de trajes medievales y preséntate ante la corte luciendo tu mejor atuendo verde.<br />
Los Juegos de Charis<br />
Desafíos y juegos inspirados en la fortuna irlandesa:<br />
Cacería del Leprechaun<br />
Búsqueda de Tréboles<br />
Desafío del Arcoíris<br />
La Olla de Oro<br />
El Guardián del Tesoro<br />
El Desafío del Tabernero y más!<br />
Música y Danza Irlandesa en vivo</p>
<p>Dancing Clover’s Irish Dance Academy @dancingclovers<br />
Absinthe Folk Celta @absinthe.banda<br />
The Shamrock Mates – Rock Irlandés @theshamrockmates</p>
<p>Ven con tu atuendo verde y celebra con nosotros un fin de semana lleno de música, juegos y magia medieval.<br />
La fortuna favorece a quienes se atreven a venir al Reino.<br />
Solo se paga el ingreso al parque.<br />
<span data-sheets-root="1">Más información en Instagram | <a class="in-cell-link" href="https://www.instagram.com/stories/jardinbotanicovdm" target="_blank" rel="noopener nofollow">@jardinbotanicovdm</a></span></p>

<p>El Reino Medieval se viste de verde… y tú estás invitado a un fin de semana inspirado en San Patricio, lleno de música, juegos y espíritu celta para toda la familia. Ven con tu mejor vestimenta verde, reúne a tu grupo de aventureros y prepárate para disfrutar de concursos, desafíos y muchas sorpresas en el [&hellip;]</p>
