{"id":23728,"date":"2026-03-18T10:03:59","date_gmt":"2026-03-18T13:03:59","guid":{"rendered":"https:\/\/visitavina.munivina.cl\/?post_type=mec-events&#038;p=23728"},"modified":"2026-03-18T10:03:59","modified_gmt":"2026-03-18T13:03:59","slug":"biblioteca-municipal-cafe-literario","status":"publish","type":"mec-events","link":"https:\/\/visitavina.munivina.cl\/en\/actividad\/biblioteca-municipal-cafe-literario\/","title":{"rendered":"Biblioteca Municipal | Caf\u00e9 Literario"},"content":{"rendered":"<p><span data-sheets-root=\"1\">Te invitamos a compartir tus lecturas, conversar, hacer comunidad y disfrutar de un buen caf\u00e9. Un espacio para descubrir nuevas historias y regalarte una pausa de la rutina.<br \/>\nLa actividad se realizar\u00e1 en la Biblioteca Municipal Benjam\u00edn Vicu\u00f1a Mackenna, en el Sal\u00f3n Harry\u2019s del Hotel O\u2019Higgins.<\/span><\/p>\n<p>Free activity<br \/>\nNo olvides que los cupos son limitados, as\u00ed que inscr\u00edbete a trav\u00e9s del correo o n\u00famero indicado.<\/p>\n<p><span data-sheets-root=\"1\">Inscripci\u00f3n | bibliotecas@munivina.cl<\/span><\/p>","protected":false},"excerpt":{"rendered":"<p>Te invitamos a compartir tus lecturas, conversar, hacer comunidad y disfrutar de un buen caf\u00e9. Un espacio para descubrir nuevas historias y regalarte una pausa de la rutina. La actividad se realizar\u00e1 en la Biblioteca Municipal Benjam\u00edn Vicu\u00f1a Mackenna, en el Sal\u00f3n Harry\u2019s del Hotel O\u2019Higgins. Actividad gratuita No olvides que los cupos son limitados, [&hellip;]<\/p>\n","protected":false},"author":10,"featured_media":0,"comment_status":"closed","ping_status":"closed","template":"","tags":[],"mec_category":[],"class_list":["post-23728","mec-events","type-mec-events","status-publish","hentry"],"acf":[],"_links":{"self":[{"href":"https:\/\/visitavina.munivina.cl\/en\/wp-json\/wp\/v2\/mec-events\/23728","targetHints":{"allow":["GET"]}}],"collection":[{"href":"https:\/\/visitavina.munivina.cl\/en\/wp-json\/wp\/v2\/mec-events"}],"about":[{"href":"https:\/\/visitavina.munivina.cl\/en\/wp-json\/wp\/v2\/types\/mec-events"}],"author":[{"embeddable":true,"href":"https:\/\/visitavina.munivina.cl\/en\/wp-json\/wp\/v2\/users\/10"}],"replies":[{"embeddable":true,"href":"https:\/\/visitavina.munivina.cl\/en\/wp-json\/wp\/v2\/comments?post=23728"}],"wp:attachment":[{"href":"https:\/\/visitavina.munivina.cl\/en\/wp-json\/wp\/v2\/media?parent=23728"}],"wp:term":[{"taxonomy":"post_tag","embeddable":true,"href":"https:\/\/visitavina.munivina.cl\/en\/wp-json\/wp\/v2\/tags?post=23728"},{"taxonomy":"mec_category","embeddable":true,"href":"https:\/\/visitavina.munivina.cl\/en\/wp-json\/wp\/v2\/mec_category?post=23728"}],"curies":[{"name":"wp","href":"https:\/\/api.w.org\/{rel}","templated":true}]}}

Biblioteca Municipal | Café Literario

<p><span data-sheets-root="1">Te invitamos a compartir tus lecturas, conversar, hacer comunidad y disfrutar de un buen café. Un espacio para descubrir nuevas historias y regalarte una pausa de la rutina.<br />
La actividad se realizará en la Biblioteca Municipal Benjamín Vicuña Mackenna, en el Salón Harry’s del Hotel O’Higgins.</span></p>
<p>Free activity<br />
No olvides que los cupos son limitados, así que inscríbete a través del correo o número indicado.</p>
<p><span data-sheets-root="1">Inscripción | bibliotecas@munivina.cl</span></p>

<p>Te invitamos a compartir tus lecturas, conversar, hacer comunidad y disfrutar de un buen café. Un espacio para descubrir nuevas historias y regalarte una pausa de la rutina. La actividad se realizará en la Biblioteca Municipal Benjamín Vicuña Mackenna, en el Salón Harry’s del Hotel O’Higgins. Actividad gratuita No olvides que los cupos son limitados, [&hellip;]</p>
