{"id":23762,"date":"2026-03-27T11:58:09","date_gmt":"2026-03-27T14:58:09","guid":{"rendered":"https:\/\/visitavina.munivina.cl\/?post_type=mec-events&#038;p=23762"},"modified":"2026-03-27T15:18:21","modified_gmt":"2026-03-27T18:18:21","slug":"ciclo-cine-de-terror-la-machi-guenteray-chile","status":"publish","type":"mec-events","link":"https:\/\/visitavina.munivina.cl\/en\/actividad\/ciclo-cine-de-terror-la-machi-guenteray-chile\/","title":{"rendered":"Ciclo cine de Terror | La Machi Guenteray, Chile"},"content":{"rendered":"<p><span data-sheets-root=\"1\">Convenio con la versi\u00f3n 10a del Fixion Fest 2026<br \/>\nLargometrajes seleccionados en Competencia Oficial<br \/>\n<strong>Pel\u00edcula: La Machi Guenteray. Chile<\/strong><br \/>\nFantas\u00eda, hist\u00f3rica, drama. Eva Castro y Claudio Castro, Chile, 75 m, 2024.<br \/>\nUna pel\u00edcula inspirada en la obra literaria de Sonia Montecino \u201cRitos de Vida y muerte Brujas y Hechiceras\u201d<br \/>\nReino de Chile, 1693. En plena tensi\u00f3n entre culturas, una Machi, sabia ancestral y guardiana del equilibrio entre la vida y la muerte, es sometida a un juicio por asesinar mediante brujer\u00eda, a varios Lonkos Mapuche que colaboraban con los colonizadores espa\u00f1oles.<br \/>\nActividad gratuita. Sala aldo Francia<br \/>\nEvento por orden de llegada hasta completar el aforo.<\/span><br \/>\n<span data-sheets-root=\"1\">M\u00e1s informaci\u00f3n en Instagram | <a class=\"in-cell-link\" href=\"https:\/\/www.instagram.com\/museopalaciorioja\" target=\"_blank\" rel=\"noopener nofollow\">@museopalaciorioja<\/a><\/span><\/p>","protected":false},"excerpt":{"rendered":"<p>Convenio con la versi\u00f3n 10a del Fixion Fest 2026 Largometrajes seleccionados en Competencia Oficial Pel\u00edcula: La Machi Guenteray. Chile Fantas\u00eda, hist\u00f3rica, drama. Eva Castro y Claudio Castro, Chile, 75 m, 2024. Una pel\u00edcula inspirada en la obra literaria de Sonia Montecino \u201cRitos de Vida y muerte Brujas y Hechiceras\u201d Reino de Chile, 1693. En plena [&hellip;]<\/p>\n","protected":false},"author":10,"featured_media":0,"comment_status":"closed","ping_status":"closed","template":"","tags":[],"mec_category":[],"class_list":["post-23762","mec-events","type-mec-events","status-publish","hentry"],"acf":[],"_links":{"self":[{"href":"https:\/\/visitavina.munivina.cl\/en\/wp-json\/wp\/v2\/mec-events\/23762","targetHints":{"allow":["GET"]}}],"collection":[{"href":"https:\/\/visitavina.munivina.cl\/en\/wp-json\/wp\/v2\/mec-events"}],"about":[{"href":"https:\/\/visitavina.munivina.cl\/en\/wp-json\/wp\/v2\/types\/mec-events"}],"author":[{"embeddable":true,"href":"https:\/\/visitavina.munivina.cl\/en\/wp-json\/wp\/v2\/users\/10"}],"replies":[{"embeddable":true,"href":"https:\/\/visitavina.munivina.cl\/en\/wp-json\/wp\/v2\/comments?post=23762"}],"wp:attachment":[{"href":"https:\/\/visitavina.munivina.cl\/en\/wp-json\/wp\/v2\/media?parent=23762"}],"wp:term":[{"taxonomy":"post_tag","embeddable":true,"href":"https:\/\/visitavina.munivina.cl\/en\/wp-json\/wp\/v2\/tags?post=23762"},{"taxonomy":"mec_category","embeddable":true,"href":"https:\/\/visitavina.munivina.cl\/en\/wp-json\/wp\/v2\/mec_category?post=23762"}],"curies":[{"name":"wp","href":"https:\/\/api.w.org\/{rel}","templated":true}]}}

<p><span data-sheets-root="1">Convenio con la versión 10a del Fixion Fest 2026<br />
Largometrajes seleccionados en Competencia Oficial<br />
<strong>Película: La Machi Guenteray. Chile</strong><br />
Fantasía, histórica, drama. Eva Castro y Claudio Castro, Chile, 75 m, 2024.<br />
Una película inspirada en la obra literaria de Sonia Montecino “Ritos de Vida y muerte Brujas y Hechiceras”<br />
Reino de Chile, 1693. En plena tensión entre culturas, una Machi, sabia ancestral y guardiana del equilibrio entre la vida y la muerte, es sometida a un juicio por asesinar mediante brujería, a varios Lonkos Mapuche que colaboraban con los colonizadores españoles.<br />
Actividad gratuita. Sala aldo Francia<br />
Evento por orden de llegada hasta completar el aforo.</span><br />
<span data-sheets-root="1">Más información en Instagram | <a class="in-cell-link" href="https://www.instagram.com/museopalaciorioja" target="_blank" rel="noopener nofollow">@museopalaciorioja</a></span></p>

<p>Convenio con la versión 10a del Fixion Fest 2026 Largometrajes seleccionados en Competencia Oficial Película: La Machi Guenteray. Chile Fantasía, histórica, drama. Eva Castro y Claudio Castro, Chile, 75 m, 2024. Una película inspirada en la obra literaria de Sonia Montecino “Ritos de Vida y muerte Brujas y Hechiceras” Reino de Chile, 1693. En plena [&hellip;]</p>
