{"id":23763,"date":"2026-03-27T12:03:47","date_gmt":"2026-03-27T15:03:47","guid":{"rendered":"https:\/\/visitavina.munivina.cl\/?post_type=mec-events&#038;p=23763"},"modified":"2026-03-27T12:03:47","modified_gmt":"2026-03-27T15:03:47","slug":"musica-distancia-critica","status":"publish","type":"mec-events","link":"https:\/\/visitavina.munivina.cl\/en\/actividad\/musica-distancia-critica\/","title":{"rendered":"M\u00fasica | Distancia Cr\u00edtica"},"content":{"rendered":"<p><span data-sheets-root=\"1\">Lanzamiento en vivo del EP \u201cDistancia Cr\u00edtica\u201d que vi\u00f3 la luz en noviembre del a\u00f1o pasado, con las primeras composiciones del tr\u00edo vi\u00f1amarino.<br \/>\nTras un activo 2025, con presentaciones junto a Asia Menor en su regreso a Valpara\u00edso y como parte de la gira de Cataratas en Siberia en Vi\u00f1a del Mar, el grupo dispuesto a abrir esta temporada en grande, llevando su puesta en escena al siguiente nivel con un show mucho m\u00e1s preparado para hacer justicia a su trabajo en estudio.<br \/>\nFree activity. Aldo Francia Hall<br \/>\nEvento por orden de llegada hasta completar el aforo<\/span><br \/>\n<span data-sheets-root=\"1\">M\u00e1s informaci\u00f3n en Instagram | <a class=\"in-cell-link\" href=\"https:\/\/www.instagram.com\/museopalaciorioja\" target=\"_blank\" rel=\"noopener nofollow\">@museopalaciorioja<\/a><\/span><\/p>","protected":false},"excerpt":{"rendered":"<p>Lanzamiento en vivo del EP \u201cDistancia Cr\u00edtica\u201d que vi\u00f3 la luz en noviembre del a\u00f1o pasado, con las primeras composiciones del tr\u00edo vi\u00f1amarino. Tras un activo 2025, con presentaciones junto a Asia Menor en su regreso a Valpara\u00edso y como parte de la gira de Cataratas en Siberia en Vi\u00f1a del Mar, el grupo dispuesto [&hellip;]<\/p>\n","protected":false},"author":10,"featured_media":0,"comment_status":"closed","ping_status":"closed","template":"","tags":[],"mec_category":[],"class_list":["post-23763","mec-events","type-mec-events","status-publish","hentry"],"acf":[],"_links":{"self":[{"href":"https:\/\/visitavina.munivina.cl\/en\/wp-json\/wp\/v2\/mec-events\/23763","targetHints":{"allow":["GET"]}}],"collection":[{"href":"https:\/\/visitavina.munivina.cl\/en\/wp-json\/wp\/v2\/mec-events"}],"about":[{"href":"https:\/\/visitavina.munivina.cl\/en\/wp-json\/wp\/v2\/types\/mec-events"}],"author":[{"embeddable":true,"href":"https:\/\/visitavina.munivina.cl\/en\/wp-json\/wp\/v2\/users\/10"}],"replies":[{"embeddable":true,"href":"https:\/\/visitavina.munivina.cl\/en\/wp-json\/wp\/v2\/comments?post=23763"}],"wp:attachment":[{"href":"https:\/\/visitavina.munivina.cl\/en\/wp-json\/wp\/v2\/media?parent=23763"}],"wp:term":[{"taxonomy":"post_tag","embeddable":true,"href":"https:\/\/visitavina.munivina.cl\/en\/wp-json\/wp\/v2\/tags?post=23763"},{"taxonomy":"mec_category","embeddable":true,"href":"https:\/\/visitavina.munivina.cl\/en\/wp-json\/wp\/v2\/mec_category?post=23763"}],"curies":[{"name":"wp","href":"https:\/\/api.w.org\/{rel}","templated":true}]}}

Música | Distancia Crítica

<p><span data-sheets-root="1">Lanzamiento en vivo del EP “Distancia Crítica” que vió la luz en noviembre del año pasado, con las primeras composiciones del trío viñamarino.<br />
Tras un activo 2025, con presentaciones junto a Asia Menor en su regreso a Valparaíso y como parte de la gira de Cataratas en Siberia en Viña del Mar, el grupo dispuesto a abrir esta temporada en grande, llevando su puesta en escena al siguiente nivel con un show mucho más preparado para hacer justicia a su trabajo en estudio.<br />
Free activity. Aldo Francia Hall<br />
Evento por orden de llegada hasta completar el aforo</span><br />
<span data-sheets-root="1">Más información en Instagram | <a class="in-cell-link" href="https://www.instagram.com/museopalaciorioja" target="_blank" rel="noopener nofollow">@museopalaciorioja</a></span></p>

<p>Lanzamiento en vivo del EP “Distancia Crítica” que vió la luz en noviembre del año pasado, con las primeras composiciones del trío viñamarino. Tras un activo 2025, con presentaciones junto a Asia Menor en su regreso a Valparaíso y como parte de la gira de Cataratas en Siberia en Viña del Mar, el grupo dispuesto [&hellip;]</p>
