{"id":23792,"date":"2026-03-31T11:57:26","date_gmt":"2026-03-31T14:57:26","guid":{"rendered":"https:\/\/visitavina.munivina.cl\/?post_type=mec-events&#038;p=23792"},"modified":"2026-03-31T11:57:26","modified_gmt":"2026-03-31T14:57:26","slug":"teatro-las-islas-tambien-duermen","status":"publish","type":"mec-events","link":"https:\/\/visitavina.munivina.cl\/en\/actividad\/teatro-las-islas-tambien-duermen\/","title":{"rendered":"Teatro | Las islas tambi\u00e9n duermen"},"content":{"rendered":"<p><span data-sheets-root=\"1\">Compa\u00f1\u00eda Proyecto Fuego<br \/>\nDirecci\u00f3n: Mar\u00eda Paz Gonz\u00e1lez<\/span><br \/>\nDurante un eclipse el Sol y la Luna \u2014dos personajes que lo ven todo desde la oscuridad del espacio exterior \u2014, nos cuentan la historia de Simbad, un marinero curioso que llega a un lugar que parece un para\u00edso. Usa sus recursos, lo declara su hogar y enciende una fogata. Hasta que descubre que no est\u00e1 en tierra firme, sino sobre el lomo de una ballena dormida.<\/p>\n<p><span data-sheets-root=\"1\">Inscripci\u00f3n y m\u00e1s informaci\u00f3n en Instagram | <a class=\"in-cell-link\" href=\"https:\/\/www.instagram.com\/teatro.munivina\" target=\"_blank\" rel=\"noopener nofollow\">@teatro.munivina<\/a><\/span><\/p>","protected":false},"excerpt":{"rendered":"<p>Compa\u00f1\u00eda Proyecto Fuego Direcci\u00f3n: Mar\u00eda Paz Gonz\u00e1lez Durante un eclipse el Sol y la Luna \u2014dos personajes que lo ven todo desde la oscuridad del espacio exterior \u2014, nos cuentan la historia de Simbad, un marinero curioso que llega a un lugar que parece un para\u00edso. Usa sus recursos, lo declara su hogar y enciende [&hellip;]<\/p>\n","protected":false},"author":10,"featured_media":0,"comment_status":"closed","ping_status":"closed","template":"","tags":[],"mec_category":[],"class_list":["post-23792","mec-events","type-mec-events","status-publish","hentry"],"acf":[],"_links":{"self":[{"href":"https:\/\/visitavina.munivina.cl\/en\/wp-json\/wp\/v2\/mec-events\/23792","targetHints":{"allow":["GET"]}}],"collection":[{"href":"https:\/\/visitavina.munivina.cl\/en\/wp-json\/wp\/v2\/mec-events"}],"about":[{"href":"https:\/\/visitavina.munivina.cl\/en\/wp-json\/wp\/v2\/types\/mec-events"}],"author":[{"embeddable":true,"href":"https:\/\/visitavina.munivina.cl\/en\/wp-json\/wp\/v2\/users\/10"}],"replies":[{"embeddable":true,"href":"https:\/\/visitavina.munivina.cl\/en\/wp-json\/wp\/v2\/comments?post=23792"}],"wp:attachment":[{"href":"https:\/\/visitavina.munivina.cl\/en\/wp-json\/wp\/v2\/media?parent=23792"}],"wp:term":[{"taxonomy":"post_tag","embeddable":true,"href":"https:\/\/visitavina.munivina.cl\/en\/wp-json\/wp\/v2\/tags?post=23792"},{"taxonomy":"mec_category","embeddable":true,"href":"https:\/\/visitavina.munivina.cl\/en\/wp-json\/wp\/v2\/mec_category?post=23792"}],"curies":[{"name":"wp","href":"https:\/\/api.w.org\/{rel}","templated":true}]}}

Teatro | Las islas también duermen

<p><span data-sheets-root="1">Compañía Proyecto Fuego<br />
Dirección: María Paz González</span><br />
Durante un eclipse el Sol y la Luna —dos personajes que lo ven todo desde la oscuridad del espacio exterior —, nos cuentan la historia de Simbad, un marinero curioso que llega a un lugar que parece un paraíso. Usa sus recursos, lo declara su hogar y enciende una fogata. Hasta que descubre que no está en tierra firme, sino sobre el lomo de una ballena dormida.</p>
<p><span data-sheets-root="1">Inscripción y más información en Instagram | <a class="in-cell-link" href="https://www.instagram.com/teatro.munivina" target="_blank" rel="noopener nofollow">@teatro.munivina</a></span></p>

<p>Compañía Proyecto Fuego Dirección: María Paz González Durante un eclipse el Sol y la Luna —dos personajes que lo ven todo desde la oscuridad del espacio exterior —, nos cuentan la historia de Simbad, un marinero curioso que llega a un lugar que parece un paraíso. Usa sus recursos, lo declara su hogar y enciende [&hellip;]</p>
