{"id":23906,"date":"2026-04-20T16:02:45","date_gmt":"2026-04-20T20:02:45","guid":{"rendered":"https:\/\/visitavina.munivina.cl\/?post_type=mec-events&#038;p=23906"},"modified":"2026-04-20T16:02:45","modified_gmt":"2026-04-20T20:02:45","slug":"concierto-dialogo-de-otono","status":"publish","type":"mec-events","link":"https:\/\/visitavina.munivina.cl\/en\/actividad\/concierto-dialogo-de-otono\/","title":{"rendered":"Concierto | Di\u00e1logo de Oto\u00f1o"},"content":{"rendered":"<p><span data-sheets-root=\"1\">La m\u00fasica y la emoci\u00f3n se encuentran en una velada \u00fanica que celebra los matices del oto\u00f1o a trav\u00e9s del canto coral junto el Director del Coro Alberto Teichelmann Shuttleton y Director titular Luis Jos\u00e9 Recart.<br \/>\nUna invitaci\u00f3n a disfrutar de un concierto especial junto al Conjunto de Madrigalistas, quienes llenar\u00e1n el espacio con armon\u00edas profundas y envolventes.<br \/>\nD\u00e9jate envolver por un repertorio de R\u00e9quiem en Re menor Op.48 de Gabriel Faur\u00e9 que y celebra la belleza del oto\u00f1o a trav\u00e9s de sonidos que conectan.<\/span><\/p>\n<p>M\u00e1s informaci\u00f3n en Instagram | <a class=\"in-cell-link\" href=\"https:\/\/www.instagram.com\/omm_cl\" target=\"_blank\" rel=\"noopener nofollow\">@omm_cl<\/a><br \/>\nfree entry<\/p>\n<p>&nbsp;<\/p>\n<p>&nbsp;<\/p>","protected":false},"excerpt":{"rendered":"<p>La m\u00fasica y la emoci\u00f3n se encuentran en una velada \u00fanica que celebra los matices del oto\u00f1o a trav\u00e9s del canto coral junto el Director del Coro Alberto Teichelmann Shuttleton y Director titular Luis Jos\u00e9 Recart. Una invitaci\u00f3n a disfrutar de un concierto especial junto al Conjunto de Madrigalistas, quienes llenar\u00e1n el espacio con armon\u00edas [&hellip;]<\/p>\n","protected":false},"author":10,"featured_media":0,"comment_status":"closed","ping_status":"closed","template":"","tags":[],"mec_category":[],"class_list":["post-23906","mec-events","type-mec-events","status-publish","hentry"],"acf":[],"_links":{"self":[{"href":"https:\/\/visitavina.munivina.cl\/en\/wp-json\/wp\/v2\/mec-events\/23906","targetHints":{"allow":["GET"]}}],"collection":[{"href":"https:\/\/visitavina.munivina.cl\/en\/wp-json\/wp\/v2\/mec-events"}],"about":[{"href":"https:\/\/visitavina.munivina.cl\/en\/wp-json\/wp\/v2\/types\/mec-events"}],"author":[{"embeddable":true,"href":"https:\/\/visitavina.munivina.cl\/en\/wp-json\/wp\/v2\/users\/10"}],"replies":[{"embeddable":true,"href":"https:\/\/visitavina.munivina.cl\/en\/wp-json\/wp\/v2\/comments?post=23906"}],"wp:attachment":[{"href":"https:\/\/visitavina.munivina.cl\/en\/wp-json\/wp\/v2\/media?parent=23906"}],"wp:term":[{"taxonomy":"post_tag","embeddable":true,"href":"https:\/\/visitavina.munivina.cl\/en\/wp-json\/wp\/v2\/tags?post=23906"},{"taxonomy":"mec_category","embeddable":true,"href":"https:\/\/visitavina.munivina.cl\/en\/wp-json\/wp\/v2\/mec_category?post=23906"}],"curies":[{"name":"wp","href":"https:\/\/api.w.org\/{rel}","templated":true}]}}

Concierto | Diálogo de Otoño

<p><span data-sheets-root="1">La música y la emoción se encuentran en una velada única que celebra los matices del otoño a través del canto coral junto el Director del Coro Alberto Teichelmann Shuttleton y Director titular Luis José Recart.<br />
Una invitación a disfrutar de un concierto especial junto al Conjunto de Madrigalistas, quienes llenarán el espacio con armonías profundas y envolventes.<br />
Déjate envolver por un repertorio de Réquiem en Re menor Op.48 de Gabriel Fauré que y celebra la belleza del otoño a través de sonidos que conectan.</span></p>
<p>Más información en Instagram | <a class="in-cell-link" href="https://www.instagram.com/omm_cl" target="_blank" rel="noopener nofollow">@omm_cl</a><br />
free entry</p>
<p>&nbsp;</p>
<p>&nbsp;</p>

<p>La música y la emoción se encuentran en una velada única que celebra los matices del otoño a través del canto coral junto el Director del Coro Alberto Teichelmann Shuttleton y Director titular Luis José Recart. Una invitación a disfrutar de un concierto especial junto al Conjunto de Madrigalistas, quienes llenarán el espacio con armonías [&hellip;]</p>
