{"id":23918,"date":"2026-04-21T11:56:11","date_gmt":"2026-04-21T15:56:11","guid":{"rendered":"https:\/\/visitavina.munivina.cl\/?post_type=mec-events&#038;p=23918"},"modified":"2026-04-21T11:56:13","modified_gmt":"2026-04-21T15:56:13","slug":"stand-up-david-perez","status":"publish","type":"mec-events","link":"https:\/\/visitavina.munivina.cl\/en\/actividad\/stand-up-david-perez\/","title":{"rendered":"Stand Up | David P\u00e9rez"},"content":{"rendered":"<p><span data-sheets-root=\"1\">David P\u00e9rez, venezolano radicado en el pa\u00eds desde 2018, llega al sur de Chile tras la grabaci\u00f3n de su especial de comedia &#8220;Me Tengo Fe&#8221;.<br \/>\nCon una trayectoria que lo ha llevado desde los escenarios m\u00e1s ic\u00f3nicos de Santiago, hasta la televisi\u00f3n, David ha logrado conectar con el p\u00fablico local a trav\u00e9s de un humor honesto, fresco y cargado de an\u00e9cdotas personales.<\/span><\/p>\n<p><span data-sheets-root=\"1\">M\u00e1s informaci\u00f3n en Instagram | <a class=\"in-cell-link\" href=\"https:\/\/www.instagram.com\/barbonescomedy\/\" target=\"_blank\" rel=\"noopener nofollow\">@barbonescomedy<\/a><\/span><br \/>\n<span data-sheets-root=\"1\">Venta de entradas | <a class=\"in-cell-link\" href=\"https:\/\/comediaticket.cl\/details\/events_details\/david-perez-en-vina-del-mar-_b2hsv\" target=\"_blank\" rel=\"noopener nofollow\">COMEDIATICKET<\/a><\/span><\/p>","protected":false},"excerpt":{"rendered":"<p>David P\u00e9rez, venezolano radicado en el pa\u00eds desde 2018, llega al sur de Chile tras la grabaci\u00f3n de su especial de comedia &#8220;Me Tengo Fe&#8221;. Con una trayectoria que lo ha llevado desde los escenarios m\u00e1s ic\u00f3nicos de Santiago, hasta la televisi\u00f3n, David ha logrado conectar con el p\u00fablico local a trav\u00e9s de un humor [&hellip;]<\/p>\n","protected":false},"author":10,"featured_media":0,"comment_status":"closed","ping_status":"closed","template":"","tags":[],"mec_category":[],"class_list":["post-23918","mec-events","type-mec-events","status-publish","hentry"],"acf":[],"_links":{"self":[{"href":"https:\/\/visitavina.munivina.cl\/en\/wp-json\/wp\/v2\/mec-events\/23918","targetHints":{"allow":["GET"]}}],"collection":[{"href":"https:\/\/visitavina.munivina.cl\/en\/wp-json\/wp\/v2\/mec-events"}],"about":[{"href":"https:\/\/visitavina.munivina.cl\/en\/wp-json\/wp\/v2\/types\/mec-events"}],"author":[{"embeddable":true,"href":"https:\/\/visitavina.munivina.cl\/en\/wp-json\/wp\/v2\/users\/10"}],"replies":[{"embeddable":true,"href":"https:\/\/visitavina.munivina.cl\/en\/wp-json\/wp\/v2\/comments?post=23918"}],"wp:attachment":[{"href":"https:\/\/visitavina.munivina.cl\/en\/wp-json\/wp\/v2\/media?parent=23918"}],"wp:term":[{"taxonomy":"post_tag","embeddable":true,"href":"https:\/\/visitavina.munivina.cl\/en\/wp-json\/wp\/v2\/tags?post=23918"},{"taxonomy":"mec_category","embeddable":true,"href":"https:\/\/visitavina.munivina.cl\/en\/wp-json\/wp\/v2\/mec_category?post=23918"}],"curies":[{"name":"wp","href":"https:\/\/api.w.org\/{rel}","templated":true}]}}

Stand Up | David Pérez

<p><span data-sheets-root="1">David Pérez, venezolano radicado en el país desde 2018, llega al sur de Chile tras la grabación de su especial de comedia &#8220;Me Tengo Fe&#8221;.<br />
Con una trayectoria que lo ha llevado desde los escenarios más icónicos de Santiago, hasta la televisión, David ha logrado conectar con el público local a través de un humor honesto, fresco y cargado de anécdotas personales.</span></p>
<p><span data-sheets-root="1">Más información en Instagram | <a class="in-cell-link" href="https://www.instagram.com/barbonescomedy/" target="_blank" rel="noopener nofollow">@barbonescomedy</a></span><br />
<span data-sheets-root="1">Venta de entradas | <a class="in-cell-link" href="https://comediaticket.cl/details/events_details/david-perez-en-vina-del-mar-_b2hsv" target="_blank" rel="noopener nofollow">COMEDIATICKET</a></span></p>

<p>David Pérez, venezolano radicado en el país desde 2018, llega al sur de Chile tras la grabación de su especial de comedia &#8220;Me Tengo Fe&#8221;. Con una trayectoria que lo ha llevado desde los escenarios más icónicos de Santiago, hasta la televisión, David ha logrado conectar con el público local a través de un humor [&hellip;]</p>
