{"id":23934,"date":"2026-04-23T16:50:47","date_gmt":"2026-04-23T20:50:47","guid":{"rendered":"https:\/\/visitavina.munivina.cl\/?post_type=mec-events&#038;p=23934"},"modified":"2026-04-23T16:50:52","modified_gmt":"2026-04-23T20:50:52","slug":"danza-dia-de-la-danza-en-el-conservatorio-izidor-ha%cc%88ndler","status":"publish","type":"mec-events","link":"https:\/\/visitavina.munivina.cl\/en\/actividad\/danza-dia-de-la-danza-en-el-conservatorio-izidor-ha%cc%88ndler\/","title":{"rendered":"Danza | D\u00eda de la Danza en el Conservatorio Izidor Ha\u0308ndler"},"content":{"rendered":"<p><span data-sheets-root=\"1\">D\u00eda de la Danza en el Conservatorio<br \/>\nTe invitamos a ser parte de una jornada para vivir la danza, aprender y compartir, junto al Conservatorio Municipal Izidor Handler.<br \/>\nClases abiertas para estudiantes, agrupaciones y p\u00fablico en general.<\/span>16:05 a 18:30 h<br \/>\n<strong>Improvisaci\u00f3n<\/strong><br \/>\n16:40 a 17:05 h<br \/>\n<strong>T\u00e9cnica Leeder<\/strong><br \/>\n17:15 a 17:40<br \/>\n<strong>T\u00e9cnica Graham<\/strong><br \/>\n17:50 a 18:15<br \/>\n<strong>T\u00e9cnica cl\u00e1sica<\/strong><br \/>\n18:30<br \/>\n<strong>Cierre<\/strong><br \/>\n<span data-sheets-root=\"1\">Inscripci\u00f3n y m\u00e1s informaci\u00f3n en Instagram | <a class=\"in-cell-link\" href=\"https:\/\/www.instagram.com\/conservatorio_cihvina\" target=\"_blank\" rel=\"noopener nofollow\">@conservatorio_cihvina<\/a><\/span><\/p>","protected":false},"excerpt":{"rendered":"<p>D\u00eda de la Danza en el Conservatorio Te invitamos a ser parte de una jornada para vivir la danza, aprender y compartir, junto al Conservatorio Municipal Izidor Handler. Clases abiertas para estudiantes, agrupaciones y p\u00fablico en general.16:05 a 18:30 h Improvisaci\u00f3n 16:40 a 17:05 h T\u00e9cnica Leeder 17:15 a 17:40 T\u00e9cnica Graham 17:50 a 18:15 [&hellip;]<\/p>\n","protected":false},"author":10,"featured_media":0,"comment_status":"closed","ping_status":"closed","template":"","tags":[],"mec_category":[],"class_list":["post-23934","mec-events","type-mec-events","status-publish","hentry"],"acf":[],"_links":{"self":[{"href":"https:\/\/visitavina.munivina.cl\/en\/wp-json\/wp\/v2\/mec-events\/23934","targetHints":{"allow":["GET"]}}],"collection":[{"href":"https:\/\/visitavina.munivina.cl\/en\/wp-json\/wp\/v2\/mec-events"}],"about":[{"href":"https:\/\/visitavina.munivina.cl\/en\/wp-json\/wp\/v2\/types\/mec-events"}],"author":[{"embeddable":true,"href":"https:\/\/visitavina.munivina.cl\/en\/wp-json\/wp\/v2\/users\/10"}],"replies":[{"embeddable":true,"href":"https:\/\/visitavina.munivina.cl\/en\/wp-json\/wp\/v2\/comments?post=23934"}],"wp:attachment":[{"href":"https:\/\/visitavina.munivina.cl\/en\/wp-json\/wp\/v2\/media?parent=23934"}],"wp:term":[{"taxonomy":"post_tag","embeddable":true,"href":"https:\/\/visitavina.munivina.cl\/en\/wp-json\/wp\/v2\/tags?post=23934"},{"taxonomy":"mec_category","embeddable":true,"href":"https:\/\/visitavina.munivina.cl\/en\/wp-json\/wp\/v2\/mec_category?post=23934"}],"curies":[{"name":"wp","href":"https:\/\/api.w.org\/{rel}","templated":true}]}}

Danza | Día de la Danza en el Conservatorio Izidor Händler

<p><span data-sheets-root="1">Día de la Danza en el Conservatorio<br />
Te invitamos a ser parte de una jornada para vivir la danza, aprender y compartir, junto al Conservatorio Municipal Izidor Handler.<br />
Clases abiertas para estudiantes, agrupaciones y público en general.</span>16:05 a 18:30 h<br />
<strong>Improvisación</strong><br />
16:40 a 17:05 h<br />
<strong>Técnica Leeder</strong><br />
17:15 a 17:40<br />
<strong>Técnica Graham</strong><br />
17:50 a 18:15<br />
<strong>Técnica clásica</strong><br />
18:30<br />
<strong>Cierre</strong><br />
<span data-sheets-root="1">Inscripción y más información en Instagram | <a class="in-cell-link" href="https://www.instagram.com/conservatorio_cihvina" target="_blank" rel="noopener nofollow">@conservatorio_cihvina</a></span></p>

<p>Día de la Danza en el Conservatorio Te invitamos a ser parte de una jornada para vivir la danza, aprender y compartir, junto al Conservatorio Municipal Izidor Handler. Clases abiertas para estudiantes, agrupaciones y público en general.16:05 a 18:30 h Improvisación 16:40 a 17:05 h Técnica Leeder 17:15 a 17:40 Técnica Graham 17:50 a 18:15 [&hellip;]</p>
