{"id":23948,"date":"2026-04-29T09:48:34","date_gmt":"2026-04-29T13:48:34","guid":{"rendered":"https:\/\/visitavina.munivina.cl\/?post_type=mec-events&#038;p=23948"},"modified":"2026-04-29T09:48:34","modified_gmt":"2026-04-29T13:48:34","slug":"stand-up-emilio-torres-pampero","status":"publish","type":"mec-events","link":"https:\/\/visitavina.munivina.cl\/en\/actividad\/stand-up-emilio-torres-pampero\/","title":{"rendered":"Stand Up | Emilio Torres Pampero"},"content":{"rendered":"<p><span data-sheets-root=\"1\">Despu\u00e9s del \u00e9xito obtenido en Coliseo MEGA, llega el Senseiton Emilio Torres: Pampero con todo el humor en su propuesta de Stand Up.<br \/>\n\u201cEstado Cr\u00edtico\u201d nace gracias el estilo situacional sobre la realidad desfavorable que pasan algunas personas, por situaciones complejas que est\u00e9n viviendo y que son necesarios reflejarlas. En este caso, se centra en la historia de un padre que vive ciertas dificultades por la enfermedad de su hijo.<br \/>\n\u201cEl Pampero\u201d, transforma esta cr\u00edtica social desde su prisma sobre temas de contingencia, buscando que el espectador a trav\u00e9s de la risa se sit\u00fae en su contexto e interiorice estas problem\u00e1ticas.<\/span><\/p>\n<p><span data-sheets-root=\"1\">M\u00e1s informaci\u00f3n en Instagram | <a class=\"in-cell-link\" href=\"https:\/\/www.instagram.com\/barbonescomedy\/\" target=\"_blank\" rel=\"noopener nofollow\">@barbonescomedy<\/a><\/span><br \/>\n<span data-sheets-root=\"1\">Venta de entradas | <a class=\"in-cell-link\" href=\"https:\/\/comediaticket.cl\/details\/events_details\/pampero-senseiton-en-vina-del-mar_xrm6x\" target=\"_blank\" rel=\"noopener nofollow\">COMEDIATICKET<\/a><\/span><\/p>","protected":false},"excerpt":{"rendered":"<p>Despu\u00e9s del \u00e9xito obtenido en Coliseo MEGA, llega el Senseiton Emilio Torres: Pampero con todo el humor en su propuesta de Stand Up. \u201cEstado Cr\u00edtico\u201d nace gracias el estilo situacional sobre la realidad desfavorable que pasan algunas personas, por situaciones complejas que est\u00e9n viviendo y que son necesarios reflejarlas. En este caso, se centra en [&hellip;]<\/p>\n","protected":false},"author":10,"featured_media":0,"comment_status":"closed","ping_status":"closed","template":"","tags":[],"mec_category":[],"class_list":["post-23948","mec-events","type-mec-events","status-publish","hentry"],"acf":[],"_links":{"self":[{"href":"https:\/\/visitavina.munivina.cl\/en\/wp-json\/wp\/v2\/mec-events\/23948","targetHints":{"allow":["GET"]}}],"collection":[{"href":"https:\/\/visitavina.munivina.cl\/en\/wp-json\/wp\/v2\/mec-events"}],"about":[{"href":"https:\/\/visitavina.munivina.cl\/en\/wp-json\/wp\/v2\/types\/mec-events"}],"author":[{"embeddable":true,"href":"https:\/\/visitavina.munivina.cl\/en\/wp-json\/wp\/v2\/users\/10"}],"replies":[{"embeddable":true,"href":"https:\/\/visitavina.munivina.cl\/en\/wp-json\/wp\/v2\/comments?post=23948"}],"wp:attachment":[{"href":"https:\/\/visitavina.munivina.cl\/en\/wp-json\/wp\/v2\/media?parent=23948"}],"wp:term":[{"taxonomy":"post_tag","embeddable":true,"href":"https:\/\/visitavina.munivina.cl\/en\/wp-json\/wp\/v2\/tags?post=23948"},{"taxonomy":"mec_category","embeddable":true,"href":"https:\/\/visitavina.munivina.cl\/en\/wp-json\/wp\/v2\/mec_category?post=23948"}],"curies":[{"name":"wp","href":"https:\/\/api.w.org\/{rel}","templated":true}]}}

<p><span data-sheets-root="1">Después del éxito obtenido en Coliseo MEGA, llega el Senseiton Emilio Torres: Pampero con todo el humor en su propuesta de Stand Up.<br />
“Estado Crítico” nace gracias el estilo situacional sobre la realidad desfavorable que pasan algunas personas, por situaciones complejas que estén viviendo y que son necesarios reflejarlas. En este caso, se centra en la historia de un padre que vive ciertas dificultades por la enfermedad de su hijo.<br />
“El Pampero”, transforma esta crítica social desde su prisma sobre temas de contingencia, buscando que el espectador a través de la risa se sitúe en su contexto e interiorice estas problemáticas.</span></p>
<p><span data-sheets-root="1">Más información en Instagram | <a class="in-cell-link" href="https://www.instagram.com/barbonescomedy/" target="_blank" rel="noopener nofollow">@barbonescomedy</a></span><br />
<span data-sheets-root="1">Venta de entradas | <a class="in-cell-link" href="https://comediaticket.cl/details/events_details/pampero-senseiton-en-vina-del-mar_xrm6x" target="_blank" rel="noopener nofollow">COMEDIATICKET</a></span></p>

<p>Después del éxito obtenido en Coliseo MEGA, llega el Senseiton Emilio Torres: Pampero con todo el humor en su propuesta de Stand Up. “Estado Crítico” nace gracias el estilo situacional sobre la realidad desfavorable que pasan algunas personas, por situaciones complejas que estén viviendo y que son necesarios reflejarlas. En este caso, se centra en [&hellip;]</p>
