{"id":24690,"date":"2026-09-01T11:33:23","date_gmt":"2026-09-01T15:33:23","guid":{"rendered":"https:\/\/visitavina.munivina.cl\/?post_type=mec-events&#038;p=24690"},"modified":"2026-09-01T11:34:01","modified_gmt":"2026-09-01T15:34:01","slug":"presentacion-libro-canciones-de-una-infancia-desdibujada","status":"publish","type":"mec-events","link":"https:\/\/visitavina.munivina.cl\/en\/actividad\/presentacion-libro-canciones-de-una-infancia-desdibujada\/","title":{"rendered":"Presentaci\u00f3n libro \/\/ &#8220;Canciones de una infancia des(dibujada)&#8221;"},"content":{"rendered":"<p><span data-sheets-root=\"1\">Presentaci\u00f3n de libro &#8220;Canciones de una infancia des(dibujada)&#8221;, poemario de Joaqu\u00edn Vera Sep\u00falveda<br \/>\nEdiciones Ferc\u00e9<br \/>\nSiempre nos han dibujado &#8220;la infancia&#8221;. Nos dicen qu\u00e9 est\u00e1 bien, qu\u00e9 est\u00e1 mal, cu\u00e1ndo hablar y cu\u00e1ndo callar. Pero, \u00bfQui\u00e9n nos ense\u00f1a a resistir lo que nos ense\u00f1an? \u00bfQui\u00e9n nos ense\u00f1a a resistir lo que nos dibujan? \u00bfEs algo que deben ense\u00f1arnos o algo que se descubre, verso a verso, canci\u00f3n a canci\u00f3n?<br \/>\n&#8220;Canciones de una infancia (des)dibujada&#8221; comienza dedicando poemas a esos referentes de nuestras infancias: la princesa resiliente, la sirena en silencio, la hermana cuidadora y muchas m\u00e1s, para luego transformarse en una declaraci\u00f3n de guerra contra quienes buscan ridiculizar la infancia. Es un poemario dedicado a ese ni\u00f1o interior que no supimos dejar salir, pero que ten\u00eda muchas cosas que cuestionarse.<br \/>\nFree activity, on a first-come, first-served basis<\/span>.<\/p>\n<p><span data-sheets-root=\"1\">M\u00e1s informaci\u00f3n en Instagram | <a class=\"in-cell-link\" href=\"https:\/\/www.instagram.com\/museopalaciorioja\/\" target=\"_blank\" rel=\"noopener nofollow\">@museopalaciorioja<\/a><\/span><\/p>","protected":false},"excerpt":{"rendered":"<p>Presentaci\u00f3n de libro &#8220;Canciones de una infancia des(dibujada)&#8221;, poemario de Joaqu\u00edn Vera Sep\u00falveda Ediciones Ferc\u00e9 Siempre nos han dibujado &#8220;la infancia&#8221;. Nos dicen qu\u00e9 est\u00e1 bien, qu\u00e9 est\u00e1 mal, cu\u00e1ndo hablar y cu\u00e1ndo callar. Pero, \u00bfQui\u00e9n nos ense\u00f1a a resistir lo que nos ense\u00f1an? \u00bfQui\u00e9n nos ense\u00f1a a resistir lo que nos dibujan? \u00bfEs algo [&hellip;]<\/p>\n","protected":false},"author":20,"featured_media":0,"comment_status":"closed","ping_status":"closed","template":"","tags":[],"mec_category":[],"class_list":["post-24690","mec-events","type-mec-events","status-publish","hentry"],"acf":[],"_links":{"self":[{"href":"https:\/\/visitavina.munivina.cl\/en\/wp-json\/wp\/v2\/mec-events\/24690","targetHints":{"allow":["GET"]}}],"collection":[{"href":"https:\/\/visitavina.munivina.cl\/en\/wp-json\/wp\/v2\/mec-events"}],"about":[{"href":"https:\/\/visitavina.munivina.cl\/en\/wp-json\/wp\/v2\/types\/mec-events"}],"author":[{"embeddable":true,"href":"https:\/\/visitavina.munivina.cl\/en\/wp-json\/wp\/v2\/users\/20"}],"replies":[{"embeddable":true,"href":"https:\/\/visitavina.munivina.cl\/en\/wp-json\/wp\/v2\/comments?post=24690"}],"wp:attachment":[{"href":"https:\/\/visitavina.munivina.cl\/en\/wp-json\/wp\/v2\/media?parent=24690"}],"wp:term":[{"taxonomy":"post_tag","embeddable":true,"href":"https:\/\/visitavina.munivina.cl\/en\/wp-json\/wp\/v2\/tags?post=24690"},{"taxonomy":"mec_category","embeddable":true,"href":"https:\/\/visitavina.munivina.cl\/en\/wp-json\/wp\/v2\/mec_category?post=24690"}],"curies":[{"name":"wp","href":"https:\/\/api.w.org\/{rel}","templated":true}]}}

Presentación libro // &#8220;Canciones de una infancia des(dibujada)&#8221;

<p><span data-sheets-root="1">Presentación de libro &#8220;Canciones de una infancia des(dibujada)&#8221;, poemario de Joaquín Vera Sepúlveda<br />
Ediciones Fercé<br />
Siempre nos han dibujado &#8220;la infancia&#8221;. Nos dicen qué está bien, qué está mal, cuándo hablar y cuándo callar. Pero, ¿Quién nos enseña a resistir lo que nos enseñan? ¿Quién nos enseña a resistir lo que nos dibujan? ¿Es algo que deben enseñarnos o algo que se descubre, verso a verso, canción a canción?<br />
&#8220;Canciones de una infancia (des)dibujada&#8221; comienza dedicando poemas a esos referentes de nuestras infancias: la princesa resiliente, la sirena en silencio, la hermana cuidadora y muchas más, para luego transformarse en una declaración de guerra contra quienes buscan ridiculizar la infancia. Es un poemario dedicado a ese niño interior que no supimos dejar salir, pero que tenía muchas cosas que cuestionarse.<br />
Free activity, on a first-come, first-served basis</span>.</p>
<p><span data-sheets-root="1">Más información en Instagram | <a class="in-cell-link" href="https://www.instagram.com/museopalaciorioja/" target="_blank" rel="noopener nofollow">@museopalaciorioja</a></span></p>

<p>Presentación de libro &#8220;Canciones de una infancia des(dibujada)&#8221;, poemario de Joaquín Vera Sepúlveda Ediciones Fercé Siempre nos han dibujado &#8220;la infancia&#8221;. Nos dicen qué está bien, qué está mal, cuándo hablar y cuándo callar. Pero, ¿Quién nos enseña a resistir lo que nos enseñan? ¿Quién nos enseña a resistir lo que nos dibujan? ¿Es algo [&hellip;]</p>
