{"id":24692,"date":"2026-09-01T11:37:07","date_gmt":"2026-09-01T15:37:07","guid":{"rendered":"https:\/\/visitavina.munivina.cl\/?post_type=mec-events&#038;p=24692"},"modified":"2026-09-01T11:37:07","modified_gmt":"2026-09-01T15:37:07","slug":"visita-guiada-exposicion-la-playa-todo-tiempo-pasado-fue-mejor","status":"publish","type":"mec-events","link":"https:\/\/visitavina.munivina.cl\/en\/actividad\/visita-guiada-exposicion-la-playa-todo-tiempo-pasado-fue-mejor\/","title":{"rendered":"Visita guiada exposici\u00f3n \/\/ &#8220;La Playa: todo tiempo pasado fue mejor&#8221;"},"content":{"rendered":"<p><span data-sheets-root=\"1\">Recorrido a la exposici\u00f3n temporal &#8220;La playa: todo tiempo pasado fue mejor&#8221; junto a la artista ceramista Iva Susa, gestora de esta muestra.<br \/>\nActividad gratuita, dirigido a todo p\u00fablico<br \/>\nIngreso por orden de llegada, cupos limitados (40 cupos)<\/span><\/p>\n<p><span data-sheets-root=\"1\">M\u00e1s informaci\u00f3n en Instagram | <a class=\"in-cell-link\" href=\"https:\/\/www.instagram.com\/museopalaciorioja\/\" target=\"_blank\" rel=\"noopener nofollow\">@museopalaciorioja<\/a><\/span><\/p>","protected":false},"excerpt":{"rendered":"<p>Recorrido a la exposici\u00f3n temporal &#8220;La playa: todo tiempo pasado fue mejor&#8221; junto a la artista ceramista Iva Susa, gestora de esta muestra. Actividad gratuita, dirigido a todo p\u00fablico Ingreso por orden de llegada, cupos limitados (40 cupos) M\u00e1s informaci\u00f3n en Instagram | @museopalaciorioja<\/p>","protected":false},"author":20,"featured_media":0,"comment_status":"closed","ping_status":"closed","template":"","tags":[],"mec_category":[],"class_list":["post-24692","mec-events","type-mec-events","status-publish","hentry"],"acf":[],"_links":{"self":[{"href":"https:\/\/visitavina.munivina.cl\/en\/wp-json\/wp\/v2\/mec-events\/24692","targetHints":{"allow":["GET"]}}],"collection":[{"href":"https:\/\/visitavina.munivina.cl\/en\/wp-json\/wp\/v2\/mec-events"}],"about":[{"href":"https:\/\/visitavina.munivina.cl\/en\/wp-json\/wp\/v2\/types\/mec-events"}],"author":[{"embeddable":true,"href":"https:\/\/visitavina.munivina.cl\/en\/wp-json\/wp\/v2\/users\/20"}],"replies":[{"embeddable":true,"href":"https:\/\/visitavina.munivina.cl\/en\/wp-json\/wp\/v2\/comments?post=24692"}],"wp:attachment":[{"href":"https:\/\/visitavina.munivina.cl\/en\/wp-json\/wp\/v2\/media?parent=24692"}],"wp:term":[{"taxonomy":"post_tag","embeddable":true,"href":"https:\/\/visitavina.munivina.cl\/en\/wp-json\/wp\/v2\/tags?post=24692"},{"taxonomy":"mec_category","embeddable":true,"href":"https:\/\/visitavina.munivina.cl\/en\/wp-json\/wp\/v2\/mec_category?post=24692"}],"curies":[{"name":"wp","href":"https:\/\/api.w.org\/{rel}","templated":true}]}}

Visita guiada exposición // &#8220;La Playa: todo tiempo pasado fue mejor&#8221;

<p><span data-sheets-root="1">Recorrido a la exposición temporal &#8220;La playa: todo tiempo pasado fue mejor&#8221; junto a la artista ceramista Iva Susa, gestora de esta muestra.<br />
Actividad gratuita, dirigido a todo público<br />
Ingreso por orden de llegada, cupos limitados (40 cupos)</span></p>
<p><span data-sheets-root="1">Más información en Instagram | <a class="in-cell-link" href="https://www.instagram.com/museopalaciorioja/" target="_blank" rel="noopener nofollow">@museopalaciorioja</a></span></p>

<p>Recorrido a la exposición temporal &#8220;La playa: todo tiempo pasado fue mejor&#8221; junto a la artista ceramista Iva Susa, gestora de esta muestra. Actividad gratuita, dirigido a todo público Ingreso por orden de llegada, cupos limitados (40 cupos) Más información en Instagram | @museopalaciorioja</p>
