{"id":24698,"date":"2026-09-01T11:44:19","date_gmt":"2026-09-01T15:44:19","guid":{"rendered":"https:\/\/visitavina.munivina.cl\/?post_type=mec-events&#038;p=24698"},"modified":"2026-09-01T11:44:19","modified_gmt":"2026-09-01T15:44:19","slug":"musica-mireia-vilar","status":"publish","type":"mec-events","link":"https:\/\/visitavina.munivina.cl\/en\/actividad\/musica-mireia-vilar\/","title":{"rendered":"M\u00fasica \/\/ Mireia Vilar"},"content":{"rendered":"<p><span data-sheets-root=\"1\">Gira de Mireia Vilar<br \/>\nCantautora y artista multidisciplinaria espa\u00f1ola.<br \/>\nSu m\u00fasica se define como un &#8220;avant pop luminoso de autor&#8221;, mezclando m\u00fasica cl\u00e1sica, popular y jazz.<br \/>\nEntrada liberada por orden de llegada<\/span>.<\/p>\n<p><span data-sheets-root=\"1\">M\u00e1s informaci\u00f3n en Instagram | <a class=\"in-cell-link\" href=\"https:\/\/www.instagram.com\/museopalaciorioja\/\" target=\"_blank\" rel=\"noopener nofollow\">@museopalaciorioja<\/a><\/span><\/p>","protected":false},"excerpt":{"rendered":"<p>Gira de Mireia Vilar Cantautora y artista multidisciplinaria espa\u00f1ola. Su m\u00fasica se define como un &#8220;avant pop luminoso de autor&#8221;, mezclando m\u00fasica cl\u00e1sica, popular y jazz. Entrada liberada por orden de llegada. M\u00e1s informaci\u00f3n en Instagram | @museopalaciorioja<\/p>","protected":false},"author":20,"featured_media":0,"comment_status":"closed","ping_status":"closed","template":"","tags":[],"mec_category":[],"class_list":["post-24698","mec-events","type-mec-events","status-publish","hentry"],"acf":[],"_links":{"self":[{"href":"https:\/\/visitavina.munivina.cl\/en\/wp-json\/wp\/v2\/mec-events\/24698","targetHints":{"allow":["GET"]}}],"collection":[{"href":"https:\/\/visitavina.munivina.cl\/en\/wp-json\/wp\/v2\/mec-events"}],"about":[{"href":"https:\/\/visitavina.munivina.cl\/en\/wp-json\/wp\/v2\/types\/mec-events"}],"author":[{"embeddable":true,"href":"https:\/\/visitavina.munivina.cl\/en\/wp-json\/wp\/v2\/users\/20"}],"replies":[{"embeddable":true,"href":"https:\/\/visitavina.munivina.cl\/en\/wp-json\/wp\/v2\/comments?post=24698"}],"wp:attachment":[{"href":"https:\/\/visitavina.munivina.cl\/en\/wp-json\/wp\/v2\/media?parent=24698"}],"wp:term":[{"taxonomy":"post_tag","embeddable":true,"href":"https:\/\/visitavina.munivina.cl\/en\/wp-json\/wp\/v2\/tags?post=24698"},{"taxonomy":"mec_category","embeddable":true,"href":"https:\/\/visitavina.munivina.cl\/en\/wp-json\/wp\/v2\/mec_category?post=24698"}],"curies":[{"name":"wp","href":"https:\/\/api.w.org\/{rel}","templated":true}]}}

Música // Mireia Vilar

<p><span data-sheets-root="1">Gira de Mireia Vilar<br />
Cantautora y artista multidisciplinaria española.<br />
Su música se define como un &#8220;avant pop luminoso de autor&#8221;, mezclando música clásica, popular y jazz.<br />
Entrada liberada por orden de llegada</span>.</p>
<p><span data-sheets-root="1">Más información en Instagram | <a class="in-cell-link" href="https://www.instagram.com/museopalaciorioja/" target="_blank" rel="noopener nofollow">@museopalaciorioja</a></span></p>

<p>Gira de Mireia Vilar Cantautora y artista multidisciplinaria española. Su música se define como un &#8220;avant pop luminoso de autor&#8221;, mezclando música clásica, popular y jazz. Entrada liberada por orden de llegada. Más información en Instagram | @museopalaciorioja</p>
