{"id":24704,"date":"2026-09-01T11:50:55","date_gmt":"2026-09-01T15:50:55","guid":{"rendered":"https:\/\/visitavina.munivina.cl\/?post_type=mec-events&#038;p=24704"},"modified":"2026-09-01T11:50:55","modified_gmt":"2026-09-01T15:50:55","slug":"musica-rodrigo-gonzalez-vocal-jazz-y-cristobal-menares","status":"publish","type":"mec-events","link":"https:\/\/visitavina.munivina.cl\/en\/actividad\/musica-rodrigo-gonzalez-vocal-jazz-y-cristobal-menares\/","title":{"rendered":"M\u00fasica \/\/ Rodrigo Gonz\u00e1lez Vocal Jazz y Crist\u00f3bal Menares"},"content":{"rendered":"<p><span data-sheets-root=\"1\">Rodrigo Gonz\u00e1lez Vocal Jazz y otras canciones junto a Crist\u00f3bal Menares guitarra y piano<br \/>\nDi\u00e1logos de Caf\u00e9 | Concierto de Jazz<br \/>\nDi\u00e1logos de caf\u00e9 es un repertorio de temas que abarcan g\u00e9neros tan variados como el jazz, el bolero, canciones populares chilenas, argentinas y del Brasil.<br \/>\nCrist\u00f3bal Menares desarrolla su enorme talento como instrumentista, no s\u00f3lo en la guitarra sino adem\u00e1s en el piano, para compartir y mostrar los diversos colores y ritmos incluidos en este recital.<br \/>\nPor su parte, Rodrigo Gonz\u00e1lez pone al servicio de cada composici\u00f3n su gran sensibilidad interpretativa y musical. Juntos har\u00e1n sentir al p\u00fablico un m\u00e1gico di\u00e1logo que nos transportar\u00e1 a lugares y sensibilidades diferentes, que de alguna manera forman parte de nuestra memoria emotiva musical.<br \/>\nEntrada gratuita, ingreso por orden de llegada<\/span>.<\/p>\n<p><span data-sheets-root=\"1\">M\u00e1s informaci\u00f3n en Instagram | <a class=\"in-cell-link\" href=\"https:\/\/www.instagram.com\/museopalaciorioja\/\" target=\"_blank\" rel=\"noopener nofollow\">@museopalaciorioja<\/a><\/span><\/p>","protected":false},"excerpt":{"rendered":"<p>Rodrigo Gonz\u00e1lez Vocal Jazz y otras canciones junto a Crist\u00f3bal Menares guitarra y piano Di\u00e1logos de Caf\u00e9 | Concierto de Jazz Di\u00e1logos de caf\u00e9 es un repertorio de temas que abarcan g\u00e9neros tan variados como el jazz, el bolero, canciones populares chilenas, argentinas y del Brasil. Crist\u00f3bal Menares desarrolla su enorme talento como instrumentista, no [&hellip;]<\/p>\n","protected":false},"author":20,"featured_media":0,"comment_status":"closed","ping_status":"closed","template":"","tags":[],"mec_category":[],"class_list":["post-24704","mec-events","type-mec-events","status-publish","hentry"],"acf":[],"_links":{"self":[{"href":"https:\/\/visitavina.munivina.cl\/en\/wp-json\/wp\/v2\/mec-events\/24704","targetHints":{"allow":["GET"]}}],"collection":[{"href":"https:\/\/visitavina.munivina.cl\/en\/wp-json\/wp\/v2\/mec-events"}],"about":[{"href":"https:\/\/visitavina.munivina.cl\/en\/wp-json\/wp\/v2\/types\/mec-events"}],"author":[{"embeddable":true,"href":"https:\/\/visitavina.munivina.cl\/en\/wp-json\/wp\/v2\/users\/20"}],"replies":[{"embeddable":true,"href":"https:\/\/visitavina.munivina.cl\/en\/wp-json\/wp\/v2\/comments?post=24704"}],"wp:attachment":[{"href":"https:\/\/visitavina.munivina.cl\/en\/wp-json\/wp\/v2\/media?parent=24704"}],"wp:term":[{"taxonomy":"post_tag","embeddable":true,"href":"https:\/\/visitavina.munivina.cl\/en\/wp-json\/wp\/v2\/tags?post=24704"},{"taxonomy":"mec_category","embeddable":true,"href":"https:\/\/visitavina.munivina.cl\/en\/wp-json\/wp\/v2\/mec_category?post=24704"}],"curies":[{"name":"wp","href":"https:\/\/api.w.org\/{rel}","templated":true}]}}

Música // Rodrigo González Vocal Jazz y Cristóbal Menares

<p><span data-sheets-root="1">Rodrigo González Vocal Jazz y otras canciones junto a Cristóbal Menares guitarra y piano<br />
Diálogos de Café | Concierto de Jazz<br />
Diálogos de café es un repertorio de temas que abarcan géneros tan variados como el jazz, el bolero, canciones populares chilenas, argentinas y del Brasil.<br />
Cristóbal Menares desarrolla su enorme talento como instrumentista, no sólo en la guitarra sino además en el piano, para compartir y mostrar los diversos colores y ritmos incluidos en este recital.<br />
Por su parte, Rodrigo González pone al servicio de cada composición su gran sensibilidad interpretativa y musical. Juntos harán sentir al público un mágico diálogo que nos transportará a lugares y sensibilidades diferentes, que de alguna manera forman parte de nuestra memoria emotiva musical.<br />
Entrada gratuita, ingreso por orden de llegada</span>.</p>
<p><span data-sheets-root="1">Más información en Instagram | <a class="in-cell-link" href="https://www.instagram.com/museopalaciorioja/" target="_blank" rel="noopener nofollow">@museopalaciorioja</a></span></p>

<p>Rodrigo González Vocal Jazz y otras canciones junto a Cristóbal Menares guitarra y piano Diálogos de Café | Concierto de Jazz Diálogos de café es un repertorio de temas que abarcan géneros tan variados como el jazz, el bolero, canciones populares chilenas, argentinas y del Brasil. Cristóbal Menares desarrolla su enorme talento como instrumentista, no [&hellip;]</p>
