{"id":24707,"date":"2026-09-01T11:54:31","date_gmt":"2026-09-01T15:54:31","guid":{"rendered":"https:\/\/visitavina.munivina.cl\/?post_type=mec-events&#038;p=24707"},"modified":"2026-09-01T11:54:31","modified_gmt":"2026-09-01T15:54:31","slug":"presentacion-libro-salvador-allende-en-valparaiso-una-cronica-de-provincia","status":"publish","type":"mec-events","link":"https:\/\/visitavina.munivina.cl\/en\/actividad\/presentacion-libro-salvador-allende-en-valparaiso-una-cronica-de-provincia\/","title":{"rendered":"Presentaci\u00f3n libro \/\/ &#8220;Salvador Allende en Valpara\u00edso. Una cr\u00f3nica de Provincia&#8221;"},"content":{"rendered":"<p><span data-sheets-root=\"1\">La obra explora el v\u00ednculo profundo y formativo entre el expresidente y el puerto, abarcando su paso por el Liceo Eduardo de la Barra, sus inicios en el gremio m\u00e9dico y la construcci\u00f3n de su liderazgo pol\u00edtico regional.<br \/>\nFree admission on a first-come, first-served basis.<\/span><\/p>\n<p><span data-sheets-root=\"1\">M\u00e1s informaci\u00f3n en Instagram | <a class=\"in-cell-link\" href=\"https:\/\/www.instagram.com\/museopalaciorioja\/\" target=\"_blank\" rel=\"noopener nofollow\">@museopalaciorioja<\/a><\/span><\/p>","protected":false},"excerpt":{"rendered":"<p>La obra explora el v\u00ednculo profundo y formativo entre el expresidente y el puerto, abarcando su paso por el Liceo Eduardo de la Barra, sus inicios en el gremio m\u00e9dico y la construcci\u00f3n de su liderazgo pol\u00edtico regional. Entrada gratuita por orden de llegada. M\u00e1s informaci\u00f3n en Instagram | @museopalaciorioja<\/p>","protected":false},"author":20,"featured_media":0,"comment_status":"closed","ping_status":"closed","template":"","tags":[],"mec_category":[],"class_list":["post-24707","mec-events","type-mec-events","status-publish","hentry"],"acf":[],"_links":{"self":[{"href":"https:\/\/visitavina.munivina.cl\/en\/wp-json\/wp\/v2\/mec-events\/24707","targetHints":{"allow":["GET"]}}],"collection":[{"href":"https:\/\/visitavina.munivina.cl\/en\/wp-json\/wp\/v2\/mec-events"}],"about":[{"href":"https:\/\/visitavina.munivina.cl\/en\/wp-json\/wp\/v2\/types\/mec-events"}],"author":[{"embeddable":true,"href":"https:\/\/visitavina.munivina.cl\/en\/wp-json\/wp\/v2\/users\/20"}],"replies":[{"embeddable":true,"href":"https:\/\/visitavina.munivina.cl\/en\/wp-json\/wp\/v2\/comments?post=24707"}],"wp:attachment":[{"href":"https:\/\/visitavina.munivina.cl\/en\/wp-json\/wp\/v2\/media?parent=24707"}],"wp:term":[{"taxonomy":"post_tag","embeddable":true,"href":"https:\/\/visitavina.munivina.cl\/en\/wp-json\/wp\/v2\/tags?post=24707"},{"taxonomy":"mec_category","embeddable":true,"href":"https:\/\/visitavina.munivina.cl\/en\/wp-json\/wp\/v2\/mec_category?post=24707"}],"curies":[{"name":"wp","href":"https:\/\/api.w.org\/{rel}","templated":true}]}}

Presentación libro // &#8220;Salvador Allende en Valparaíso. Una crónica de Provincia&#8221;

<p><span data-sheets-root="1">La obra explora el vínculo profundo y formativo entre el expresidente y el puerto, abarcando su paso por el Liceo Eduardo de la Barra, sus inicios en el gremio médico y la construcción de su liderazgo político regional.<br />
Free admission on a first-come, first-served basis.</span></p>
<p><span data-sheets-root="1">Más información en Instagram | <a class="in-cell-link" href="https://www.instagram.com/museopalaciorioja/" target="_blank" rel="noopener nofollow">@museopalaciorioja</a></span></p>

<p>La obra explora el vínculo profundo y formativo entre el expresidente y el puerto, abarcando su paso por el Liceo Eduardo de la Barra, sus inicios en el gremio médico y la construcción de su liderazgo político regional. Entrada gratuita por orden de llegada. Más información en Instagram | @museopalaciorioja</p>
