{"id":24709,"date":"2026-09-01T11:56:51","date_gmt":"2026-09-01T15:56:51","guid":{"rendered":"https:\/\/visitavina.munivina.cl\/?post_type=mec-events&#038;p=24709"},"modified":"2026-09-01T11:56:51","modified_gmt":"2026-09-01T15:56:51","slug":"taller-del-talento-al-producto-estampado","status":"publish","type":"mec-events","link":"https:\/\/visitavina.munivina.cl\/en\/actividad\/taller-del-talento-al-producto-estampado\/","title":{"rendered":"Taller \/\/ &#8220;Del talento al producto estampado&#8221;"},"content":{"rendered":"<p><span data-sheets-root=\"1\">Fundaci\u00f3n Apoyo Autismo Chile<br \/>\nDirigido a todo p\u00fablico previa inscripci\u00f3n.<br \/>\nCupos limitados (10 cupos para la fundaci\u00f3n y 10 para inscripci\u00f3n formulario)<\/span><\/p>\n<p><span data-sheets-root=\"1\">Inscripci\u00f3n y m\u00e1s informaci\u00f3n en Instagram | <a class=\"in-cell-link\" href=\"https:\/\/www.instagram.com\/museopalaciorioja\/\" target=\"_blank\" rel=\"noopener nofollow\">@museopalaciorioja<\/a><\/span><\/p>","protected":false},"excerpt":{"rendered":"<p>Fundaci\u00f3n Apoyo Autismo Chile Dirigido a todo p\u00fablico previa inscripci\u00f3n. Cupos limitados (10 cupos para la fundaci\u00f3n y 10 para inscripci\u00f3n formulario) Inscripci\u00f3n y m\u00e1s informaci\u00f3n en Instagram | @museopalaciorioja<\/p>","protected":false},"author":20,"featured_media":0,"comment_status":"closed","ping_status":"closed","template":"","tags":[],"mec_category":[],"class_list":["post-24709","mec-events","type-mec-events","status-publish","hentry"],"acf":[],"_links":{"self":[{"href":"https:\/\/visitavina.munivina.cl\/en\/wp-json\/wp\/v2\/mec-events\/24709","targetHints":{"allow":["GET"]}}],"collection":[{"href":"https:\/\/visitavina.munivina.cl\/en\/wp-json\/wp\/v2\/mec-events"}],"about":[{"href":"https:\/\/visitavina.munivina.cl\/en\/wp-json\/wp\/v2\/types\/mec-events"}],"author":[{"embeddable":true,"href":"https:\/\/visitavina.munivina.cl\/en\/wp-json\/wp\/v2\/users\/20"}],"replies":[{"embeddable":true,"href":"https:\/\/visitavina.munivina.cl\/en\/wp-json\/wp\/v2\/comments?post=24709"}],"wp:attachment":[{"href":"https:\/\/visitavina.munivina.cl\/en\/wp-json\/wp\/v2\/media?parent=24709"}],"wp:term":[{"taxonomy":"post_tag","embeddable":true,"href":"https:\/\/visitavina.munivina.cl\/en\/wp-json\/wp\/v2\/tags?post=24709"},{"taxonomy":"mec_category","embeddable":true,"href":"https:\/\/visitavina.munivina.cl\/en\/wp-json\/wp\/v2\/mec_category?post=24709"}],"curies":[{"name":"wp","href":"https:\/\/api.w.org\/{rel}","templated":true}]}}

<p><span data-sheets-root="1">Fundación Apoyo Autismo Chile<br />
Dirigido a todo público previa inscripción.<br />
Cupos limitados (10 cupos para la fundación y 10 para inscripción formulario)</span></p>
<p><span data-sheets-root="1">Inscripción y más información en Instagram | <a class="in-cell-link" href="https://www.instagram.com/museopalaciorioja/" target="_blank" rel="noopener nofollow">@museopalaciorioja</a></span></p>

<p>Fundación Apoyo Autismo Chile Dirigido a todo público previa inscripción. Cupos limitados (10 cupos para la fundación y 10 para inscripción formulario) Inscripción y más información en Instagram | @museopalaciorioja</p>
