{"id":24715,"date":"2026-09-01T12:59:56","date_gmt":"2026-09-01T16:59:56","guid":{"rendered":"https:\/\/visitavina.munivina.cl\/?post_type=mec-events&#038;p=24715"},"modified":"2026-09-01T12:59:56","modified_gmt":"2026-09-01T16:59:56","slug":"inauguracion-exposicion-temporal-estuvesiendopaisaje","status":"publish","type":"mec-events","link":"https:\/\/visitavina.munivina.cl\/en\/actividad\/inauguracion-exposicion-temporal-estuvesiendopaisaje\/","title":{"rendered":"Inauguraci\u00f3n Exposici\u00f3n temporal \/\/ \u201cestuvesiendopaisaje\u201d"},"content":{"rendered":"<p><span data-sheets-root=\"1\">Palito Wood (Patricio Wood) es un destacado artista visual chileno cuya obra explora frecuentemente el paisaje, la memoria y la traducci\u00f3n de im\u00e1genes a trav\u00e9s de diversos soportes y materialidades.<br \/>\nFree admission on a first-come, first-served basis<\/span>.<\/p>\n<p><span data-sheets-root=\"1\">M\u00e1s informaci\u00f3n en Instagram | <a class=\"in-cell-link\" href=\"https:\/\/www.instagram.com\/museopalaciorioja\/\" target=\"_blank\" rel=\"noopener nofollow\">@museopalaciorioja<\/a><\/span><\/p>","protected":false},"excerpt":{"rendered":"<p>Palito Wood (Patricio Wood) es un destacado artista visual chileno cuya obra explora frecuentemente el paisaje, la memoria y la traducci\u00f3n de im\u00e1genes a trav\u00e9s de diversos soportes y materialidades. Entrada gratuita por orden de llegada. M\u00e1s informaci\u00f3n en Instagram | @museopalaciorioja<\/p>","protected":false},"author":20,"featured_media":0,"comment_status":"closed","ping_status":"closed","template":"","tags":[],"mec_category":[],"class_list":["post-24715","mec-events","type-mec-events","status-publish","hentry"],"acf":[],"_links":{"self":[{"href":"https:\/\/visitavina.munivina.cl\/en\/wp-json\/wp\/v2\/mec-events\/24715","targetHints":{"allow":["GET"]}}],"collection":[{"href":"https:\/\/visitavina.munivina.cl\/en\/wp-json\/wp\/v2\/mec-events"}],"about":[{"href":"https:\/\/visitavina.munivina.cl\/en\/wp-json\/wp\/v2\/types\/mec-events"}],"author":[{"embeddable":true,"href":"https:\/\/visitavina.munivina.cl\/en\/wp-json\/wp\/v2\/users\/20"}],"replies":[{"embeddable":true,"href":"https:\/\/visitavina.munivina.cl\/en\/wp-json\/wp\/v2\/comments?post=24715"}],"wp:attachment":[{"href":"https:\/\/visitavina.munivina.cl\/en\/wp-json\/wp\/v2\/media?parent=24715"}],"wp:term":[{"taxonomy":"post_tag","embeddable":true,"href":"https:\/\/visitavina.munivina.cl\/en\/wp-json\/wp\/v2\/tags?post=24715"},{"taxonomy":"mec_category","embeddable":true,"href":"https:\/\/visitavina.munivina.cl\/en\/wp-json\/wp\/v2\/mec_category?post=24715"}],"curies":[{"name":"wp","href":"https:\/\/api.w.org\/{rel}","templated":true}]}}

Inauguración Exposición temporal // “estuvesiendopaisaje”

<p><span data-sheets-root="1">Palito Wood (Patricio Wood) es un destacado artista visual chileno cuya obra explora frecuentemente el paisaje, la memoria y la traducción de imágenes a través de diversos soportes y materialidades.<br />
Free admission on a first-come, first-served basis</span>.</p>
<p><span data-sheets-root="1">Más información en Instagram | <a class="in-cell-link" href="https://www.instagram.com/museopalaciorioja/" target="_blank" rel="noopener nofollow">@museopalaciorioja</a></span></p>

<p>Palito Wood (Patricio Wood) es un destacado artista visual chileno cuya obra explora frecuentemente el paisaje, la memoria y la traducción de imágenes a través de diversos soportes y materialidades. Entrada gratuita por orden de llegada. Más información en Instagram | @museopalaciorioja</p>
