{"id":24718,"date":"2026-09-02T09:22:35","date_gmt":"2026-09-02T13:22:35","guid":{"rendered":"https:\/\/visitavina.munivina.cl\/?post_type=mec-events&#038;p=24718"},"modified":"2026-09-02T09:22:35","modified_gmt":"2026-09-02T13:22:35","slug":"taller-las-nubes-de-diego","status":"publish","type":"mec-events","link":"https:\/\/visitavina.munivina.cl\/en\/actividad\/taller-las-nubes-de-diego\/","title":{"rendered":"Taller \/\/ Las nubes de Diego"},"content":{"rendered":"<p><span data-sheets-root=\"1\">Diego V\u00e1squez presenta un taller dedicado a la observaci\u00f3n e interpretaci\u00f3n de nubes, invitando a las y los participantes a descubrir el cielo desde una perspectiva art\u00edstica y de exploraci\u00f3n de la naturaleza.<br \/>\nEntradas disponibles desde el 23 de septiembre<\/span><\/p>\n<p><span data-sheets-root=\"1\">Inscripci\u00f3n y m\u00e1s informaci\u00f3n en Instagram | <a class=\"in-cell-link\" href=\"https:\/\/www.instagram.com\/teatro.munivina\" target=\"_blank\" rel=\"noopener nofollow\">@teatro.munivina<\/a><\/span><\/p>","protected":false},"excerpt":{"rendered":"<p>Diego V\u00e1squez presenta un taller dedicado a la observaci\u00f3n e interpretaci\u00f3n de nubes, invitando a las y los participantes a descubrir el cielo desde una perspectiva art\u00edstica y de exploraci\u00f3n de la naturaleza. Entradas disponibles desde el 23 de septiembre Inscripci\u00f3n y m\u00e1s informaci\u00f3n en Instagram | @teatro.munivina<\/p>","protected":false},"author":20,"featured_media":0,"comment_status":"closed","ping_status":"closed","template":"","tags":[],"mec_category":[],"class_list":["post-24718","mec-events","type-mec-events","status-publish","hentry"],"acf":[],"_links":{"self":[{"href":"https:\/\/visitavina.munivina.cl\/en\/wp-json\/wp\/v2\/mec-events\/24718","targetHints":{"allow":["GET"]}}],"collection":[{"href":"https:\/\/visitavina.munivina.cl\/en\/wp-json\/wp\/v2\/mec-events"}],"about":[{"href":"https:\/\/visitavina.munivina.cl\/en\/wp-json\/wp\/v2\/types\/mec-events"}],"author":[{"embeddable":true,"href":"https:\/\/visitavina.munivina.cl\/en\/wp-json\/wp\/v2\/users\/20"}],"replies":[{"embeddable":true,"href":"https:\/\/visitavina.munivina.cl\/en\/wp-json\/wp\/v2\/comments?post=24718"}],"wp:attachment":[{"href":"https:\/\/visitavina.munivina.cl\/en\/wp-json\/wp\/v2\/media?parent=24718"}],"wp:term":[{"taxonomy":"post_tag","embeddable":true,"href":"https:\/\/visitavina.munivina.cl\/en\/wp-json\/wp\/v2\/tags?post=24718"},{"taxonomy":"mec_category","embeddable":true,"href":"https:\/\/visitavina.munivina.cl\/en\/wp-json\/wp\/v2\/mec_category?post=24718"}],"curies":[{"name":"wp","href":"https:\/\/api.w.org\/{rel}","templated":true}]}}

<p><span data-sheets-root="1">Diego Vásquez presenta un taller dedicado a la observación e interpretación de nubes, invitando a las y los participantes a descubrir el cielo desde una perspectiva artística y de exploración de la naturaleza.<br />
Entradas disponibles desde el 23 de septiembre</span></p>
<p><span data-sheets-root="1">Inscripción y más información en Instagram | <a class="in-cell-link" href="https://www.instagram.com/teatro.munivina" target="_blank" rel="noopener nofollow">@teatro.munivina</a></span></p>

<p>Diego Vásquez presenta un taller dedicado a la observación e interpretación de nubes, invitando a las y los participantes a descubrir el cielo desde una perspectiva artística y de exploración de la naturaleza. Entradas disponibles desde el 23 de septiembre Inscripción y más información en Instagram | @teatro.munivina</p>
