{"id":24721,"date":"2026-09-02T09:26:13","date_gmt":"2026-09-02T13:26:13","guid":{"rendered":"https:\/\/visitavina.munivina.cl\/?post_type=mec-events&#038;p=24721"},"modified":"2026-09-02T09:26:13","modified_gmt":"2026-09-02T13:26:13","slug":"taller-las-nubes-de-diego-543-575-985","status":"publish","type":"mec-events","link":"https:\/\/visitavina.munivina.cl\/en\/actividad\/taller-las-nubes-de-diego-543-575-985\/","title":{"rendered":"Teatro \/\/ Stella: 100 a\u00f1os de poes\u00eda y rebeld\u00eda"},"content":{"rendered":"<p><span data-sheets-root=\"1\">La Cooperativa La Fuga Artes Esc\u00e9nicas presenta Stella: 100 a\u00f1os de poes\u00eda y rebeld\u00eda, una obra que reivindica la figura y el legado de Stella D\u00edaz Var\u00edn a trav\u00e9s de una propuesta teatral que conecta poes\u00eda, memoria y creaci\u00f3n contempor\u00e1nea.<br \/>\nEntradas disponibles desde el 17 de septiembre<\/span><\/p>\n<p><span data-sheets-root=\"1\">Inscripci\u00f3n y m\u00e1s informaci\u00f3n en Instagram | <a class=\"in-cell-link\" href=\"https:\/\/www.instagram.com\/teatro.munivina\" target=\"_blank\" rel=\"noopener nofollow\">@teatro.munivina<\/a><\/span><\/p>","protected":false},"excerpt":{"rendered":"<p>La Cooperativa La Fuga Artes Esc\u00e9nicas presenta Stella: 100 a\u00f1os de poes\u00eda y rebeld\u00eda, una obra que reivindica la figura y el legado de Stella D\u00edaz Var\u00edn a trav\u00e9s de una propuesta teatral que conecta poes\u00eda, memoria y creaci\u00f3n contempor\u00e1nea. Entradas disponibles desde el 17 de septiembre Inscripci\u00f3n y m\u00e1s informaci\u00f3n en Instagram | @teatro.munivina<\/p>","protected":false},"author":20,"featured_media":0,"comment_status":"closed","ping_status":"closed","template":"","tags":[],"mec_category":[],"class_list":["post-24721","mec-events","type-mec-events","status-publish","hentry"],"acf":[],"_links":{"self":[{"href":"https:\/\/visitavina.munivina.cl\/en\/wp-json\/wp\/v2\/mec-events\/24721","targetHints":{"allow":["GET"]}}],"collection":[{"href":"https:\/\/visitavina.munivina.cl\/en\/wp-json\/wp\/v2\/mec-events"}],"about":[{"href":"https:\/\/visitavina.munivina.cl\/en\/wp-json\/wp\/v2\/types\/mec-events"}],"author":[{"embeddable":true,"href":"https:\/\/visitavina.munivina.cl\/en\/wp-json\/wp\/v2\/users\/20"}],"replies":[{"embeddable":true,"href":"https:\/\/visitavina.munivina.cl\/en\/wp-json\/wp\/v2\/comments?post=24721"}],"wp:attachment":[{"href":"https:\/\/visitavina.munivina.cl\/en\/wp-json\/wp\/v2\/media?parent=24721"}],"wp:term":[{"taxonomy":"post_tag","embeddable":true,"href":"https:\/\/visitavina.munivina.cl\/en\/wp-json\/wp\/v2\/tags?post=24721"},{"taxonomy":"mec_category","embeddable":true,"href":"https:\/\/visitavina.munivina.cl\/en\/wp-json\/wp\/v2\/mec_category?post=24721"}],"curies":[{"name":"wp","href":"https:\/\/api.w.org\/{rel}","templated":true}]}}

Teatro // Stella: 100 años de poesía y rebeldía

<p><span data-sheets-root="1">La Cooperativa La Fuga Artes Escénicas presenta Stella: 100 años de poesía y rebeldía, una obra que reivindica la figura y el legado de Stella Díaz Varín a través de una propuesta teatral que conecta poesía, memoria y creación contemporánea.<br />
Entradas disponibles desde el 17 de septiembre</span></p>
<p><span data-sheets-root="1">Inscripción y más información en Instagram | <a class="in-cell-link" href="https://www.instagram.com/teatro.munivina" target="_blank" rel="noopener nofollow">@teatro.munivina</a></span></p>

<p>La Cooperativa La Fuga Artes Escénicas presenta Stella: 100 años de poesía y rebeldía, una obra que reivindica la figura y el legado de Stella Díaz Varín a través de una propuesta teatral que conecta poesía, memoria y creación contemporánea. Entradas disponibles desde el 17 de septiembre Inscripción y más información en Instagram | @teatro.munivina</p>
